{"id":87,"date":"2014-09-18T14:28:12","date_gmt":"2014-09-18T13:28:12","guid":{"rendered":"http:\/\/agora.xtec.cat\/escolacolors\/?page_id=87"},"modified":"2023-12-01T16:22:14","modified_gmt":"2023-12-01T15:22:14","slug":"blogs","status":"publish","type":"page","link":"https:\/\/agora.xtec.cat\/escolacolors\/blogs\/","title":{"rendered":"Blogs"},"content":{"rendered":"<p>Voleu saber qu\u00e8 passa a les aules de l&#8217;escola? entreu als blogs dels diferents cicles i ho descobrireu!<\/p>\n<p><strong><a href=\"http:\/\/agora.xtec.cat\/escolacolors\/categoria\/ei\/\">Petits<\/a><\/strong>\u00a0 I3, I4 i I5<\/p>\n<p><strong><a href=\"http:\/\/agora.xtec.cat\/escolacolors\/categoria\/mitjans\/\">Mitjans<\/a><\/strong> 1r, 2n i 3r<\/p>\n<p><strong><a href=\"http:\/\/agora.xtec.cat\/escolacolors\/categoria\/grans\/\">Grans<\/a><\/strong> 4t, 5\u00e8 i 6\u00e8<\/p>\n<p><a href=\"https:\/\/agora.xtec.cat\/escolacolors\/categoria\/cri_i_assemblees\/\">Consell d&#8217;infants i Assemblees d&#8217;aula<\/a><\/p>\n<p>&nbsp;<\/p>\n<p>Aqu\u00ed podeu veure els blogs antics de l&#8217;escola&#8230; (tot i que no estan actualitzats, els podeu trobar interessants). Les noves not\u00edcies relacionades amb biblioteca, hort, atenci\u00f3 a la diversitat i m\u00fasica les trobareu integrades als blogs dels cicles i\/o a la portada.<\/p>\n<h6><a href=\"http:\/\/blocs.xtec.cat\/bibliotecacolors\/\">Biblioteca\u00a0<\/a><\/h6>\n<h6><a href=\"http:\/\/blocs.xtec.cat\/hortcolors\/\">Hort<\/a><\/h6>\n<h6><a href=\"http:\/\/blocs.xtec.cat\/especialcolors\/\">Atenci\u00f3 a la diversitat<\/a><\/h6>\n<h6><a href=\"http:\/\/blocs.xtec.cat\/musicacolors\/\">M\u00fasica<\/a><\/h6>\n<h6><strong><a href=\"http:\/\/agora.xtec.cat\/escolacolors\/categoria\/cs\/\">Antic blog de Cicle Superior<\/a><\/strong><\/h6>\n<p>&nbsp;<\/p>\n","protected":false},"excerpt":{"rendered":"<p>Voleu saber qu\u00e8 passa a les aules de l&#8217;escola? entreu als blogs dels diferents cicles i ho descobrireu!<br \/>\n<a href=\"http:\/\/agora.xtec.cat\/escolacolors\/categoria\/ei\/\">Petits<\/a>\u00a0 I3, I4 i I5<br \/>\n<a href=\"http:\/\/agora.xtec.cat\/escolacolors\/categoria\/mitjans\/\">Mitjans<\/a> 1r, 2n i 3r<br \/>\n<a href=\"http:\/\/agora.xtec.cat\/escolacolors\/categoria\/grans\/\">Grans<\/a> 4t, 5\u00e8 i 6\u00e8<br \/>\n<a href=\"https:\/\/agora.xtec.cat\/escolacolors\/categoria\/cri_i_assemblees\/\">Consell d&#8217;infants i Assemblees d&#8217;aula<\/a><br \/>\n&nbsp;<br \/>\nAqu\u00ed podeu veure els blogs antics de l&#8217;escola&#8230;&hellip;  <a href=\"https:\/\/agora.xtec.cat\/escolacolors\/blogs\/\" title=\"Read Blogs\">Llegeix m\u00e9s\u00bb<\/a><\/p>\n","protected":false},"author":1,"featured_media":0,"parent":0,"menu_order":0,"comment_status":"closed","ping_status":"closed","template":"","meta":{"_bbp_topic_count":0,"_bbp_reply_count":0,"_bbp_total_topic_count":0,"_bbp_total_reply_count":0,"_bbp_voice_count":0,"_bbp_anonymous_reply_count":0,"_bbp_topic_count_hidden":0,"_bbp_reply_count_hidden":0,"_bbp_forum_subforum_count":0,"footnotes":""},"class_list":["post-87","page","type-page","status-publish","hentry"],"post_mailing_queue_ids":[],"_links":{"self":[{"href":"https:\/\/agora.xtec.cat\/escolacolors\/wp-json\/wp\/v2\/pages\/87","targetHints":{"allow":["GET"]}}],"collection":[{"href":"https:\/\/agora.xtec.cat\/escolacolors\/wp-json\/wp\/v2\/pages"}],"about":[{"href":"https:\/\/agora.xtec.cat\/escolacolors\/wp-json\/wp\/v2\/types\/page"}],"author":[{"embeddable":true,"href":"https:\/\/agora.xtec.cat\/escolacolors\/wp-json\/wp\/v2\/users\/1"}],"replies":[{"embeddable":true,"href":"https:\/\/agora.xtec.cat\/escolacolors\/wp-json\/wp\/v2\/comments?post=87"}],"version-history":[{"count":7,"href":"https:\/\/agora.xtec.cat\/escolacolors\/wp-json\/wp\/v2\/pages\/87\/revisions"}],"predecessor-version":[{"id":7009,"href":"https:\/\/agora.xtec.cat\/escolacolors\/wp-json\/wp\/v2\/pages\/87\/revisions\/7009"}],"wp:attachment":[{"href":"https:\/\/agora.xtec.cat\/escolacolors\/wp-json\/wp\/v2\/media?parent=87"}],"curies":[{"name":"wp","href":"https:\/\/api.w.org\/{rel}","templated":true}]}}