{"id":5818,"date":"2022-04-20T15:26:27","date_gmt":"2022-04-20T13:26:27","guid":{"rendered":"https:\/\/agora.xtec.cat\/escolacolors\/?page_id=5818"},"modified":"2023-11-21T10:22:38","modified_gmt":"2023-11-21T09:22:38","slug":"estrategia-digital","status":"publish","type":"page","link":"https:\/\/agora.xtec.cat\/escolacolors\/projecte-educatiu\/estrategia-digital-de-centre-edc\/estrategia-digital\/","title":{"rendered":"Estrat\u00e8gia digital"},"content":{"rendered":"<p><a href=\"https:\/\/agora.xtec.cat\/escolacolors\/wp-content\/uploads\/usu1205\/2022\/07\/Captura-de-pantalla-2022-07-09-125049.jpg\"><img loading=\"lazy\" decoding=\"async\" class=\"aligncenter wp-image-6071\" src=\"https:\/\/agora.xtec.cat\/escolacolors\/wp-content\/uploads\/usu1205\/2022\/07\/Captura-de-pantalla-2022-07-09-125049-1024x785.jpg\" alt=\"\" width=\"597\" height=\"457\" srcset=\"https:\/\/agora.xtec.cat\/escolacolors\/wp-content\/uploads\/usu1205\/2022\/07\/Captura-de-pantalla-2022-07-09-125049-1024x785.jpg 1024w, https:\/\/agora.xtec.cat\/escolacolors\/wp-content\/uploads\/usu1205\/2022\/07\/Captura-de-pantalla-2022-07-09-125049-300x230.jpg 300w, https:\/\/agora.xtec.cat\/escolacolors\/wp-content\/uploads\/usu1205\/2022\/07\/Captura-de-pantalla-2022-07-09-125049-768x589.jpg 768w, https:\/\/agora.xtec.cat\/escolacolors\/wp-content\/uploads\/usu1205\/2022\/07\/Captura-de-pantalla-2022-07-09-125049.jpg 1033w\" sizes=\"auto, (max-width: 597px) 100vw, 597px\" \/><\/a><\/p>\n<p>L&#8217;estrat\u00e8gia digital marca l\u2019horitz\u00f3 on vol arribar el centre a mitj\u00e0 termini en l\u2019\u00e0mbit digital. Inclou una diagnosi, la concreci\u00f3 d\u2019objectius plantejats per a un termini de 3-4 anys, la planificaci\u00f3 d\u2019actuacions concretes per assolir els objectius fixats, establint la seva temporitzaci\u00f3, els responsables i els recursos necessaris. I finalment l\u2019avaluaci\u00f3, concretant indicadors d\u2019assoliments per cada objectiu i els indicadors de seguiment de cada activitat. D&#8217;aquesta manera, el centre avaluar\u00e0 la mateixa EDC dissenyada d&#8217;una manera peri\u00f2dica i c\u00edclica.<\/p>\n<p><a href=\"https:\/\/agora.xtec.cat\/escolacolors\/wp-content\/uploads\/usu1205\/2023\/11\/08066413-Escola-Colors-Resum-de-lEDC-2.pdf\">Resum EDC<\/a><\/p>\n<table style=\"border-collapse: collapse; width: 100%;\">\n<tbody>\n<tr>\n<td style=\"width: 100%; text-align: center;\"><a href=\"https:\/\/agora.xtec.cat\/escolacolors\/wp-content\/uploads\/usu1205\/2022\/07\/DIAGNOSI-WEB.pdf\">Diagnosi<\/a><\/td>\n<\/tr>\n<tr>\n<td style=\"width: 100%; text-align: center;\"><a href=\"https:\/\/agora.xtec.cat\/escolacolors\/wp-content\/uploads\/usu1205\/2023\/06\/OBJECTIUS-I-TEMPORITZACIO\u0301.pdf\">Objectius i Temporitzaci\u00f3\u00a0<\/a><\/td>\n<\/tr>\n<tr>\n<td style=\"width: 100%; text-align: center;\"><a href=\"https:\/\/agora.xtec.cat\/escolacolors\/wp-content\/uploads\/usu1205\/2023\/06\/PLANIFICACIO\u0301-I-SEGUIMENT-DE-GESTIO\u0301-1-1.pdf\">Planificaci\u00f3 i seguiment<\/a><\/td>\n<\/tr>\n<tr>\n<td style=\"width: 100%; text-align: center;\"><a href=\"https:\/\/drive.google.com\/file\/d\/1lB8p8SamQ9t2FlxYK9O8E_LNeGzXb3Tm\/view?usp=sharing\">Avaluaci\u00f3<\/a><\/td>\n<\/tr>\n<\/tbody>\n<\/table>\n","protected":false},"excerpt":{"rendered":"<p><a href=\"https:\/\/agora.xtec.cat\/escolacolors\/wp-content\/uploads\/usu1205\/2022\/07\/Captura-de-pantalla-2022-07-09-125049.jpg\"><\/a><br \/>\nL&#8217;estrat\u00e8gia digital marca l\u2019horitz\u00f3 on vol arribar el centre a mitj\u00e0 termini en l\u2019\u00e0mbit digital. Inclou una diagnosi, la concreci\u00f3 d\u2019objectius plantejats per a un termini de 3-4 anys, la planificaci\u00f3 d\u2019actuacions concretes per assolir els objectius fixats, establint la seva temporitzaci\u00f3, els responsables&hellip;  <a href=\"https:\/\/agora.xtec.cat\/escolacolors\/projecte-educatiu\/estrategia-digital-de-centre-edc\/estrategia-digital\/\" title=\"Read Estrat\u00e8gia digital\">Llegeix m\u00e9s\u00bb<\/a><\/p>\n","protected":false},"author":1,"featured_media":0,"parent":5814,"menu_order":10,"comment_status":"closed","ping_status":"closed","template":"page-templates\/side-menu.php","meta":{"_bbp_topic_count":0,"_bbp_reply_count":0,"_bbp_total_topic_count":0,"_bbp_total_reply_count":0,"_bbp_voice_count":0,"_bbp_anonymous_reply_count":0,"_bbp_topic_count_hidden":0,"_bbp_reply_count_hidden":0,"_bbp_forum_subforum_count":0,"footnotes":""},"class_list":["post-5818","page","type-page","status-publish","hentry"],"post_mailing_queue_ids":[],"_links":{"self":[{"href":"https:\/\/agora.xtec.cat\/escolacolors\/wp-json\/wp\/v2\/pages\/5818","targetHints":{"allow":["GET"]}}],"collection":[{"href":"https:\/\/agora.xtec.cat\/escolacolors\/wp-json\/wp\/v2\/pages"}],"about":[{"href":"https:\/\/agora.xtec.cat\/escolacolors\/wp-json\/wp\/v2\/types\/page"}],"author":[{"embeddable":true,"href":"https:\/\/agora.xtec.cat\/escolacolors\/wp-json\/wp\/v2\/users\/1"}],"replies":[{"embeddable":true,"href":"https:\/\/agora.xtec.cat\/escolacolors\/wp-json\/wp\/v2\/comments?post=5818"}],"version-history":[{"count":4,"href":"https:\/\/agora.xtec.cat\/escolacolors\/wp-json\/wp\/v2\/pages\/5818\/revisions"}],"predecessor-version":[{"id":6971,"href":"https:\/\/agora.xtec.cat\/escolacolors\/wp-json\/wp\/v2\/pages\/5818\/revisions\/6971"}],"up":[{"embeddable":true,"href":"https:\/\/agora.xtec.cat\/escolacolors\/wp-json\/wp\/v2\/pages\/5814"}],"wp:attachment":[{"href":"https:\/\/agora.xtec.cat\/escolacolors\/wp-json\/wp\/v2\/media?parent=5818"}],"curies":[{"name":"wp","href":"https:\/\/api.w.org\/{rel}","templated":true}]}}