{"id":536,"date":"2017-03-07T21:32:39","date_gmt":"2017-03-07T20:32:39","guid":{"rendered":"http:\/\/agora.xtec.cat\/escolacollserolacerdanyola\/?page_id=536"},"modified":"2024-01-19T13:02:23","modified_gmt":"2024-01-19T12:02:23","slug":"escola-de-practiques","status":"publish","type":"page","link":"https:\/\/agora.xtec.cat\/escolacollserolacerdanyola\/projectes-de-lescola\/escola-de-practiques\/","title":{"rendered":"Escola de pr\u00e0ctiques"},"content":{"rendered":"<p class=\"imprempta\"><a href=\"http:\/\/agora.xtec.cat\/escolacollserolacerdanyola\/wp-content\/uploads\/usu1390\/2017\/03\/PRACTICUMS.jpg\"><img loading=\"lazy\" decoding=\"async\" class=\"alignnone wp-image-12592\" src=\"http:\/\/agora.xtec.cat\/escolacollserolacerdanyola\/wp-content\/uploads\/usu1390\/2017\/03\/PRACTICUMS.jpg\" alt=\"\" width=\"365\" height=\"292\" srcset=\"https:\/\/agora.xtec.cat\/escolacollserolacerdanyola\/wp-content\/uploads\/usu1390\/2017\/03\/PRACTICUMS.jpg 768w, https:\/\/agora.xtec.cat\/escolacollserolacerdanyola\/wp-content\/uploads\/usu1390\/2017\/03\/PRACTICUMS-300x240.jpg 300w\" sizes=\"auto, (max-width: 365px) 100vw, 365px\" \/><\/a><\/p>\n<p class=\"imprempta\"><strong>L&#8217;Escola \u00a0Collserola com a centre formador d\u2019estudiants en pr\u00e0ctiques\u00a0<\/strong><\/p>\n<p class=\"imprempta\">Com a tret identificatiu del nostre projecte educatiu, renovem cada any amb el Departament d&#8217;Ensenyament el conveni que ens permet rebre en diferents per\u00edodes, i durant tot l&#8217;any, estudiants de pr\u00e0ctiques de les facultats de ci\u00e8ncies de l&#8217;educaci\u00f3 de moltes universitats (incloses de l&#8217;estranger).<\/p>\n<p class=\"imprempta\">En aquest sentit tamb\u00e9 realitzem convenis amb IES per tenir estudiants de m\u00f2duls vinculats al m\u00f3n de l&#8217;educaci\u00f3.<\/p>\n<p class=\"imprempta\">Aquest acord permet als\u00a0estudiants que realitzin la part pr\u00e0ctica de la seva formaci\u00f3 a la nostra escola alhora que ens aportan com a\u00a0 centre una actualitzaci\u00f3 metodol\u00f2gica constant, que considerem molt valuosa.<\/p>\n<p class=\"imprempta\">Per dur a terme el treball en les condicions m\u00e9s \u00f2ptimes, l\u2019Equip Directiu coordina i supervisa la pr\u00e0ctica dels estudiants, amb els tutors Universitaris i els docents tutors que guien i acompanyen en l&#8217;estada a la nostra escola.<\/p>\n","protected":false},"excerpt":{"rendered":"<p><a href=\"http:\/\/agora.xtec.cat\/escolacollserolacerdanyola\/wp-content\/uploads\/usu1390\/2017\/03\/PRACTICUMS.jpg\"><\/a><br \/>\nL&#8217;Escola \u00a0Collserola com a centre formador d\u2019estudiants en pr\u00e0ctiques\u00a0<br \/>\nCom a tret identificatiu del nostre projecte educatiu, renovem cada any amb el Departament d&#8217;Ensenyament el conveni que ens permet rebre en diferents per\u00edodes, i durant tot l&#8217;any, estudiants de pr\u00e0ctiques de les facultats de ci\u00e8ncies&hellip;  <a href=\"https:\/\/agora.xtec.cat\/escolacollserolacerdanyola\/projectes-de-lescola\/escola-de-practiques\/\" title=\"Read Escola de pr\u00e0ctiques\">Llegeix m\u00e9s\u00bb<\/a><\/p>\n","protected":false},"author":22,"featured_media":0,"parent":503,"menu_order":0,"comment_status":"closed","ping_status":"closed","template":"page-templates\/side-menu.php","meta":{"_bbp_topic_count":0,"_bbp_reply_count":0,"_bbp_total_topic_count":0,"_bbp_total_reply_count":0,"_bbp_voice_count":0,"_bbp_anonymous_reply_count":0,"_bbp_topic_count_hidden":0,"_bbp_reply_count_hidden":0,"_bbp_forum_subforum_count":0,"footnotes":""},"class_list":["post-536","page","type-page","status-publish","hentry"],"post_mailing_queue_ids":[],"_links":{"self":[{"href":"https:\/\/agora.xtec.cat\/escolacollserolacerdanyola\/wp-json\/wp\/v2\/pages\/536","targetHints":{"allow":["GET"]}}],"collection":[{"href":"https:\/\/agora.xtec.cat\/escolacollserolacerdanyola\/wp-json\/wp\/v2\/pages"}],"about":[{"href":"https:\/\/agora.xtec.cat\/escolacollserolacerdanyola\/wp-json\/wp\/v2\/types\/page"}],"author":[{"embeddable":true,"href":"https:\/\/agora.xtec.cat\/escolacollserolacerdanyola\/wp-json\/wp\/v2\/users\/22"}],"replies":[{"embeddable":true,"href":"https:\/\/agora.xtec.cat\/escolacollserolacerdanyola\/wp-json\/wp\/v2\/comments?post=536"}],"version-history":[{"count":5,"href":"https:\/\/agora.xtec.cat\/escolacollserolacerdanyola\/wp-json\/wp\/v2\/pages\/536\/revisions"}],"predecessor-version":[{"id":28314,"href":"https:\/\/agora.xtec.cat\/escolacollserolacerdanyola\/wp-json\/wp\/v2\/pages\/536\/revisions\/28314"}],"up":[{"embeddable":true,"href":"https:\/\/agora.xtec.cat\/escolacollserolacerdanyola\/wp-json\/wp\/v2\/pages\/503"}],"wp:attachment":[{"href":"https:\/\/agora.xtec.cat\/escolacollserolacerdanyola\/wp-json\/wp\/v2\/media?parent=536"}],"curies":[{"name":"wp","href":"https:\/\/api.w.org\/{rel}","templated":true}]}}