{"id":514,"date":"2017-03-07T21:05:14","date_gmt":"2017-03-07T20:05:14","guid":{"rendered":"http:\/\/agora.xtec.cat\/escolacollserolacerdanyola\/?page_id=514"},"modified":"2024-01-30T17:24:27","modified_gmt":"2024-01-30T16:24:27","slug":"assamblea-de-delegats","status":"publish","type":"page","link":"https:\/\/agora.xtec.cat\/escolacollserolacerdanyola\/projectes-de-lescola\/assamblea-de-delegats\/","title":{"rendered":"Assemblea d&#8217;Escola"},"content":{"rendered":"<p><a href=\"https:\/\/agora.xtec.cat\/escolacollserolacerdanyola\/wp-content\/uploads\/usu1390\/2023\/02\/llista-delegats-i-delegades-22.23.jpg\"><img loading=\"lazy\" decoding=\"async\" class=\"alignnone wp-image-26755\" src=\"https:\/\/agora.xtec.cat\/escolacollserolacerdanyola\/wp-content\/uploads\/usu1390\/2023\/02\/llista-delegats-i-delegades-22.23.jpg\" alt=\"\" width=\"279\" height=\"391\" srcset=\"https:\/\/agora.xtec.cat\/escolacollserolacerdanyola\/wp-content\/uploads\/usu1390\/2023\/02\/llista-delegats-i-delegades-22.23.jpg 639w, https:\/\/agora.xtec.cat\/escolacollserolacerdanyola\/wp-content\/uploads\/usu1390\/2023\/02\/llista-delegats-i-delegades-22.23-214x300.jpg 214w\" sizes=\"auto, (max-width: 279px) 100vw, 279px\" \/><\/a><a href=\"https:\/\/agora.xtec.cat\/escolacollserolacerdanyola\/wp-content\/uploads\/usu1390\/2023\/02\/FOTO-DELEGATS.DES-22.23.jpg\"><img loading=\"lazy\" decoding=\"async\" class=\"alignnone wp-image-26756\" src=\"https:\/\/agora.xtec.cat\/escolacollserolacerdanyola\/wp-content\/uploads\/usu1390\/2023\/02\/FOTO-DELEGATS.DES-22.23.jpg\" alt=\"\" width=\"533\" height=\"327\" srcset=\"https:\/\/agora.xtec.cat\/escolacollserolacerdanyola\/wp-content\/uploads\/usu1390\/2023\/02\/FOTO-DELEGATS.DES-22.23.jpg 1223w, https:\/\/agora.xtec.cat\/escolacollserolacerdanyola\/wp-content\/uploads\/usu1390\/2023\/02\/FOTO-DELEGATS.DES-22.23-300x184.jpg 300w, https:\/\/agora.xtec.cat\/escolacollserolacerdanyola\/wp-content\/uploads\/usu1390\/2023\/02\/FOTO-DELEGATS.DES-22.23-1024x627.jpg 1024w, https:\/\/agora.xtec.cat\/escolacollserolacerdanyola\/wp-content\/uploads\/usu1390\/2023\/02\/FOTO-DELEGATS.DES-22.23-768x470.jpg 768w\" sizes=\"auto, (max-width: 533px) 100vw, 533px\" \/><\/a><\/p>\n<h4><strong>L\u2019assemblea de delegades i delegats del curs 22-23 s\u2019ha constitu\u00eft el 29 de setembre de 2022.<\/strong><\/h4>\n<h4>Delegades i delegats van rebre una carta molt especial amb la convocat\u00f2ria.<\/h4>\n<p>En aquesta primera sessi\u00f3 ens presentem totes i tots, establim un pla de treball per a tot el curs i ens fem algunes fotos. D\u00f3na la impressi\u00f3 que aquest curs tenim una GRAN ASSEMBLEA on es respiren molt\u00edssimes ganes de proposar i de treballar. Delegades i delegats estan plens d\u2019alegria i d\u2019il\u00b7lusi\u00f3. Som-hi!!!<\/p>\n<p>Entenem que per a la millora de la nostra escola \u00e9s imprescindible la participaci\u00f3 i el comprom\u00eds de tots i totes per al bon funcionament, la consecuci\u00f3 dels objectius i la realitzaci\u00f3 de les tasques proposades.<\/p>\n<p>\u00c9s per aquest motiu i arrel del primer curs que l\u2019escola va tenir alumnes de 6\u00e8 (curs 2011-2012) i de les seves propostes sobre el funcionament de l\u2019escola a les assembles de classe, que es va decidir constituir l\u2019assemblea d\u2019escola. Amb l\u2019objectiu que la participaci\u00f3 de tots els i les alumnes tingu\u00e9s un canal integrat en la vida escolar. Cada classe de prim\u00e0ria tria un delegat\/da a principi de curs, previ proc\u00e9s electoral amb candidats i a l\u2019octubre es constitueix l\u2019assemblea.<\/p>\n<p>En aquestes trobades, que tenen una periodicitat mensual i amb ordre del dia, es reuneixen tots els delegats\/des de les classes de prim\u00e0ria amb la Cap d\u2019Estudis i la mestra coordinadora LIC (Llengua Interculturalitat i Cohesi\u00f3 Social) per tractar temes com la resoluci\u00f3 de conflictes, propostes dels grups, an\u00e8cdotes, actualitat, din\u00e0miques de grup, participaci\u00f3 en activitats i festes<strong>&#8230; <\/strong><\/p>\n<p><strong>La nostra assemblea permet escoltar l\u2019opini\u00f3 de l\u2019alumnat, aprendre a decidir, a ser responsables, a organitzar i a crear un clima de conviv\u00e8ncia democr\u00e0tic en la nostra escola.\u00a0<\/strong><\/p>\n<p><a href=\"https:\/\/agora.xtec.cat\/escolacollserolacerdanyola\/wp-content\/uploads\/usu1390\/2023\/02\/programacio-temes-ASSEMBLEA.jpg\"><img loading=\"lazy\" decoding=\"async\" class=\"alignnone wp-image-26757\" src=\"https:\/\/agora.xtec.cat\/escolacollserolacerdanyola\/wp-content\/uploads\/usu1390\/2023\/02\/programacio-temes-ASSEMBLEA.jpg\" alt=\"\" width=\"492\" height=\"695\" srcset=\"https:\/\/agora.xtec.cat\/escolacollserolacerdanyola\/wp-content\/uploads\/usu1390\/2023\/02\/programacio-temes-ASSEMBLEA.jpg 646w, https:\/\/agora.xtec.cat\/escolacollserolacerdanyola\/wp-content\/uploads\/usu1390\/2023\/02\/programacio-temes-ASSEMBLEA-213x300.jpg 213w\" sizes=\"auto, (max-width: 492px) 100vw, 492px\" \/><\/a><\/p>\n<p>Vinculat en aquest treball de cohesi\u00f3 i comunitat, des del curs 2015-2016, l&#8217;Escola Collserola compta amb representaci\u00f3 per part de dos alumnes de cicle superior al <strong>CIAC de l&#8217;Ajuntament de Cerdanyola.<\/strong><\/p>\n<p>El\u00a0Consell d\u2019infants i adolescents de Cerdanyola (CIAC) \u00e9s un \u00f2rgan on els infants poden exercir el seu dret a participar, a pensar, reflexionar, dialogar i fer propostes sobre aspectes que formen part de la seva vida quotidiana a la ciutat i on poden proposar accions concretes per a transformar-la.<\/p>\n","protected":false},"excerpt":{"rendered":"<p><a href=\"https:\/\/agora.xtec.cat\/escolacollserolacerdanyola\/wp-content\/uploads\/usu1390\/2023\/02\/llista-delegats-i-delegades-22.23.jpg\"><\/a><a href=\"https:\/\/agora.xtec.cat\/escolacollserolacerdanyola\/wp-content\/uploads\/usu1390\/2023\/02\/FOTO-DELEGATS.DES-22.23.jpg\"><\/a><br \/>\nL\u2019assemblea de delegades i delegats del curs 22-23 s\u2019ha constitu\u00eft el 29 de setembre de 2022.<br \/>\nDelegades i delegats van rebre una carta molt especial amb la convocat\u00f2ria.<br \/>\nEn aquesta primera sessi\u00f3 ens presentem totes i tots, establim un pla de treball per a tot&hellip;  <a href=\"https:\/\/agora.xtec.cat\/escolacollserolacerdanyola\/projectes-de-lescola\/assamblea-de-delegats\/\" title=\"Read Assemblea d&#8217;Escola\">Llegeix m\u00e9s\u00bb<\/a><\/p>\n","protected":false},"author":22,"featured_media":0,"parent":503,"menu_order":0,"comment_status":"closed","ping_status":"closed","template":"page-templates\/side-menu.php","meta":{"_bbp_topic_count":0,"_bbp_reply_count":0,"_bbp_total_topic_count":0,"_bbp_total_reply_count":0,"_bbp_voice_count":0,"_bbp_anonymous_reply_count":0,"_bbp_topic_count_hidden":0,"_bbp_reply_count_hidden":0,"_bbp_forum_subforum_count":0,"footnotes":""},"class_list":["post-514","page","type-page","status-publish","hentry"],"post_mailing_queue_ids":[],"_links":{"self":[{"href":"https:\/\/agora.xtec.cat\/escolacollserolacerdanyola\/wp-json\/wp\/v2\/pages\/514","targetHints":{"allow":["GET"]}}],"collection":[{"href":"https:\/\/agora.xtec.cat\/escolacollserolacerdanyola\/wp-json\/wp\/v2\/pages"}],"about":[{"href":"https:\/\/agora.xtec.cat\/escolacollserolacerdanyola\/wp-json\/wp\/v2\/types\/page"}],"author":[{"embeddable":true,"href":"https:\/\/agora.xtec.cat\/escolacollserolacerdanyola\/wp-json\/wp\/v2\/users\/22"}],"replies":[{"embeddable":true,"href":"https:\/\/agora.xtec.cat\/escolacollserolacerdanyola\/wp-json\/wp\/v2\/comments?post=514"}],"version-history":[{"count":5,"href":"https:\/\/agora.xtec.cat\/escolacollserolacerdanyola\/wp-json\/wp\/v2\/pages\/514\/revisions"}],"predecessor-version":[{"id":28350,"href":"https:\/\/agora.xtec.cat\/escolacollserolacerdanyola\/wp-json\/wp\/v2\/pages\/514\/revisions\/28350"}],"up":[{"embeddable":true,"href":"https:\/\/agora.xtec.cat\/escolacollserolacerdanyola\/wp-json\/wp\/v2\/pages\/503"}],"wp:attachment":[{"href":"https:\/\/agora.xtec.cat\/escolacollserolacerdanyola\/wp-json\/wp\/v2\/media?parent=514"}],"curies":[{"name":"wp","href":"https:\/\/api.w.org\/{rel}","templated":true}]}}

<p><a href="https://agora.xtec.cat/escolacollserolacerdanyola/wp-content/uploads/usu1390/2023/02/llista-delegats-i-delegades-22.23.jpg"><img loading="lazy" decoding="async" class="alignnone wp-image-26755" src="https://agora.xtec.cat/escolacollserolacerdanyola/wp-content/uploads/usu1390/2023/02/llista-delegats-i-delegades-22.23.jpg" alt="" width="279" height="391" srcset="https://agora.xtec.cat/escolacollserolacerdanyola/wp-content/uploads/usu1390/2023/02/llista-delegats-i-delegades-22.23.jpg 639w, https://agora.xtec.cat/escolacollserolacerdanyola/wp-content/uploads/usu1390/2023/02/llista-delegats-i-delegades-22.23-214x300.jpg 214w" sizes="auto, (max-width: 279px) 100vw, 279px" /></a><a href="https://agora.xtec.cat/escolacollserolacerdanyola/wp-content/uploads/usu1390/2023/02/FOTO-DELEGATS.DES-22.23.jpg"><img loading="lazy" decoding="async" class="alignnone wp-image-26756" src="https://agora.xtec.cat/escolacollserolacerdanyola/wp-content/uploads/usu1390/2023/02/FOTO-DELEGATS.DES-22.23.jpg" alt="" width="533" height="327" srcset="https://agora.xtec.cat/escolacollserolacerdanyola/wp-content/uploads/usu1390/2023/02/FOTO-DELEGATS.DES-22.23.jpg 1223w, https://agora.xtec.cat/escolacollserolacerdanyola/wp-content/uploads/usu1390/2023/02/FOTO-DELEGATS.DES-22.23-300x184.jpg 300w, https://agora.xtec.cat/escolacollserolacerdanyola/wp-content/uploads/usu1390/2023/02/FOTO-DELEGATS.DES-22.23-1024x627.jpg 1024w, https://agora.xtec.cat/escolacollserolacerdanyola/wp-content/uploads/usu1390/2023/02/FOTO-DELEGATS.DES-22.23-768x470.jpg 768w" sizes="auto, (max-width: 533px) 100vw, 533px" /></a></p>
<h4><strong>L’assemblea de delegades i delegats del curs 22-23 s’ha constituït el 29 de setembre de 2022.</strong></h4>
<h4>Delegades i delegats van rebre una carta molt especial amb la convocatòria.</h4>
<p>En aquesta primera sessió ens presentem totes i tots, establim un pla de treball per a tot el curs i ens fem algunes fotos. Dóna la impressió que aquest curs tenim una GRAN ASSEMBLEA on es respiren moltíssimes ganes de proposar i de treballar. Delegades i delegats estan plens d’alegria i d’il·lusió. Som-hi!!!</p>
<p>Entenem que per a la millora de la nostra escola és imprescindible la participació i el compromís de tots i totes per al bon funcionament, la consecució dels objectius i la realització de les tasques proposades.</p>
<p>És per aquest motiu i arrel del primer curs que l’escola va tenir alumnes de 6è (curs 2011-2012) i de les seves propostes sobre el funcionament de l’escola a les assembles de classe, que es va decidir constituir l’assemblea d’escola. Amb l’objectiu que la participació de tots els i les alumnes tingués un canal integrat en la vida escolar. Cada classe de primària tria un delegat/da a principi de curs, previ procés electoral amb candidats i a l’octubre es constitueix l’assemblea.</p>
<p>En aquestes trobades, que tenen una periodicitat mensual i amb ordre del dia, es reuneixen tots els delegats/des de les classes de primària amb la Cap d’Estudis i la mestra coordinadora LIC (Llengua Interculturalitat i Cohesió Social) per tractar temes com la resolució de conflictes, propostes dels grups, anècdotes, actualitat, dinàmiques de grup, participació en activitats i festes<strong>&#8230; </strong></p>
<p><strong>La nostra assemblea permet escoltar l’opinió de l’alumnat, aprendre a decidir, a ser responsables, a organitzar i a crear un clima de convivència democràtic en la nostra escola. </strong></p>
<p><a href="https://agora.xtec.cat/escolacollserolacerdanyola/wp-content/uploads/usu1390/2023/02/programacio-temes-ASSEMBLEA.jpg"><img loading="lazy" decoding="async" class="alignnone wp-image-26757" src="https://agora.xtec.cat/escolacollserolacerdanyola/wp-content/uploads/usu1390/2023/02/programacio-temes-ASSEMBLEA.jpg" alt="" width="492" height="695" srcset="https://agora.xtec.cat/escolacollserolacerdanyola/wp-content/uploads/usu1390/2023/02/programacio-temes-ASSEMBLEA.jpg 646w, https://agora.xtec.cat/escolacollserolacerdanyola/wp-content/uploads/usu1390/2023/02/programacio-temes-ASSEMBLEA-213x300.jpg 213w" sizes="auto, (max-width: 492px) 100vw, 492px" /></a></p>
<p>Vinculat en aquest treball de cohesió i comunitat, des del curs 2015-2016, l&#8217;Escola Collserola compta amb representació per part de dos alumnes de cicle superior al <strong>CIAC de l&#8217;Ajuntament de Cerdanyola.</strong></p>
<p>El Consell d’infants i adolescents de Cerdanyola (CIAC) és un òrgan on els infants poden exercir el seu dret a participar, a pensar, reflexionar, dialogar i fer propostes sobre aspectes que formen part de la seva vida quotidiana a la ciutat i on poden proposar accions concretes per a transformar-la.</p>

<p><a href="https://agora.xtec.cat/escolacollserolacerdanyola/wp-content/uploads/usu1390/2023/02/llista-delegats-i-delegades-22.23.jpg"></a><a href="https://agora.xtec.cat/escolacollserolacerdanyola/wp-content/uploads/usu1390/2023/02/FOTO-DELEGATS.DES-22.23.jpg"></a><br />
L’assemblea de delegades i delegats del curs 22-23 s’ha constituït el 29 de setembre de 2022.<br />
Delegades i delegats van rebre una carta molt especial amb la convocatòria.<br />
En aquesta primera sessió ens presentem totes i tots, establim un pla de treball per a tot&hellip;  <a href="https://agora.xtec.cat/escolacollserolacerdanyola/projectes-de-lescola/assamblea-de-delegats/" title="Read Assemblea d&#8217;Escola">Llegeix més»</a></p>
