{"id":34,"date":"2014-09-18T12:32:18","date_gmt":"2014-09-18T11:32:18","guid":{"rendered":"http:\/\/agora.xtec.cat\/escolacollserolacerdanyola\/?page_id=34"},"modified":"2024-07-22T12:44:41","modified_gmt":"2024-07-22T10:44:41","slug":"oferta-educativa","status":"publish","type":"page","link":"https:\/\/agora.xtec.cat\/escolacollserolacerdanyola\/curs-23_24\/oferta-educativa\/","title":{"rendered":"Oferta Educativa i Matriculaci\u00f3"},"content":{"rendered":"<p>Des del curs 20-21 la nostra escola s&#8217;ha consolidat <strong>com a centre d\u2019una l\u00ednia, tot i que en el curs 24_25, l&#8217;oferta per 6\u00e8 de Prim\u00e0ria ser\u00e0 de 2 l\u00ednies.<\/strong><\/p>\n<p>Els nou grups que formen l&#8217;escola s&#8217;organitzen en 3 cicles:<\/p>\n<ul style=\"margin-bottom: 0px; margin-left: 1.25em; font-size: 16px; font-family: 'Helvetica Neue', Helvetica, Helvetica, Arial, sans-serif;\">\n<li>PETITS: EI3, EI4 i EI5<\/li>\n<li>MITJANS: 1r, 2n i 3r<\/li>\n<li>GRANS: 4t, 5\u00e8 i 6\u00e8 (A i B)<\/li>\n<\/ul>\n<p>Aquesta nova estructura ens converteix en una escola m\u00e9s familiar, on tots els membres es coneixen i comparteixen espais f\u00edsics i d&#8217;aprenentatge: partim d&#8217;una organitzaci\u00f3 vertical de l&#8217;alumnat, per\u00f2 sense deixar de banda els aprenentatges compartits entre els diferents grups que configuren la nostra escola.<\/p>\n<p>Cada curs informem de l&#8217;oferta educativa per al seg\u00fcent curs i l&#8217;actualitzem regularment a la nostra WEB (apartat preinscripci\u00f3 i matriculaci\u00f3).<\/p>\n<h4><\/h4>\n","protected":false},"excerpt":{"rendered":"<p>Des del curs 20-21 la nostra escola s&#8217;ha consolidat com a centre d\u2019una l\u00ednia, tot i que en el curs 24_25, l&#8217;oferta per 6\u00e8 de Prim\u00e0ria ser\u00e0 de 2 l\u00ednies.<br \/>\nEls nou grups que formen l&#8217;escola s&#8217;organitzen en 3 cicles:<\/p>\n<ul style=\"margin-bottom: 0px; margin-left: 1.25em; font-size: 16px;&hellip;  <a href=\"https:\/\/agora.xtec.cat\/escolacollserolacerdanyola\/curs-23_24\/oferta-educativa\/\" title=\"Read Oferta Educativa i Matriculaci\u00f3\">Llegeix m\u00e9s\u00bb<\/a><\/p>\n","protected":false},"author":22,"featured_media":0,"parent":28031,"menu_order":60,"comment_status":"closed","ping_status":"closed","template":"page-templates\/side-menu.php","meta":{"_bbp_topic_count":0,"_bbp_reply_count":0,"_bbp_total_topic_count":0,"_bbp_total_reply_count":0,"_bbp_voice_count":0,"_bbp_anonymous_reply_count":0,"_bbp_topic_count_hidden":0,"_bbp_reply_count_hidden":0,"_bbp_forum_subforum_count":0,"footnotes":""},"class_list":["post-34","page","type-page","status-publish","hentry"],"post_mailing_queue_ids":[],"_links":{"self":[{"href":"https:\/\/agora.xtec.cat\/escolacollserolacerdanyola\/wp-json\/wp\/v2\/pages\/34","targetHints":{"allow":["GET"]}}],"collection":[{"href":"https:\/\/agora.xtec.cat\/escolacollserolacerdanyola\/wp-json\/wp\/v2\/pages"}],"about":[{"href":"https:\/\/agora.xtec.cat\/escolacollserolacerdanyola\/wp-json\/wp\/v2\/types\/page"}],"author":[{"embeddable":true,"href":"https:\/\/agora.xtec.cat\/escolacollserolacerdanyola\/wp-json\/wp\/v2\/users\/22"}],"replies":[{"embeddable":true,"href":"https:\/\/agora.xtec.cat\/escolacollserolacerdanyola\/wp-json\/wp\/v2\/comments?post=34"}],"version-history":[{"count":7,"href":"https:\/\/agora.xtec.cat\/escolacollserolacerdanyola\/wp-json\/wp\/v2\/pages\/34\/revisions"}],"predecessor-version":[{"id":28617,"href":"https:\/\/agora.xtec.cat\/escolacollserolacerdanyola\/wp-json\/wp\/v2\/pages\/34\/revisions\/28617"}],"up":[{"embeddable":true,"href":"https:\/\/agora.xtec.cat\/escolacollserolacerdanyola\/wp-json\/wp\/v2\/pages\/28031"}],"wp:attachment":[{"href":"https:\/\/agora.xtec.cat\/escolacollserolacerdanyola\/wp-json\/wp\/v2\/media?parent=34"}],"curies":[{"name":"wp","href":"https:\/\/api.w.org\/{rel}","templated":true}]}}

Oferta Educativa i Matriculació

<p>Des del curs 20-21 la nostra escola s&#8217;ha consolidat <strong>com a centre d’una línia, tot i que en el curs 24_25, l&#8217;oferta per 6è de Primària serà de 2 línies.</strong></p>
<p>Els nou grups que formen l&#8217;escola s&#8217;organitzen en 3 cicles:</p>
<ul style="margin-bottom: 0px; margin-left: 1.25em; font-size: 16px; font-family: 'Helvetica Neue', Helvetica, Helvetica, Arial, sans-serif;">
<li>PETITS: EI3, EI4 i EI5</li>
<li>MITJANS: 1r, 2n i 3r</li>
<li>GRANS: 4t, 5è i 6è (A i B)</li>
</ul>
<p>Aquesta nova estructura ens converteix en una escola més familiar, on tots els membres es coneixen i comparteixen espais físics i d&#8217;aprenentatge: partim d&#8217;una organització vertical de l&#8217;alumnat, però sense deixar de banda els aprenentatges compartits entre els diferents grups que configuren la nostra escola.</p>
<p>Cada curs informem de l&#8217;oferta educativa per al següent curs i l&#8217;actualitzem regularment a la nostra WEB (apartat preinscripció i matriculació).</p>
<h4></h4>

<p>Des del curs 20-21 la nostra escola s&#8217;ha consolidat com a centre d’una línia, tot i que en el curs 24_25, l&#8217;oferta per 6è de Primària serà de 2 línies.<br />
Els nou grups que formen l&#8217;escola s&#8217;organitzen en 3 cicles:</p>
<ul style="margin-bottom: 0px; margin-left: 1.25em; font-size: 16px;&hellip;  <a href="https://agora.xtec.cat/escolacollserolacerdanyola/curs-23_24/oferta-educativa/" title="Read Oferta Educativa i Matriculació">Llegeix més»</a></p>
