{"id":30,"date":"2014-09-18T12:30:23","date_gmt":"2014-09-18T11:30:23","guid":{"rendered":"http:\/\/agora.xtec.cat\/escolacollserolacerdanyola\/?page_id=30"},"modified":"2023-08-04T23:32:47","modified_gmt":"2023-08-04T21:32:47","slug":"instal%c2%b7lacions","status":"publish","type":"page","link":"https:\/\/agora.xtec.cat\/escolacollserolacerdanyola\/la-nostra-escola\/instal%c2%b7lacions\/","title":{"rendered":"Els espais f\u00edsics"},"content":{"rendered":"<p>L\u2019Escola Collserola disposa de tres plantes en un \u00fanic edifici al qual es pot accedir des de dues portes.<\/p>\n<p><strong>PLANTA PRINCIPAL<\/strong><\/p>\n<ul style=\"list-style-type: square;\">\n<li>S\u2019accedeix per la porta situada al c\/Pizarro.<\/li>\n<li>Els espais comuns que trobem en aquesta planta s\u00f3n: consergeria, secretaria, despatxos, sala de mestres, menjador i cuina, biblioteca prim\u00e0ria, aules de cicles, sala coordinaci\u00f3 menjador i extraescolars, sala AMPA.<\/li>\n<li>Els grups de 1r, 2n i 3r de Prim\u00e0ria tenen les seves aules en aquesta aula, a m\u00e9s de les aules d&#8217;art, d&#8217;angl\u00e8s i polivalent.<\/li>\n<li>A l&#8217;exterior d&#8217;aquesta planta ens trobem amb l&#8217;hort de prim\u00e0ria i la zona &#8220;chill out&#8221;.<\/li>\n<\/ul>\n<p><a href=\"http:\/\/agora.xtec.cat\/escolacollserolacerdanyola\/wp-content\/uploads\/usu1390\/2014\/09\/IMG_20180130_103219628.jpg\"><img loading=\"lazy\" decoding=\"async\" class=\"alignnone wp-image-12316\" src=\"http:\/\/agora.xtec.cat\/escolacollserolacerdanyola\/wp-content\/uploads\/usu1390\/2014\/09\/IMG_20180130_103219628-1024x576.jpg\" alt=\"\" width=\"496\" height=\"279\" srcset=\"https:\/\/agora.xtec.cat\/escolacollserolacerdanyola\/wp-content\/uploads\/usu1390\/2014\/09\/IMG_20180130_103219628-1024x576.jpg 1024w, https:\/\/agora.xtec.cat\/escolacollserolacerdanyola\/wp-content\/uploads\/usu1390\/2014\/09\/IMG_20180130_103219628-300x169.jpg 300w, https:\/\/agora.xtec.cat\/escolacollserolacerdanyola\/wp-content\/uploads\/usu1390\/2014\/09\/IMG_20180130_103219628-768x432.jpg 768w, https:\/\/agora.xtec.cat\/escolacollserolacerdanyola\/wp-content\/uploads\/usu1390\/2014\/09\/IMG_20180130_103219628.jpg 1920w\" sizes=\"auto, (max-width: 496px) 100vw, 496px\" \/><\/a><\/p>\n<p><a href=\"https:\/\/agora.xtec.cat\/escolacollserolacerdanyola\/wp-content\/uploads\/usu1390\/2023\/08\/BIBLIOTECA.jpg\"><img loading=\"lazy\" decoding=\"async\" class=\"alignnone size-full wp-image-27755\" src=\"https:\/\/agora.xtec.cat\/escolacollserolacerdanyola\/wp-content\/uploads\/usu1390\/2023\/08\/BIBLIOTECA.jpg\" alt=\"\" width=\"1920\" height=\"864\" srcset=\"https:\/\/agora.xtec.cat\/escolacollserolacerdanyola\/wp-content\/uploads\/usu1390\/2023\/08\/BIBLIOTECA.jpg 1920w, https:\/\/agora.xtec.cat\/escolacollserolacerdanyola\/wp-content\/uploads\/usu1390\/2023\/08\/BIBLIOTECA-300x135.jpg 300w, https:\/\/agora.xtec.cat\/escolacollserolacerdanyola\/wp-content\/uploads\/usu1390\/2023\/08\/BIBLIOTECA-1024x461.jpg 1024w, https:\/\/agora.xtec.cat\/escolacollserolacerdanyola\/wp-content\/uploads\/usu1390\/2023\/08\/BIBLIOTECA-768x346.jpg 768w, https:\/\/agora.xtec.cat\/escolacollserolacerdanyola\/wp-content\/uploads\/usu1390\/2023\/08\/BIBLIOTECA-1536x691.jpg 1536w\" sizes=\"auto, (max-width: 1920px) 100vw, 1920px\" \/><\/a><a href=\"https:\/\/agora.xtec.cat\/escolacollserolacerdanyola\/wp-content\/uploads\/usu1390\/2023\/08\/HORT.jpg\"><img loading=\"lazy\" decoding=\"async\" class=\"alignnone size-full wp-image-27756\" src=\"https:\/\/agora.xtec.cat\/escolacollserolacerdanyola\/wp-content\/uploads\/usu1390\/2023\/08\/HORT.jpg\" alt=\"\" width=\"1920\" height=\"864\" srcset=\"https:\/\/agora.xtec.cat\/escolacollserolacerdanyola\/wp-content\/uploads\/usu1390\/2023\/08\/HORT.jpg 1920w, https:\/\/agora.xtec.cat\/escolacollserolacerdanyola\/wp-content\/uploads\/usu1390\/2023\/08\/HORT-300x135.jpg 300w, https:\/\/agora.xtec.cat\/escolacollserolacerdanyola\/wp-content\/uploads\/usu1390\/2023\/08\/HORT-1024x461.jpg 1024w, https:\/\/agora.xtec.cat\/escolacollserolacerdanyola\/wp-content\/uploads\/usu1390\/2023\/08\/HORT-768x346.jpg 768w, https:\/\/agora.xtec.cat\/escolacollserolacerdanyola\/wp-content\/uploads\/usu1390\/2023\/08\/HORT-1536x691.jpg 1536w\" sizes=\"auto, (max-width: 1920px) 100vw, 1920px\" \/><\/a><\/p>\n<p><a href=\"http:\/\/agora.xtec.cat\/escolacollserolacerdanyola\/wp-content\/uploads\/usu1390\/2014\/09\/IMG_20180130_100321942.jpg\"><img loading=\"lazy\" decoding=\"async\" class=\"wp-image-12321 alignleft\" src=\"http:\/\/agora.xtec.cat\/escolacollserolacerdanyola\/wp-content\/uploads\/usu1390\/2014\/09\/IMG_20180130_100321942-576x1024.jpg\" alt=\"\" width=\"185\" height=\"329\" srcset=\"https:\/\/agora.xtec.cat\/escolacollserolacerdanyola\/wp-content\/uploads\/usu1390\/2014\/09\/IMG_20180130_100321942-576x1024.jpg 576w, https:\/\/agora.xtec.cat\/escolacollserolacerdanyola\/wp-content\/uploads\/usu1390\/2014\/09\/IMG_20180130_100321942-169x300.jpg 169w, https:\/\/agora.xtec.cat\/escolacollserolacerdanyola\/wp-content\/uploads\/usu1390\/2014\/09\/IMG_20180130_100321942-768x1365.jpg 768w, https:\/\/agora.xtec.cat\/escolacollserolacerdanyola\/wp-content\/uploads\/usu1390\/2014\/09\/IMG_20180130_100321942.jpg 1080w\" sizes=\"auto, (max-width: 185px) 100vw, 185px\" \/><\/a><a href=\"http:\/\/agora.xtec.cat\/escolacollserolacerdanyola\/wp-content\/uploads\/usu1390\/2014\/09\/IMG_20180130_100214086.jpg\"><img loading=\"lazy\" decoding=\"async\" class=\"wp-image-12320 alignleft\" src=\"http:\/\/agora.xtec.cat\/escolacollserolacerdanyola\/wp-content\/uploads\/usu1390\/2014\/09\/IMG_20180130_100214086-576x1024.jpg\" alt=\"\" width=\"187\" height=\"333\" srcset=\"https:\/\/agora.xtec.cat\/escolacollserolacerdanyola\/wp-content\/uploads\/usu1390\/2014\/09\/IMG_20180130_100214086-576x1024.jpg 576w, https:\/\/agora.xtec.cat\/escolacollserolacerdanyola\/wp-content\/uploads\/usu1390\/2014\/09\/IMG_20180130_100214086-169x300.jpg 169w, https:\/\/agora.xtec.cat\/escolacollserolacerdanyola\/wp-content\/uploads\/usu1390\/2014\/09\/IMG_20180130_100214086-768x1365.jpg 768w, https:\/\/agora.xtec.cat\/escolacollserolacerdanyola\/wp-content\/uploads\/usu1390\/2014\/09\/IMG_20180130_100214086.jpg 1080w\" sizes=\"auto, (max-width: 187px) 100vw, 187px\" \/><\/a><\/p>\n<h3><\/h3>\n<h3><\/h3>\n<h3><\/h3>\n<h3><\/h3>\n<h3><\/h3>\n<h3><\/h3>\n<h3><\/h3>\n<h3><\/h3>\n<h3><\/h3>\n<h3><\/h3>\n<h3>PLANTA INFERIOR<\/h3>\n<ul style=\"list-style-type: square;\">\n<li>S\u2019accedeix per la porta que d\u00f3na al Jard\u00ed de les Papallones.<\/li>\n<li>Els espais que trobem en aquesta planta s\u00f3n d&#8217;\u00fas exclusiu per al Cicle de Petits.<\/li>\n<li>A m\u00e9s de les aules de cada grup, ens trobem: aula-dormitori EI3, biblioteca, aula d&#8217;art, espai de la natura, aula de llum, aula de joc simb\u00f2lic.<\/li>\n<li>A l&#8217;exterior d&#8217;aquesta planta hi ha l&#8217;espai on els m\u00e9s petits i petites de l&#8217;escola passen la seva estona d&#8217;esbarjo, a m\u00e9s de tenir el seu propi hort.<\/li>\n<\/ul>\n<p><a href=\"https:\/\/agora.xtec.cat\/escolacollserolacerdanyola\/wp-content\/uploads\/usu1390\/2023\/08\/20221005_153648.jpg\"><img loading=\"lazy\" decoding=\"async\" class=\"alignnone wp-image-27749\" src=\"https:\/\/agora.xtec.cat\/escolacollserolacerdanyola\/wp-content\/uploads\/usu1390\/2023\/08\/20221005_153648.jpg\" alt=\"\" width=\"479\" height=\"359\" srcset=\"https:\/\/agora.xtec.cat\/escolacollserolacerdanyola\/wp-content\/uploads\/usu1390\/2023\/08\/20221005_153648.jpg 1206w, https:\/\/agora.xtec.cat\/escolacollserolacerdanyola\/wp-content\/uploads\/usu1390\/2023\/08\/20221005_153648-300x225.jpg 300w, https:\/\/agora.xtec.cat\/escolacollserolacerdanyola\/wp-content\/uploads\/usu1390\/2023\/08\/20221005_153648-1024x768.jpg 1024w, https:\/\/agora.xtec.cat\/escolacollserolacerdanyola\/wp-content\/uploads\/usu1390\/2023\/08\/20221005_153648-768x576.jpg 768w, https:\/\/agora.xtec.cat\/escolacollserolacerdanyola\/wp-content\/uploads\/usu1390\/2023\/08\/20221005_153648-200x150.jpg 200w\" sizes=\"auto, (max-width: 479px) 100vw, 479px\" \/><\/a> <a href=\"https:\/\/agora.xtec.cat\/escolacollserolacerdanyola\/wp-content\/uploads\/usu1390\/2023\/08\/20221123_152441_00.jpeg\"><img loading=\"lazy\" decoding=\"async\" class=\"alignnone wp-image-27750\" src=\"https:\/\/agora.xtec.cat\/escolacollserolacerdanyola\/wp-content\/uploads\/usu1390\/2023\/08\/20221123_152441_00.jpeg\" alt=\"\" width=\"472\" height=\"354\" srcset=\"https:\/\/agora.xtec.cat\/escolacollserolacerdanyola\/wp-content\/uploads\/usu1390\/2023\/08\/20221123_152441_00.jpeg 1206w, https:\/\/agora.xtec.cat\/escolacollserolacerdanyola\/wp-content\/uploads\/usu1390\/2023\/08\/20221123_152441_00-300x225.jpeg 300w, https:\/\/agora.xtec.cat\/escolacollserolacerdanyola\/wp-content\/uploads\/usu1390\/2023\/08\/20221123_152441_00-1024x768.jpeg 1024w, https:\/\/agora.xtec.cat\/escolacollserolacerdanyola\/wp-content\/uploads\/usu1390\/2023\/08\/20221123_152441_00-768x576.jpeg 768w, https:\/\/agora.xtec.cat\/escolacollserolacerdanyola\/wp-content\/uploads\/usu1390\/2023\/08\/20221123_152441_00-200x150.jpeg 200w\" sizes=\"auto, (max-width: 472px) 100vw, 472px\" \/><\/a> <a href=\"https:\/\/agora.xtec.cat\/escolacollserolacerdanyola\/wp-content\/uploads\/usu1390\/2023\/08\/IMG_2598.jpg\"><img loading=\"lazy\" decoding=\"async\" class=\"alignnone wp-image-27751\" src=\"https:\/\/agora.xtec.cat\/escolacollserolacerdanyola\/wp-content\/uploads\/usu1390\/2023\/08\/IMG_2598.jpg\" alt=\"\" width=\"509\" height=\"680\" srcset=\"https:\/\/agora.xtec.cat\/escolacollserolacerdanyola\/wp-content\/uploads\/usu1390\/2023\/08\/IMG_2598.jpg 678w, https:\/\/agora.xtec.cat\/escolacollserolacerdanyola\/wp-content\/uploads\/usu1390\/2023\/08\/IMG_2598-225x300.jpg 225w\" sizes=\"auto, (max-width: 509px) 100vw, 509px\" \/><\/a> <a href=\"https:\/\/agora.xtec.cat\/escolacollserolacerdanyola\/wp-content\/uploads\/usu1390\/2023\/08\/IMG_20230222_113014.jpg\"><img loading=\"lazy\" decoding=\"async\" class=\"alignnone wp-image-27752\" src=\"https:\/\/agora.xtec.cat\/escolacollserolacerdanyola\/wp-content\/uploads\/usu1390\/2023\/08\/IMG_20230222_113014.jpg\" alt=\"\" width=\"507\" height=\"234\" srcset=\"https:\/\/agora.xtec.cat\/escolacollserolacerdanyola\/wp-content\/uploads\/usu1390\/2023\/08\/IMG_20230222_113014.jpg 1920w, https:\/\/agora.xtec.cat\/escolacollserolacerdanyola\/wp-content\/uploads\/usu1390\/2023\/08\/IMG_20230222_113014-300x139.jpg 300w, https:\/\/agora.xtec.cat\/escolacollserolacerdanyola\/wp-content\/uploads\/usu1390\/2023\/08\/IMG_20230222_113014-1024x473.jpg 1024w, https:\/\/agora.xtec.cat\/escolacollserolacerdanyola\/wp-content\/uploads\/usu1390\/2023\/08\/IMG_20230222_113014-768x355.jpg 768w, https:\/\/agora.xtec.cat\/escolacollserolacerdanyola\/wp-content\/uploads\/usu1390\/2023\/08\/IMG_20230222_113014-1536x710.jpg 1536w\" sizes=\"auto, (max-width: 507px) 100vw, 507px\" \/><\/a> \u00a0<a href=\"https:\/\/agora.xtec.cat\/escolacollserolacerdanyola\/wp-content\/uploads\/usu1390\/2023\/08\/IMG-20230222-WA0014.jpg\"><img loading=\"lazy\" decoding=\"async\" class=\"alignnone wp-image-27754\" src=\"https:\/\/agora.xtec.cat\/escolacollserolacerdanyola\/wp-content\/uploads\/usu1390\/2023\/08\/IMG-20230222-WA0014.jpg\" alt=\"\" width=\"531\" height=\"239\" srcset=\"https:\/\/agora.xtec.cat\/escolacollserolacerdanyola\/wp-content\/uploads\/usu1390\/2023\/08\/IMG-20230222-WA0014.jpg 1600w, https:\/\/agora.xtec.cat\/escolacollserolacerdanyola\/wp-content\/uploads\/usu1390\/2023\/08\/IMG-20230222-WA0014-300x135.jpg 300w, https:\/\/agora.xtec.cat\/escolacollserolacerdanyola\/wp-content\/uploads\/usu1390\/2023\/08\/IMG-20230222-WA0014-1024x461.jpg 1024w, https:\/\/agora.xtec.cat\/escolacollserolacerdanyola\/wp-content\/uploads\/usu1390\/2023\/08\/IMG-20230222-WA0014-768x346.jpg 768w, https:\/\/agora.xtec.cat\/escolacollserolacerdanyola\/wp-content\/uploads\/usu1390\/2023\/08\/IMG-20230222-WA0014-1536x692.jpg 1536w\" sizes=\"auto, (max-width: 531px) 100vw, 531px\" \/><\/a><\/p>\n<h3><strong>PLANTA SUPERIOR<\/strong><\/h3>\n<ul style=\"list-style-type: square;\">\n<li>S\u2019accedeix per la porta del c\/Pizarro.<\/li>\n<li>Els espais comuns que trobem en aquesta planta s\u00f3n: aula de m\u00fasica, laboratori i aula tecnol\u00f2gica.<\/li>\n<li>A m\u00e9s de les aules de cada grup del cicle de grans, ens trobem: aula d&#8217;art, aula de teatre i aula d&#8217;angl\u00e8s.<\/li>\n<li>A l&#8217;exterior d&#8217;aquesta planta hi ha la pista, el porxo, el sorral i el gimn\u00e0s (que tamb\u00e9 disposa d&#8217;escenari).<\/li>\n<\/ul>\n<p><a href=\"https:\/\/agora.xtec.cat\/escolacollserolacerdanyola\/wp-content\/uploads\/usu1390\/2023\/08\/GIMNAS-2.jpg\"><img loading=\"lazy\" decoding=\"async\" class=\"alignnone wp-image-27757 size-full\" src=\"https:\/\/agora.xtec.cat\/escolacollserolacerdanyola\/wp-content\/uploads\/usu1390\/2023\/08\/GIMNAS-2.jpg\" alt=\"El gimn\u00e0s\" width=\"1920\" height=\"864\" srcset=\"https:\/\/agora.xtec.cat\/escolacollserolacerdanyola\/wp-content\/uploads\/usu1390\/2023\/08\/GIMNAS-2.jpg 1920w, https:\/\/agora.xtec.cat\/escolacollserolacerdanyola\/wp-content\/uploads\/usu1390\/2023\/08\/GIMNAS-2-300x135.jpg 300w, https:\/\/agora.xtec.cat\/escolacollserolacerdanyola\/wp-content\/uploads\/usu1390\/2023\/08\/GIMNAS-2-1024x461.jpg 1024w, https:\/\/agora.xtec.cat\/escolacollserolacerdanyola\/wp-content\/uploads\/usu1390\/2023\/08\/GIMNAS-2-768x346.jpg 768w, https:\/\/agora.xtec.cat\/escolacollserolacerdanyola\/wp-content\/uploads\/usu1390\/2023\/08\/GIMNAS-2-1536x691.jpg 1536w\" sizes=\"auto, (max-width: 1920px) 100vw, 1920px\" \/><\/a> <a href=\"https:\/\/agora.xtec.cat\/escolacollserolacerdanyola\/wp-content\/uploads\/usu1390\/2023\/08\/GIMNAS.jpg\"><img loading=\"lazy\" decoding=\"async\" class=\"alignnone size-full wp-image-27758\" src=\"https:\/\/agora.xtec.cat\/escolacollserolacerdanyola\/wp-content\/uploads\/usu1390\/2023\/08\/GIMNAS.jpg\" alt=\"\" width=\"678\" height=\"905\" srcset=\"https:\/\/agora.xtec.cat\/escolacollserolacerdanyola\/wp-content\/uploads\/usu1390\/2023\/08\/GIMNAS.jpg 678w, https:\/\/agora.xtec.cat\/escolacollserolacerdanyola\/wp-content\/uploads\/usu1390\/2023\/08\/GIMNAS-225x300.jpg 225w\" sizes=\"auto, (max-width: 678px) 100vw, 678px\" \/><\/a> <a href=\"https:\/\/agora.xtec.cat\/escolacollserolacerdanyola\/wp-content\/uploads\/usu1390\/2023\/08\/PISTA.jpg\"><img loading=\"lazy\" decoding=\"async\" class=\"alignnone size-full wp-image-27759\" src=\"https:\/\/agora.xtec.cat\/escolacollserolacerdanyola\/wp-content\/uploads\/usu1390\/2023\/08\/PISTA.jpg\" alt=\"\" width=\"435\" height=\"196\" srcset=\"https:\/\/agora.xtec.cat\/escolacollserolacerdanyola\/wp-content\/uploads\/usu1390\/2023\/08\/PISTA.jpg 435w, https:\/\/agora.xtec.cat\/escolacollserolacerdanyola\/wp-content\/uploads\/usu1390\/2023\/08\/PISTA-300x135.jpg 300w\" sizes=\"auto, (max-width: 435px) 100vw, 435px\" \/><\/a> <a href=\"https:\/\/agora.xtec.cat\/escolacollserolacerdanyola\/wp-content\/uploads\/usu1390\/2023\/08\/ROCODROM.jpg\"><img loading=\"lazy\" decoding=\"async\" class=\"alignnone wp-image-27760\" src=\"https:\/\/agora.xtec.cat\/escolacollserolacerdanyola\/wp-content\/uploads\/usu1390\/2023\/08\/ROCODROM.jpg\" alt=\"\" width=\"419\" height=\"559\" srcset=\"https:\/\/agora.xtec.cat\/escolacollserolacerdanyola\/wp-content\/uploads\/usu1390\/2023\/08\/ROCODROM.jpg 678w, https:\/\/agora.xtec.cat\/escolacollserolacerdanyola\/wp-content\/uploads\/usu1390\/2023\/08\/ROCODROM-225x300.jpg 225w\" sizes=\"auto, (max-width: 419px) 100vw, 419px\" \/><\/a><\/p>\n<p><a href=\"http:\/\/agora.xtec.cat\/escolacollserolacerdanyola\/wp-content\/uploads\/usu1390\/2014\/09\/IMG_20180130_102548751.jpg\"><img loading=\"lazy\" decoding=\"async\" class=\"alignnone wp-image-12340\" src=\"http:\/\/agora.xtec.cat\/escolacollserolacerdanyola\/wp-content\/uploads\/usu1390\/2014\/09\/IMG_20180130_102548751-1024x576.jpg\" alt=\"\" width=\"298\" height=\"168\" srcset=\"https:\/\/agora.xtec.cat\/escolacollserolacerdanyola\/wp-content\/uploads\/usu1390\/2014\/09\/IMG_20180130_102548751-1024x576.jpg 1024w, https:\/\/agora.xtec.cat\/escolacollserolacerdanyola\/wp-content\/uploads\/usu1390\/2014\/09\/IMG_20180130_102548751-300x169.jpg 300w, https:\/\/agora.xtec.cat\/escolacollserolacerdanyola\/wp-content\/uploads\/usu1390\/2014\/09\/IMG_20180130_102548751-768x432.jpg 768w, https:\/\/agora.xtec.cat\/escolacollserolacerdanyola\/wp-content\/uploads\/usu1390\/2014\/09\/IMG_20180130_102548751.jpg 1920w\" sizes=\"auto, (max-width: 298px) 100vw, 298px\" \/><\/a><a href=\"http:\/\/agora.xtec.cat\/escolacollserolacerdanyola\/wp-content\/uploads\/usu1390\/2014\/09\/IMG_20180130_102630386.jpg\"><img loading=\"lazy\" decoding=\"async\" class=\"alignnone wp-image-12341\" src=\"http:\/\/agora.xtec.cat\/escolacollserolacerdanyola\/wp-content\/uploads\/usu1390\/2014\/09\/IMG_20180130_102630386-576x1024.jpg\" alt=\"\" width=\"163\" height=\"290\" srcset=\"https:\/\/agora.xtec.cat\/escolacollserolacerdanyola\/wp-content\/uploads\/usu1390\/2014\/09\/IMG_20180130_102630386-576x1024.jpg 576w, https:\/\/agora.xtec.cat\/escolacollserolacerdanyola\/wp-content\/uploads\/usu1390\/2014\/09\/IMG_20180130_102630386-169x300.jpg 169w, https:\/\/agora.xtec.cat\/escolacollserolacerdanyola\/wp-content\/uploads\/usu1390\/2014\/09\/IMG_20180130_102630386-768x1365.jpg 768w, https:\/\/agora.xtec.cat\/escolacollserolacerdanyola\/wp-content\/uploads\/usu1390\/2014\/09\/IMG_20180130_102630386.jpg 1080w\" sizes=\"auto, (max-width: 163px) 100vw, 163px\" \/><\/a><\/p>\n<p><a href=\"http:\/\/agora.xtec.cat\/escolacollserolacerdanyola\/wp-content\/uploads\/usu1390\/2014\/09\/IMG_20180130_102833587.jpg\"><img loading=\"lazy\" decoding=\"async\" class=\"alignnone wp-image-12348\" src=\"http:\/\/agora.xtec.cat\/escolacollserolacerdanyola\/wp-content\/uploads\/usu1390\/2014\/09\/IMG_20180130_102833587-1024x576.jpg\" alt=\"\" width=\"367\" height=\"207\" srcset=\"https:\/\/agora.xtec.cat\/escolacollserolacerdanyola\/wp-content\/uploads\/usu1390\/2014\/09\/IMG_20180130_102833587-1024x576.jpg 1024w, https:\/\/agora.xtec.cat\/escolacollserolacerdanyola\/wp-content\/uploads\/usu1390\/2014\/09\/IMG_20180130_102833587-300x169.jpg 300w, https:\/\/agora.xtec.cat\/escolacollserolacerdanyola\/wp-content\/uploads\/usu1390\/2014\/09\/IMG_20180130_102833587-768x432.jpg 768w, https:\/\/agora.xtec.cat\/escolacollserolacerdanyola\/wp-content\/uploads\/usu1390\/2014\/09\/IMG_20180130_102833587.jpg 1920w\" sizes=\"auto, (max-width: 367px) 100vw, 367px\" \/><\/a> \u00a0<a href=\"http:\/\/agora.xtec.cat\/escolacollserolacerdanyola\/wp-content\/uploads\/usu1390\/2014\/09\/IMG_20180130_102930066.jpg\"><img loading=\"lazy\" decoding=\"async\" class=\"alignnone wp-image-12350\" src=\"http:\/\/agora.xtec.cat\/escolacollserolacerdanyola\/wp-content\/uploads\/usu1390\/2014\/09\/IMG_20180130_102930066-576x1024.jpg\" alt=\"\" width=\"181\" height=\"322\" srcset=\"https:\/\/agora.xtec.cat\/escolacollserolacerdanyola\/wp-content\/uploads\/usu1390\/2014\/09\/IMG_20180130_102930066-576x1024.jpg 576w, https:\/\/agora.xtec.cat\/escolacollserolacerdanyola\/wp-content\/uploads\/usu1390\/2014\/09\/IMG_20180130_102930066-169x300.jpg 169w, https:\/\/agora.xtec.cat\/escolacollserolacerdanyola\/wp-content\/uploads\/usu1390\/2014\/09\/IMG_20180130_102930066-768x1365.jpg 768w, https:\/\/agora.xtec.cat\/escolacollserolacerdanyola\/wp-content\/uploads\/usu1390\/2014\/09\/IMG_20180130_102930066.jpg 1080w\" sizes=\"auto, (max-width: 181px) 100vw, 181px\" \/><\/a><\/p>\n<p>&nbsp;<\/p>\n<p>&nbsp;<\/p>\n<p>&nbsp;<\/p>\n<p>&nbsp;<\/p>\n","protected":false},"excerpt":{"rendered":"<p>L\u2019Escola Collserola disposa de tres plantes en un \u00fanic edifici al qual es pot accedir des de dues portes.<br \/>\nPLANTA PRINCIPAL<\/p>\n<ul style=\"list-style-type: square;\">\n<li>S\u2019accedeix per la porta situada al c\/Pizarro.<\/li>\n<li>Els espais comuns que trobem en aquesta planta s\u00f3n: consergeria, secretaria, despatxos, sala de mestres, menjador i cuina,&hellip;  <a href=\"https:\/\/agora.xtec.cat\/escolacollserolacerdanyola\/la-nostra-escola\/instal%c2%b7lacions\/\" title=\"Read Els espais f\u00edsics\">Llegeix m\u00e9s\u00bb<\/a><br \/>\n","protected":false},"author":22,"featured_media":0,"parent":27741,"menu_order":40,"comment_status":"closed","ping_status":"closed","template":"page-templates\/side-menu.php","meta":{"_bbp_topic_count":0,"_bbp_reply_count":0,"_bbp_total_topic_count":0,"_bbp_total_reply_count":0,"_bbp_voice_count":0,"_bbp_anonymous_reply_count":0,"_bbp_topic_count_hidden":0,"_bbp_reply_count_hidden":0,"_bbp_forum_subforum_count":0,"footnotes":""},"class_list":["post-30","page","type-page","status-publish","hentry"],"post_mailing_queue_ids":[],"_links":{"self":[{"href":"https:\/\/agora.xtec.cat\/escolacollserolacerdanyola\/wp-json\/wp\/v2\/pages\/30","targetHints":{"allow":["GET"]}}],"collection":[{"href":"https:\/\/agora.xtec.cat\/escolacollserolacerdanyola\/wp-json\/wp\/v2\/pages"}],"about":[{"href":"https:\/\/agora.xtec.cat\/escolacollserolacerdanyola\/wp-json\/wp\/v2\/types\/page"}],"author":[{"embeddable":true,"href":"https:\/\/agora.xtec.cat\/escolacollserolacerdanyola\/wp-json\/wp\/v2\/users\/22"}],"replies":[{"embeddable":true,"href":"https:\/\/agora.xtec.cat\/escolacollserolacerdanyola\/wp-json\/wp\/v2\/comments?post=30"}],"version-history":[{"count":4,"href":"https:\/\/agora.xtec.cat\/escolacollserolacerdanyola\/wp-json\/wp\/v2\/pages\/30\/revisions"}],"predecessor-version":[{"id":27762,"href":"https:\/\/agora.xtec.cat\/escolacollserolacerdanyola\/wp-json\/wp\/v2\/pages\/30\/revisions\/27762"}],"up":[{"embeddable":true,"href":"https:\/\/agora.xtec.cat\/escolacollserolacerdanyola\/wp-json\/wp\/v2\/pages\/27741"}],"wp:attachment":[{"href":"https:\/\/agora.xtec.cat\/escolacollserolacerdanyola\/wp-json\/wp\/v2\/media?parent=30"}],"curies":[{"name":"wp","href":"https:\/\/api.w.org\/{rel}","templated":true}]}}