{"id":26,"date":"2017-03-05T12:24:32","date_gmt":"2017-03-05T11:24:32","guid":{"rendered":"http:\/\/agora.xtec.cat\/escolacollserolacerdanyola\/?page_id=26"},"modified":"2023-08-04T18:02:00","modified_gmt":"2023-08-04T16:02:00","slug":"historia","status":"publish","type":"page","link":"https:\/\/agora.xtec.cat\/escolacollserolacerdanyola\/la-nostra-escola\/historia\/","title":{"rendered":"Trets d&#8217;identitat"},"content":{"rendered":"<h1 class=\"title\"><a style=\"font-size: 16px; font-weight: normal;\" href=\"https:\/\/agora.xtec.cat\/escolacollserolacerdanyola\/wp-content\/uploads\/usu1390\/2023\/08\/Captura-de-pantalla-2023-08-04-114345.jpg\"><img loading=\"lazy\" decoding=\"async\" class=\"alignnone size-full wp-image-27736\" src=\"https:\/\/agora.xtec.cat\/escolacollserolacerdanyola\/wp-content\/uploads\/usu1390\/2023\/08\/Captura-de-pantalla-2023-08-04-114345.jpg\" alt=\"\" width=\"663\" height=\"404\" srcset=\"https:\/\/agora.xtec.cat\/escolacollserolacerdanyola\/wp-content\/uploads\/usu1390\/2023\/08\/Captura-de-pantalla-2023-08-04-114345.jpg 663w, https:\/\/agora.xtec.cat\/escolacollserolacerdanyola\/wp-content\/uploads\/usu1390\/2023\/08\/Captura-de-pantalla-2023-08-04-114345-300x183.jpg 300w\" sizes=\"auto, (max-width: 663px) 100vw, 663px\" \/><\/a><\/h1>\n<div class=\"content\">\n<div><\/div>\n<p class=\"fluid-image\">L\u2019Escola Collserola va obrir les seves portes l\u2019any 2005 com a Centre P\u00fablic d\u2019Educaci\u00f3 Infantil i Prim\u00e0ria de la Generalitat de Catalunya. Actualment \u00e9s escola d&#8217;una l\u00ednia.<\/p>\n<p>Des dels seus inicis la filosofia de l\u2019Escola es fonamenta en:<\/p>\n<ul style=\"list-style-type: disc;\">\n<li>La <strong>implicaci\u00f3 de totes les parts que formen la comunitat educativa<\/strong> (alumnes, fam\u00edlies i escola) en el proc\u00e9s d&#8217;aprenentatge i maduratiu de l&#8217;alumnat.<\/li>\n<li><strong>Oferir a les fam\u00edlies una escola acollidora i oberta per a tothom.<\/strong><\/li>\n<\/ul>\n<p>En aquesta WEB trobareu tota la informaci\u00f3 referent a activitats, actualitat i documentaci\u00f3 del centre.<\/p>\n<p>&nbsp;<\/p>\n<\/div>\n","protected":false},"excerpt":{"rendered":"<p><a style=\"font-size: 16px; font-weight: normal;\" href=\"https:\/\/agora.xtec.cat\/escolacollserolacerdanyola\/wp-content\/uploads\/usu1390\/2023\/08\/Captura-de-pantalla-2023-08-04-114345.jpg\"><\/a><\/p>\n<p>L\u2019Escola Collserola va obrir les seves portes l\u2019any 2005 com a Centre P\u00fablic d\u2019Educaci\u00f3 Infantil i Prim\u00e0ria de la Generalitat de Catalunya. Actualment \u00e9s escola d&#8217;una l\u00ednia.<br \/>\nDes dels seus inicis la filosofia de l\u2019Escola es fonamenta en:<\/p>\n<ul style=\"list-style-type: disc;\">\n<li>La implicaci\u00f3&hellip;  <a href=\"https:\/\/agora.xtec.cat\/escolacollserolacerdanyola\/la-nostra-escola\/historia\/\" title=\"Read Trets d&#8217;identitat\">Llegeix m\u00e9s\u00bb<\/a><br \/>\n","protected":false},"author":22,"featured_media":0,"parent":27741,"menu_order":20,"comment_status":"closed","ping_status":"closed","template":"page-templates\/side-menu.php","meta":{"_bbp_topic_count":0,"_bbp_reply_count":0,"_bbp_total_topic_count":0,"_bbp_total_reply_count":0,"_bbp_voice_count":0,"_bbp_anonymous_reply_count":0,"_bbp_topic_count_hidden":0,"_bbp_reply_count_hidden":0,"_bbp_forum_subforum_count":0,"footnotes":""},"class_list":["post-26","page","type-page","status-publish","hentry"],"post_mailing_queue_ids":[],"_links":{"self":[{"href":"https:\/\/agora.xtec.cat\/escolacollserolacerdanyola\/wp-json\/wp\/v2\/pages\/26","targetHints":{"allow":["GET"]}}],"collection":[{"href":"https:\/\/agora.xtec.cat\/escolacollserolacerdanyola\/wp-json\/wp\/v2\/pages"}],"about":[{"href":"https:\/\/agora.xtec.cat\/escolacollserolacerdanyola\/wp-json\/wp\/v2\/types\/page"}],"author":[{"embeddable":true,"href":"https:\/\/agora.xtec.cat\/escolacollserolacerdanyola\/wp-json\/wp\/v2\/users\/22"}],"replies":[{"embeddable":true,"href":"https:\/\/agora.xtec.cat\/escolacollserolacerdanyola\/wp-json\/wp\/v2\/comments?post=26"}],"version-history":[{"count":3,"href":"https:\/\/agora.xtec.cat\/escolacollserolacerdanyola\/wp-json\/wp\/v2\/pages\/26\/revisions"}],"predecessor-version":[{"id":27744,"href":"https:\/\/agora.xtec.cat\/escolacollserolacerdanyola\/wp-json\/wp\/v2\/pages\/26\/revisions\/27744"}],"up":[{"embeddable":true,"href":"https:\/\/agora.xtec.cat\/escolacollserolacerdanyola\/wp-json\/wp\/v2\/pages\/27741"}],"wp:attachment":[{"href":"https:\/\/agora.xtec.cat\/escolacollserolacerdanyola\/wp-json\/wp\/v2\/media?parent=26"}],"curies":[{"name":"wp","href":"https:\/\/api.w.org\/{rel}","templated":true}]}}

<h1 class="title"><a style="font-size: 16px; font-weight: normal;" href="https://agora.xtec.cat/escolacollserolacerdanyola/wp-content/uploads/usu1390/2023/08/Captura-de-pantalla-2023-08-04-114345.jpg"><img loading="lazy" decoding="async" class="alignnone size-full wp-image-27736" src="https://agora.xtec.cat/escolacollserolacerdanyola/wp-content/uploads/usu1390/2023/08/Captura-de-pantalla-2023-08-04-114345.jpg" alt="" width="663" height="404" srcset="https://agora.xtec.cat/escolacollserolacerdanyola/wp-content/uploads/usu1390/2023/08/Captura-de-pantalla-2023-08-04-114345.jpg 663w, https://agora.xtec.cat/escolacollserolacerdanyola/wp-content/uploads/usu1390/2023/08/Captura-de-pantalla-2023-08-04-114345-300x183.jpg 300w" sizes="auto, (max-width: 663px) 100vw, 663px" /></a></h1>
<div class="content">
<div></div>
<p class="fluid-image">L’Escola Collserola va obrir les seves portes l’any 2005 com a Centre Públic d’Educació Infantil i Primària de la Generalitat de Catalunya. Actualment és escola d&#8217;una línia.</p>
<p>Des dels seus inicis la filosofia de l’Escola es fonamenta en:</p>
<ul style="list-style-type: disc;">
<li>La <strong>implicació de totes les parts que formen la comunitat educativa</strong> (alumnes, famílies i escola) en el procés d&#8217;aprenentatge i maduratiu de l&#8217;alumnat.</li>
<li><strong>Oferir a les famílies una escola acollidora i oberta per a tothom.</strong></li>
</ul>
<p>En aquesta WEB trobareu tota la informació referent a activitats, actualitat i documentació del centre.</p>
<p>&nbsp;</p>
</div>

<p><a style="font-size: 16px; font-weight: normal;" href="https://agora.xtec.cat/escolacollserolacerdanyola/wp-content/uploads/usu1390/2023/08/Captura-de-pantalla-2023-08-04-114345.jpg"></a></p>
<p>L’Escola Collserola va obrir les seves portes l’any 2005 com a Centre Públic d’Educació Infantil i Primària de la Generalitat de Catalunya. Actualment és escola d&#8217;una línia.<br />
Des dels seus inicis la filosofia de l’Escola es fonamenta en:</p>
<ul style="list-style-type: disc;">
<li>La implicació&hellip;  <a href="https://agora.xtec.cat/escolacollserolacerdanyola/la-nostra-escola/historia/" title="Read Trets d&#8217;identitat">Llegeix més»</a><br />
