{"id":77,"date":"2014-09-18T14:05:08","date_gmt":"2014-09-18T14:05:08","guid":{"rendered":"http:\/\/agora.xtec.cat\/escolaciutatjardi\/?page_id=77"},"modified":"2016-11-06T23:02:27","modified_gmt":"2016-11-06T22:02:27","slug":"acollida","status":"publish","type":"page","link":"https:\/\/agora.xtec.cat\/escolaciutatjardi\/ampa\/serveis\/acollida\/","title":{"rendered":"Acollida matinal i de tarda"},"content":{"rendered":"<p>L&#8217;AMPA ofereix la possibilitat d&#8217;acollir als infants\u00a0mat\u00ed i tarda permeten a les fam\u00edlies que ho necessiten, ampliar la jornada que l\u2019infant pot estar a l\u2019escola.<\/p>\n<h5><\/h5>\n<h5><strong>Horari de l\u2019acollida matinal: 07.45 h a 09.00 h <\/strong>(tots els dies lectius)<\/h5>\n<h5><strong>Horari de l\u2019acollida de tarda: 16.30\u00a0h a 17.30 h<\/strong>\u00a0(tots els dies lectius)<\/h5>\n<p>Per a m\u00e9s informaci\u00f3, preus i formularis d&#8217;inscripci\u00f3 seguiu <a href=\"http:\/\/www.ampaciutatjardi.cat\/acollida-matinal\/\" target=\"_blank\">l&#8217;enlla\u00e7<\/a>.<\/p>\n","protected":false},"excerpt":{"rendered":"<p>L&#8217;AMPA ofereix la possibilitat d&#8217;acollir als infants\u00a0mat\u00ed i tarda permeten a les fam\u00edlies que ho necessiten, ampliar la jornada que l\u2019infant pot estar a l\u2019escola.<\/p>\n<p>Horari de l\u2019acollida matinal: 07.45 h a 09.00 h (tots els dies lectius)<br \/>\nHorari de l\u2019acollida de tarda: 16.30\u00a0h a 17.30 h\u00a0(tots&hellip;  <a href=\"https:\/\/agora.xtec.cat\/escolaciutatjardi\/ampa\/serveis\/acollida\/\" title=\"Read Acollida matinal i de tarda\">Llegeix m\u00e9s\u00bb<\/a><\/p>\n","protected":false},"author":2,"featured_media":0,"parent":66,"menu_order":10,"comment_status":"closed","ping_status":"closed","template":"page-templates\/side-menu.php","meta":{"_bbp_topic_count":0,"_bbp_reply_count":0,"_bbp_total_topic_count":0,"_bbp_total_reply_count":0,"_bbp_voice_count":0,"_bbp_anonymous_reply_count":0,"_bbp_topic_count_hidden":0,"_bbp_reply_count_hidden":0,"_bbp_forum_subforum_count":0,"footnotes":""},"class_list":["post-77","page","type-page","status-publish","hentry"],"post_mailing_queue_ids":[],"_links":{"self":[{"href":"https:\/\/agora.xtec.cat\/escolaciutatjardi\/wp-json\/wp\/v2\/pages\/77","targetHints":{"allow":["GET"]}}],"collection":[{"href":"https:\/\/agora.xtec.cat\/escolaciutatjardi\/wp-json\/wp\/v2\/pages"}],"about":[{"href":"https:\/\/agora.xtec.cat\/escolaciutatjardi\/wp-json\/wp\/v2\/types\/page"}],"author":[{"embeddable":true,"href":"https:\/\/agora.xtec.cat\/escolaciutatjardi\/wp-json\/wp\/v2\/users\/2"}],"replies":[{"embeddable":true,"href":"https:\/\/agora.xtec.cat\/escolaciutatjardi\/wp-json\/wp\/v2\/comments?post=77"}],"version-history":[{"count":3,"href":"https:\/\/agora.xtec.cat\/escolaciutatjardi\/wp-json\/wp\/v2\/pages\/77\/revisions"}],"predecessor-version":[{"id":1344,"href":"https:\/\/agora.xtec.cat\/escolaciutatjardi\/wp-json\/wp\/v2\/pages\/77\/revisions\/1344"}],"up":[{"embeddable":true,"href":"https:\/\/agora.xtec.cat\/escolaciutatjardi\/wp-json\/wp\/v2\/pages\/66"}],"wp:attachment":[{"href":"https:\/\/agora.xtec.cat\/escolaciutatjardi\/wp-json\/wp\/v2\/media?parent=77"}],"curies":[{"name":"wp","href":"https:\/\/api.w.org\/{rel}","templated":true}]}}