{"id":3455,"date":"2019-05-08T11:03:06","date_gmt":"2019-05-08T09:03:06","guid":{"rendered":"http:\/\/agora.xtec.cat\/escolaciutatjardi\/?page_id=3455"},"modified":"2019-05-08T11:54:52","modified_gmt":"2019-05-08T09:54:52","slug":"tertulies-literaries","status":"publish","type":"page","link":"https:\/\/agora.xtec.cat\/escolaciutatjardi\/comunitats-daprenentatge\/tertulies-literaries\/","title":{"rendered":"Tert\u00falies liter\u00e0ries"},"content":{"rendered":"<p>En el marc de les actuacions educatives d&#8217;\u00e8xit, els infants es reuneixen per tractar, parlar i reflexionar sobre diferents par\u00e0grafs d&#8217;un llibre tot seguint els seg\u00fcents criteris.<\/p>\n<p>1- Literatura Cl\u00e0ssica Universal,\u00a0 llibres reconeguts al llarg del temps\u00a0tot garantint la qualitat liter\u00e0ria, aportant coneixement i ampliant vocabulari.<\/p>\n<p>2- Principis de l&#8217;aprenentatge dial\u00f2gic<\/p>\n<ul>\n<li>\u00a0Di\u00e0leg igualitari: en la tert\u00falia es respecten totes les aportacions, sense intentar imposar cap punt de vista<\/li>\n<li>\u00a0Intel\u00b7lig\u00e8ncia cultural: les experi\u00e8ncies i el coneixement que cada persona t\u00e9 al llarg de la seva vida.<\/li>\n<li>Transformaci\u00f3: Llegint, dialogant i reflexionant podem canviar el concepte que tenim de nosaltres i\u00a0les nostres relacions.<\/li>\n<li>Dimensi\u00f3 Instrumental: Comentant les obres en les tert\u00falies podem con\u00e8ixer en quina \u00e8poca es van escriure, a quin g\u00e8nere literari pertanyen, biografia de l&#8217;autor&#8230;<\/li>\n<li>Creaci\u00f3 de sentit:\u00a0s\u00f3n els mateixos participants els que decideixen qu\u00e8 volen i com volen aprendre.<\/li>\n<li>Solidaritat: Obert a tota la comunitat, aprenentatge conjunt dels participants.<\/li>\n<li>Igualtat de difer\u00e8ncies: Tractar-nos en termes d&#8217;igualtat per\u00f2 respectant les nostres difer\u00e8ncies.<\/li>\n<\/ul>\n<ul>\n<li><strong>TERT\u00daLIES LITER\u00c0RIES<\/strong>: Iniciem les tert\u00falies liter\u00e0ries de P4 a 6\u00e8 de Prim\u00e0ria, una sessi\u00f3 setmanal tots els alumnes assisteixen a la Sala de professors i les fam\u00edlies poden participar d\u2019oients. Els llibres\u00a0que treballem aquest curs per nivells s\u00f3n:<\/li>\n<\/ul>\n<p><a href=\"https:\/\/agora.xtec.cat\/escolaciutatjardi\/wp-content\/uploads\/usu523\/2019\/02\/2.png\"><img loading=\"lazy\" decoding=\"async\" class=\"alignleft wp-image-3272\" src=\"https:\/\/agora.xtec.cat\/escolaciutatjardi\/wp-content\/uploads\/usu523\/2019\/02\/2-120x300.png\" alt=\"\" width=\"236\" height=\"590\" srcset=\"https:\/\/agora.xtec.cat\/escolaciutatjardi\/wp-content\/uploads\/usu523\/2019\/02\/2-120x300.png 120w, https:\/\/agora.xtec.cat\/escolaciutatjardi\/wp-content\/uploads\/usu523\/2019\/02\/2-768x1920.png 768w, https:\/\/agora.xtec.cat\/escolaciutatjardi\/wp-content\/uploads\/usu523\/2019\/02\/2-410x1024.png 410w, https:\/\/agora.xtec.cat\/escolaciutatjardi\/wp-content\/uploads\/usu523\/2019\/02\/2.png 800w\" sizes=\"auto, (max-width: 236px) 100vw, 236px\" \/><\/a><a href=\"https:\/\/agora.xtec.cat\/escolaciutatjardi\/wp-content\/uploads\/usu523\/2019\/02\/1.png\"><img loading=\"lazy\" decoding=\"async\" class=\"alignleft wp-image-3273\" src=\"https:\/\/agora.xtec.cat\/escolaciutatjardi\/wp-content\/uploads\/usu523\/2019\/02\/1-120x300.png\" alt=\"\" width=\"236\" height=\"591\" srcset=\"https:\/\/agora.xtec.cat\/escolaciutatjardi\/wp-content\/uploads\/usu523\/2019\/02\/1-120x300.png 120w, https:\/\/agora.xtec.cat\/escolaciutatjardi\/wp-content\/uploads\/usu523\/2019\/02\/1-768x1920.png 768w, https:\/\/agora.xtec.cat\/escolaciutatjardi\/wp-content\/uploads\/usu523\/2019\/02\/1.png 800w\" sizes=\"auto, (max-width: 236px) 100vw, 236px\" \/><\/a><\/p>\n","protected":false},"excerpt":{"rendered":"<p>En el marc de les actuacions educatives d&#8217;\u00e8xit, els infants es reuneixen per tractar, parlar i reflexionar sobre diferents par\u00e0grafs d&#8217;un llibre tot seguint els seg\u00fcents criteris.<br \/>\n1- Literatura Cl\u00e0ssica Universal,\u00a0 llibres reconeguts al llarg del temps\u00a0tot garantint la qualitat liter\u00e0ria, aportant coneixement i ampliant vocabulari.<br \/>\n2-&hellip;  <a href=\"https:\/\/agora.xtec.cat\/escolaciutatjardi\/comunitats-daprenentatge\/tertulies-literaries\/\" title=\"Read Tert\u00falies liter\u00e0ries\">Llegeix m\u00e9s\u00bb<\/a><\/p>\n","protected":false},"author":1,"featured_media":0,"parent":3444,"menu_order":2,"comment_status":"closed","ping_status":"closed","template":"page-templates\/side-menu.php","meta":{"_bbp_topic_count":0,"_bbp_reply_count":0,"_bbp_total_topic_count":0,"_bbp_total_reply_count":0,"_bbp_voice_count":0,"_bbp_anonymous_reply_count":0,"_bbp_topic_count_hidden":0,"_bbp_reply_count_hidden":0,"_bbp_forum_subforum_count":0,"footnotes":""},"class_list":["post-3455","page","type-page","status-publish","hentry"],"post_mailing_queue_ids":[],"_links":{"self":[{"href":"https:\/\/agora.xtec.cat\/escolaciutatjardi\/wp-json\/wp\/v2\/pages\/3455","targetHints":{"allow":["GET"]}}],"collection":[{"href":"https:\/\/agora.xtec.cat\/escolaciutatjardi\/wp-json\/wp\/v2\/pages"}],"about":[{"href":"https:\/\/agora.xtec.cat\/escolaciutatjardi\/wp-json\/wp\/v2\/types\/page"}],"author":[{"embeddable":true,"href":"https:\/\/agora.xtec.cat\/escolaciutatjardi\/wp-json\/wp\/v2\/users\/1"}],"replies":[{"embeddable":true,"href":"https:\/\/agora.xtec.cat\/escolaciutatjardi\/wp-json\/wp\/v2\/comments?post=3455"}],"version-history":[{"count":3,"href":"https:\/\/agora.xtec.cat\/escolaciutatjardi\/wp-json\/wp\/v2\/pages\/3455\/revisions"}],"predecessor-version":[{"id":3477,"href":"https:\/\/agora.xtec.cat\/escolaciutatjardi\/wp-json\/wp\/v2\/pages\/3455\/revisions\/3477"}],"up":[{"embeddable":true,"href":"https:\/\/agora.xtec.cat\/escolaciutatjardi\/wp-json\/wp\/v2\/pages\/3444"}],"wp:attachment":[{"href":"https:\/\/agora.xtec.cat\/escolaciutatjardi\/wp-json\/wp\/v2\/media?parent=3455"}],"curies":[{"name":"wp","href":"https:\/\/api.w.org\/{rel}","templated":true}]}}