{"id":1180,"date":"2009-02-26T16:05:40","date_gmt":"2009-02-26T15:05:40","guid":{"rendered":"http:\/\/blocs.xtec.cat\/ceipmossenjacintverdaguer\/els-nostres-espais\/"},"modified":"2024-10-28T16:11:52","modified_gmt":"2024-10-28T15:11:52","slug":"els-nostres-espais","status":"publish","type":"page","link":"https:\/\/agora.xtec.cat\/escolacintosegur\/els-nostres-espais\/","title":{"rendered":"La nostra escola"},"content":{"rendered":"<p align=\"center\"><img decoding=\"async\" src=\"https:\/\/lh3.googleusercontent.com\/-gWlVdFW4ZF4\/VNt39LmFEgI\/AAAAAAAADh4\/eDoK2IEZmFElq0q-_KdS5PjkfYw16LUYQCCoYBhgL\/s1024\/Escola.tif\" alt=\"Resultado de imagen de mossen jacint verdaguer segur de calafell\" \/><\/p>\n<p align=\"center\"><strong>Escola Moss\u00e8n Jacint Verdaguer <\/strong><\/p>\n<p align=\"center\"><strong>que has ajudat a molta gent,<\/strong><\/p>\n<p align=\"center\"><strong>tens molts anys al teu haver <\/strong><\/p>\n<p align=\"center\"><strong>i la mateixa continues sent.<\/strong><\/p>\n<p align=\"center\"><strong>Ets la millor escola del m\u00f3n <\/strong><\/p>\n<p align=\"center\"><strong>i per aix\u00f2 t\u2019hem fet aquesta poesia, <\/strong><\/p>\n<p align=\"center\"><strong>perqu\u00e8 la tinguis de record <\/strong><\/p>\n<p align=\"center\"><strong>i la guardis com un tresor.<\/strong><\/p>\n<p align=\"center\"><strong>Alumna de 6\u00e8<\/strong><\/p>\n<p>&nbsp;<\/p>\n<h3 align=\"center\"><span style=\"text-decoration: underline;\"><strong>EDIFICI DE PRIM\u00c0RIA<\/strong><\/span><\/h3>\n<p style=\"text-align: center;\" align=\"center\"><a href=\"https:\/\/picasaweb.google.com\/lh\/photo\/UbllEu41PWpDN24gackVDruhKtw9srQr4jMhGQ-MqCo?feat=embedwebsite\"><img loading=\"lazy\" decoding=\"async\" class=\"aligncenter\" src=\"https:\/\/lh6.googleusercontent.com\/-7Xmdjy8eLx0\/Uxmw2h9i-fI\/AAAAAAAAAjE\/9VXMoHIEPpU\/s288\/SAM_3049.JPG\" alt=\"\" width=\"288\" height=\"216\" \/><\/a><a href=\"https:\/\/picasaweb.google.com\/lh\/photo\/mKlPm71uFAmF6kFa65_LQruhKtw9srQr4jMhGQ-MqCo?feat=embedwebsite\"><img loading=\"lazy\" decoding=\"async\" class=\"aligncenter\" src=\"https:\/\/lh4.googleusercontent.com\/-BawokzkjOu0\/UxnWJ49PbiI\/AAAAAAAAAj8\/VpebPhatgdo\/s288\/SAM_3062.JPG\" alt=\"\" width=\"288\" height=\"216\" \/><\/a><a href=\"https:\/\/picasaweb.google.com\/lh\/photo\/HWPU6Ollnpaf0BhCcEhbPbuhKtw9srQr4jMhGQ-MqCo?feat=embedwebsite\"><img loading=\"lazy\" decoding=\"async\" class=\"aligncenter\" src=\"https:\/\/lh3.googleusercontent.com\/-tax8yaIPdE0\/UxnWL-5OriI\/AAAAAAAAAkM\/OzKlnSCZsx4\/s288\/SAM_3061.JPG\" alt=\"\" width=\"288\" height=\"216\" \/><\/a><a href=\"https:\/\/picasaweb.google.com\/lh\/photo\/aPRtRNHNVnY1yPjak92KlruhKtw9srQr4jMhGQ-MqCo?feat=embedwebsite\"><img loading=\"lazy\" decoding=\"async\" src=\"https:\/\/lh5.googleusercontent.com\/-z27IDUev4tc\/UxnWQNdHcnI\/AAAAAAAAAk0\/ErUayRZWLXs\/s288\/SAM_3063.JPG\" alt=\"\" width=\"288\" height=\"216\" \/><\/a><br \/>\n<a href=\"https:\/\/picasaweb.google.com\/lh\/photo\/MUaFaMHTXCEGgDUQz4UOI7uhKtw9srQr4jMhGQ-MqCo?feat=embedwebsite\"><img loading=\"lazy\" decoding=\"async\" class=\"aligncenter\" src=\"https:\/\/lh3.googleusercontent.com\/-Dzo-rw3zLB0\/UxnWOUSUHGI\/AAAAAAAAAko\/O9_3sVNVl2U\/s288\/SAM_3059.JPG\" alt=\"\" width=\"288\" height=\"216\" \/><\/a><\/p>\n<h3 style=\"text-align: center;\" align=\"center\"><span style=\"text-decoration: underline;\"><strong>ELS PATIS DE PRIM\u00c0RIA<\/strong><\/span><\/h3>\n<p style=\"text-align: center;\" align=\"center\"><a href=\"https:\/\/picasaweb.google.com\/lh\/photo\/ohIwQASdlGwIZvLnrpIQV7uhKtw9srQr4jMhGQ-MqCo?feat=embedwebsite\"><img loading=\"lazy\" decoding=\"async\" class=\"aligncenter\" src=\"https:\/\/lh5.googleusercontent.com\/-zSN5BDltlfM\/Uxmw2g9x-XI\/AAAAAAAAAjQ\/PAt3-_benqo\/s288\/SAM_3048.JPG\" alt=\"\" width=\"288\" height=\"216\" \/><\/a><a href=\"https:\/\/picasaweb.google.com\/lh\/photo\/GJYdAaaZ5rBhtaRY5r3BCbuhKtw9srQr4jMhGQ-MqCo?feat=embedwebsite\"><img loading=\"lazy\" decoding=\"async\" class=\"aligncenter\" src=\"https:\/\/lh6.googleusercontent.com\/-ns2V7DL8v8k\/Uxmwz2ExytI\/AAAAAAAAAiE\/DctX4M0l6cY\/s288\/SAM_3039.JPG\" alt=\"\" width=\"288\" height=\"216\" \/><\/a><a href=\"https:\/\/picasaweb.google.com\/lh\/photo\/kkbo_d6_IaNpuEYFwpKfSLuhKtw9srQr4jMhGQ-MqCo?feat=embedwebsite\"><img loading=\"lazy\" decoding=\"async\" class=\"aligncenter\" src=\"https:\/\/lh6.googleusercontent.com\/-RxSh_ZjB0VI\/UxmwzgDGApI\/AAAAAAAAAiM\/po7a8mrZJvo\/s288\/SAM_3038.JPG\" alt=\"\" width=\"288\" height=\"216\" \/><\/a><\/p>\n<h3 align=\"center\"><span style=\"text-decoration: underline;\"><strong>AULA D&#8217;INFORM\u00c0TICA\u00a0<\/strong><\/span><\/h3>\n<p><a href=\"https:\/\/picasaweb.google.com\/lh\/photo\/KMqYCBNs_x7Lebss3eiTuLuhKtw9srQr4jMhGQ-MqCo?feat=embedwebsite\"><img loading=\"lazy\" decoding=\"async\" class=\"aligncenter\" src=\"https:\/\/lh3.googleusercontent.com\/-tBm9EjVI09Q\/Uxmw3u-H8qI\/AAAAAAAAAjM\/GR5OtpgoIug\/s288\/SAM_3050.JPG\" alt=\"\" width=\"288\" height=\"216\" \/><\/a><a href=\"https:\/\/picasaweb.google.com\/lh\/photo\/en2OuSRKVJet0WY_cXzzd7uhKtw9srQr4jMhGQ-MqCo?feat=embedwebsite\"><img loading=\"lazy\" decoding=\"async\" class=\"aligncenter\" src=\"https:\/\/lh3.googleusercontent.com\/-csgUlXHXytk\/Uxmw4NKFUYI\/AAAAAAAAAjY\/0czATle0hnQ\/s288\/SAM_3051.JPG\" alt=\"\" width=\"288\" height=\"216\" \/><\/a><\/p>\n<h3 align=\"center\"><span style=\"text-decoration: underline;\"><strong>\u00a0<\/strong><\/span><\/h3>\n<h3 align=\"center\"><span style=\"text-decoration: underline;\"><strong>EDIFICI D&#8217;EDUCACI\u00d3 INFANTIL<\/strong><\/span><\/h3>\n<p align=\"center\"><a href=\"https:\/\/picasaweb.google.com\/lh\/photo\/Y0XlqJQJKmoJmD1XzmvX9ruhKtw9srQr4jMhGQ-MqCo?feat=embedwebsite\"><img loading=\"lazy\" decoding=\"async\" class=\"aligncenter\" src=\"https:\/\/lh4.googleusercontent.com\/-GpOvgsnwhwY\/Uxmw2bZpe9I\/AAAAAAAAAi4\/5X6IjuGLMgw\/s288\/SAM_3047.JPG\" alt=\"\" width=\"288\" height=\"216\" \/><\/a><a href=\"https:\/\/picasaweb.google.com\/lh\/photo\/oPbrAN5vuctA0BLqX_1IdbuhKtw9srQr4jMhGQ-MqCo?feat=embedwebsite\"><img loading=\"lazy\" decoding=\"async\" class=\"aligncenter\" src=\"https:\/\/lh4.googleusercontent.com\/-ZSgu2TBIb5c\/Uxmw1Bl-EKI\/AAAAAAAAAis\/QNMkPWTTkKs\/s288\/SAM_3041.JPG\" alt=\"\" width=\"288\" height=\"216\" \/><\/a><a href=\"https:\/\/picasaweb.google.com\/lh\/photo\/1ZxqkDYz_-VzFp9XXPy9zbuhKtw9srQr4jMhGQ-MqCo?feat=embedwebsite\"><img loading=\"lazy\" decoding=\"async\" class=\"aligncenter\" src=\"https:\/\/lh3.googleusercontent.com\/-iWSv1u0DBac\/Uxmw1A_R_bI\/AAAAAAAAAiY\/KfdVEr9e6wU\/s288\/SAM_3040.JPG\" alt=\"\" width=\"288\" height=\"216\" \/><\/a><\/p>\n<h3 align=\"center\"><span style=\"text-decoration: underline;\"><strong>AULA DE PSICOMOTRICITAT<\/strong><\/span><\/h3>\n<p align=\"center\"><strong><img decoding=\"async\" src=\"http:\/\/i210.photobucket.com\/albums\/bb277\/ufimae\/AuladepsicomotricitatdEducaciInfant.jpg\" alt=\"\" \/><\/strong><\/p>\n<h3 style=\"text-align: center;\"><span style=\"text-decoration: underline;\"><strong>L&#8217;HORT ESCOLAR<\/strong><\/span><\/h3>\n<p><a href=\"https:\/\/picasaweb.google.com\/lh\/photo\/1767i0rjMkHrpfvvWsOanbuhKtw9srQr4jMhGQ-MqCo?feat=embedwebsite\"><img loading=\"lazy\" decoding=\"async\" class=\"aligncenter\" src=\"https:\/\/lh5.googleusercontent.com\/-hDmeOpNPMrY\/UxmwxaE2xEI\/AAAAAAAAAhY\/1ggGwHMDW8o\/s288\/SAM_3018.JPG\" alt=\"\" width=\"288\" height=\"216\" \/><\/a><a href=\"https:\/\/picasaweb.google.com\/lh\/photo\/WFNwHXmnoK7Pz1-uwygC2LuhKtw9srQr4jMhGQ-MqCo?feat=embedwebsite\"><img loading=\"lazy\" decoding=\"async\" class=\"aligncenter\" src=\"https:\/\/lh3.googleusercontent.com\/-AMUyWzUWrII\/UxmwzpnHz8I\/AAAAAAAAAiQ\/Pm0tT1XODEY\/s288\/SAM_3036.JPG\" alt=\"\" width=\"288\" height=\"216\" \/><\/a><\/p>\n<h3 style=\"text-align: center;\"><span style=\"text-decoration: underline;\">\u00a0<strong>EL MENJADOR ESCOLAR<\/strong><\/span><\/h3>\n<p><a href=\"https:\/\/picasaweb.google.com\/lh\/photo\/TAQvyKVlS2ADx5z7uHR0qLuhKtw9srQr4jMhGQ-MqCo?feat=embedwebsite\"><img loading=\"lazy\" decoding=\"async\" class=\"aligncenter\" src=\"https:\/\/lh6.googleusercontent.com\/-4hfqYNLUiAk\/UxnWMhGKBBI\/AAAAAAAAAkY\/rT9IC3IBJ8Y\/s288\/SAM_3054.JPG\" alt=\"\" width=\"288\" height=\"216\" \/><\/a><\/p>\n","protected":false},"excerpt":{"rendered":"<p>Escola Moss\u00e8n Jacint Verdaguer que has ajudat a molta gent, tens molts anys al teu haver i la mateixa continues sent. Ets la millor escola del m\u00f3n i per aix\u00f2 t\u2019hem fet aquesta poesia, perqu\u00e8 la tinguis de record i la guardis com un tresor. Alumna de 6\u00e8 &nbsp; EDIFICI DE PRIM\u00c0RIA ELS PATIS DE [&hellip;]<\/p>\n","protected":false},"author":4,"featured_media":0,"parent":0,"menu_order":2,"comment_status":"closed","ping_status":"closed","template":"page-templates\/side-menu.php","meta":{"_bbp_topic_count":0,"_bbp_reply_count":0,"_bbp_total_topic_count":0,"_bbp_total_reply_count":0,"_bbp_voice_count":0,"_bbp_anonymous_reply_count":0,"_bbp_topic_count_hidden":0,"_bbp_reply_count_hidden":0,"_bbp_forum_subforum_count":0,"site-sidebar-layout":"default","site-content-layout":"","ast-site-content-layout":"","site-content-style":"default","site-sidebar-style":"default","ast-global-header-display":"","ast-banner-title-visibility":"","ast-main-header-display":"","ast-hfb-above-header-display":"","ast-hfb-below-header-display":"","ast-hfb-mobile-header-display":"","site-post-title":"","ast-breadcrumbs-content":"","ast-featured-img":"","footer-sml-layout":"","theme-transparent-header-meta":"","adv-header-id-meta":"","stick-header-meta":"","header-above-stick-meta":"","header-main-stick-meta":"","header-below-stick-meta":"","astra-migrate-meta-layouts":"default","ast-page-background-enabled":"default","ast-page-background-meta":{"desktop":{"background-color":"var(--ast-global-color-4)","background-image":"","background-repeat":"repeat","background-position":"center center","background-size":"auto","background-attachment":"scroll","background-type":"","background-media":"","overlay-type":"","overlay-color":"","overlay-opacity":"","overlay-gradient":""},"tablet":{"background-color":"","background-image":"","background-repeat":"repeat","background-position":"center center","background-size":"auto","background-attachment":"scroll","background-type":"","background-media":"","overlay-type":"","overlay-color":"","overlay-opacity":"","overlay-gradient":""},"mobile":{"background-color":"","background-image":"","background-repeat":"repeat","background-position":"center center","background-size":"auto","background-attachment":"scroll","background-type":"","background-media":"","overlay-type":"","overlay-color":"","overlay-opacity":"","overlay-gradient":""}},"ast-content-background-meta":{"desktop":{"background-color":"var(--ast-global-color-5)","background-image":"","background-repeat":"repeat","background-position":"center center","background-size":"auto","background-attachment":"scroll","background-type":"","background-media":"","overlay-type":"","overlay-color":"","overlay-opacity":"","overlay-gradient":""},"tablet":{"background-color":"var(--ast-global-color-5)","background-image":"","background-repeat":"repeat","background-position":"center center","background-size":"auto","background-attachment":"scroll","background-type":"","background-media":"","overlay-type":"","overlay-color":"","overlay-opacity":"","overlay-gradient":""},"mobile":{"background-color":"var(--ast-global-color-5)","background-image":"","background-repeat":"repeat","background-position":"center center","background-size":"auto","background-attachment":"scroll","background-type":"","background-media":"","overlay-type":"","overlay-color":"","overlay-opacity":"","overlay-gradient":""}},"footnotes":""},"class_list":["post-1180","page","type-page","status-publish","hentry"],"post_mailing_queue_ids":[],"_links":{"self":[{"href":"https:\/\/agora.xtec.cat\/escolacintosegur\/wp-json\/wp\/v2\/pages\/1180","targetHints":{"allow":["GET"]}}],"collection":[{"href":"https:\/\/agora.xtec.cat\/escolacintosegur\/wp-json\/wp\/v2\/pages"}],"about":[{"href":"https:\/\/agora.xtec.cat\/escolacintosegur\/wp-json\/wp\/v2\/types\/page"}],"author":[{"embeddable":true,"href":"https:\/\/agora.xtec.cat\/escolacintosegur\/wp-json\/wp\/v2\/users\/4"}],"replies":[{"embeddable":true,"href":"https:\/\/agora.xtec.cat\/escolacintosegur\/wp-json\/wp\/v2\/comments?post=1180"}],"version-history":[{"count":6,"href":"https:\/\/agora.xtec.cat\/escolacintosegur\/wp-json\/wp\/v2\/pages\/1180\/revisions"}],"predecessor-version":[{"id":23042,"href":"https:\/\/agora.xtec.cat\/escolacintosegur\/wp-json\/wp\/v2\/pages\/1180\/revisions\/23042"}],"wp:attachment":[{"href":"https:\/\/agora.xtec.cat\/escolacintosegur\/wp-json\/wp\/v2\/media?parent=1180"}],"curies":[{"name":"wp","href":"https:\/\/api.w.org\/{rel}","templated":true}]}}