{"id":5800,"date":"2026-04-22T21:57:48","date_gmt":"2026-04-22T19:57:48","guid":{"rendered":"https:\/\/agora.xtec.cat\/escolacharlierivel\/?page_id=5800"},"modified":"2026-04-22T22:01:29","modified_gmt":"2026-04-22T20:01:29","slug":"radio-bilomba-connectem-amb-la-historia","status":"publish","type":"page","link":"https:\/\/agora.xtec.cat\/escolacharlierivel\/radio-bilomba-connectem-amb-la-historia\/","title":{"rendered":"R\u00e0dio Bilomba: Connectem amb la hist\u00f2ria!"},"content":{"rendered":"\n<p>R\u00e0dio Bilomba: connectem amb la hist\u00f2ria \u00e9s el programa de r\u00e0dio de l\u2019escola on l\u2019alumnat de 5\u00e8 ens convida a fer un viatge apassionant pel passat. Al llarg del segon trimestre, els nois i noies han descobert diversos personatges hist\u00f2rics a trav\u00e9s de la lectura, i ara els donen veu per compartir-ne les seves hist\u00f2ries, curiositats i descobertes.<\/p>\n\n\n\n<p>Prepareu-vos per escoltar relats fascinants i connectar amb la hist\u00f2ria d\u2019una manera viva i propera!<\/p>\n\n\n\n<figure class=\"wp-block-embed is-type-rich is-provider-soundcloud wp-block-embed-soundcloud\"><div class=\"wp-block-embed__wrapper\">\n<div class=\"ast-oembed-container \" style=\"height: 100%;\"><iframe loading=\"lazy\" title=\"R\u00e0dio Bilomba: Connectem amb la hist\u00f2ria! by Escola Charlie Rivel\" width=\"500\" height=\"400\" scrolling=\"no\" frameborder=\"no\" src=\"https:\/\/w.soundcloud.com\/player\/?visual=true&#038;url=https%3A%2F%2Fapi.soundcloud.com%2Ftracks%2F2307331739&#038;show_artwork=true&#038;maxheight=750&#038;maxwidth=500\"><\/iframe><\/div>\n<\/div><\/figure>\n\n\n\n<p>Si voleu, tamb\u00e9 podeu descobrir l&#8217;entrevista que vam realitzar a Jordi Fenosa en el seg\u00fcent <a href=\"https:\/\/soundcloud.com\/jon-bon-jovi-854087161\/el-microfon-de-5e-entrevista-1?si=684306c6f60d4ce08e44dcc6521a41a5&amp;utm_source=clipboard&amp;utm_medium=text&amp;utm_campaign=social_sharing\" data-type=\"link\" data-id=\"https:\/\/soundcloud.com\/jon-bon-jovi-854087161\/el-microfon-de-5e-entrevista-1?si=684306c6f60d4ce08e44dcc6521a41a5&amp;utm_source=clipboard&amp;utm_medium=text&amp;utm_campaign=social_sharing\">enlla\u00e7<\/a>.<\/p>\n","protected":false},"excerpt":{"rendered":"<p>R\u00e0dio Bilomba: connectem amb la hist\u00f2ria \u00e9s el programa de r\u00e0dio de l\u2019escola on l\u2019alumnat de 5\u00e8 ens convida a fer un viatge apassionant pel passat. Al llarg del segon trimestre, els nois i noies han descobert diversos personatges hist\u00f2rics a trav\u00e9s de la lectura, i ara els donen veu per compartir-ne les seves hist\u00f2ries, [&hellip;]<\/p>\n","protected":false},"author":14,"featured_media":0,"parent":0,"menu_order":0,"comment_status":"closed","ping_status":"close","template":"","meta":{"_bbp_topic_count":0,"_bbp_reply_count":0,"_bbp_total_topic_count":0,"_bbp_total_reply_count":0,"_bbp_voice_count":0,"_bbp_anonymous_reply_count":0,"_bbp_topic_count_hidden":0,"_bbp_reply_count_hidden":0,"_bbp_forum_subforum_count":0,"site-sidebar-layout":"default","site-content-layout":"","ast-site-content-layout":"default","site-content-style":"default","site-sidebar-style":"default","ast-global-header-display":"","ast-banner-title-visibility":"","ast-main-header-display":"","ast-hfb-above-header-display":"","ast-hfb-below-header-display":"","ast-hfb-mobile-header-display":"","site-post-title":"","ast-breadcrumbs-content":"","ast-featured-img":"","footer-sml-layout":"","theme-transparent-header-meta":"","adv-header-id-meta":"","stick-header-meta":"","header-above-stick-meta":"","header-main-stick-meta":"","header-below-stick-meta":"","astra-migrate-meta-layouts":"set","ast-page-background-enabled":"default","ast-page-background-meta":{"desktop":{"background-color":"var(--ast-global-color-4)","background-image":"","background-repeat":"repeat","background-position":"center center","background-size":"auto","background-attachment":"scroll","background-type":"","background-media":"","overlay-type":"","overlay-color":"","overlay-opacity":"","overlay-gradient":""},"tablet":{"background-color":"","background-image":"","background-repeat":"repeat","background-position":"center center","background-size":"auto","background-attachment":"scroll","background-type":"","background-media":"","overlay-type":"","overlay-color":"","overlay-opacity":"","overlay-gradient":""},"mobile":{"background-color":"","background-image":"","background-repeat":"repeat","background-position":"center center","background-size":"auto","background-attachment":"scroll","background-type":"","background-media":"","overlay-type":"","overlay-color":"","overlay-opacity":"","overlay-gradient":""}},"ast-content-background-meta":{"desktop":{"background-color":"var(--ast-global-color-5)","background-image":"","background-repeat":"repeat","background-position":"center center","background-size":"auto","background-attachment":"scroll","background-type":"","background-media":"","overlay-type":"","overlay-color":"","overlay-opacity":"","overlay-gradient":""},"tablet":{"background-color":"var(--ast-global-color-5)","background-image":"","background-repeat":"repeat","background-position":"center center","background-size":"auto","background-attachment":"scroll","background-type":"","background-media":"","overlay-type":"","overlay-color":"","overlay-opacity":"","overlay-gradient":""},"mobile":{"background-color":"var(--ast-global-color-5)","background-image":"","background-repeat":"repeat","background-position":"center center","background-size":"auto","background-attachment":"scroll","background-type":"","background-media":"","overlay-type":"","overlay-color":"","overlay-opacity":"","overlay-gradient":""}},"footnotes":""},"class_list":["post-5800","page","type-page","status-publish","hentry"],"post_mailing_queue_ids":[],"_links":{"self":[{"href":"https:\/\/agora.xtec.cat\/escolacharlierivel\/wp-json\/wp\/v2\/pages\/5800","targetHints":{"allow":["GET"]}}],"collection":[{"href":"https:\/\/agora.xtec.cat\/escolacharlierivel\/wp-json\/wp\/v2\/pages"}],"about":[{"href":"https:\/\/agora.xtec.cat\/escolacharlierivel\/wp-json\/wp\/v2\/types\/page"}],"author":[{"embeddable":true,"href":"https:\/\/agora.xtec.cat\/escolacharlierivel\/wp-json\/wp\/v2\/users\/14"}],"replies":[{"embeddable":true,"href":"https:\/\/agora.xtec.cat\/escolacharlierivel\/wp-json\/wp\/v2\/comments?post=5800"}],"version-history":[{"count":3,"href":"https:\/\/agora.xtec.cat\/escolacharlierivel\/wp-json\/wp\/v2\/pages\/5800\/revisions"}],"predecessor-version":[{"id":5804,"href":"https:\/\/agora.xtec.cat\/escolacharlierivel\/wp-json\/wp\/v2\/pages\/5800\/revisions\/5804"}],"wp:attachment":[{"href":"https:\/\/agora.xtec.cat\/escolacharlierivel\/wp-json\/wp\/v2\/media?parent=5800"}],"curies":[{"name":"wp","href":"https:\/\/api.w.org\/{rel}","templated":true}]}}

Ràdio Bilomba: Connectem amb la història!

<p>Ràdio Bilomba: connectem amb la història és el programa de ràdio de l’escola on l’alumnat de 5è ens convida a fer un viatge apassionant pel passat. Al llarg del segon trimestre, els nois i noies han descobert diversos personatges històrics a través de la lectura, i ara els donen veu per compartir-ne les seves històries, curiositats i descobertes.</p>



<p>Prepareu-vos per escoltar relats fascinants i connectar amb la història d’una manera viva i propera!</p>



<figure class="wp-block-embed is-type-rich is-provider-soundcloud wp-block-embed-soundcloud"><div class="wp-block-embed__wrapper">
<div class="ast-oembed-container " style="height: 100%;"><iframe loading="lazy" title="Ràdio Bilomba: Connectem amb la història! by Escola Charlie Rivel" width="500" height="400" scrolling="no" frameborder="no" src="https://w.soundcloud.com/player/?visual=true&#038;url=https%3A%2F%2Fapi.soundcloud.com%2Ftracks%2F2307331739&#038;show_artwork=true&#038;maxheight=750&#038;maxwidth=500"></iframe></div>
</div></figure>



<p>Si voleu, també podeu descobrir l&#8217;entrevista que vam realitzar a Jordi Fenosa en el següent <a href="https://soundcloud.com/jon-bon-jovi-854087161/el-microfon-de-5e-entrevista-1?si=684306c6f60d4ce08e44dcc6521a41a5&amp;utm_source=clipboard&amp;utm_medium=text&amp;utm_campaign=social_sharing" data-type="link" data-id="https://soundcloud.com/jon-bon-jovi-854087161/el-microfon-de-5e-entrevista-1?si=684306c6f60d4ce08e44dcc6521a41a5&amp;utm_source=clipboard&amp;utm_medium=text&amp;utm_campaign=social_sharing">enllaç</a>.</p>

<p>Ràdio Bilomba: connectem amb la història és el programa de ràdio de l’escola on l’alumnat de 5è ens convida a fer un viatge apassionant pel passat. Al llarg del segon trimestre, els nois i noies han descobert diversos personatges històrics a través de la lectura, i ara els donen veu per compartir-ne les seves històries, [&hellip;]</p>
