{"id":64,"date":"2014-09-18T12:39:08","date_gmt":"2014-09-18T12:39:08","guid":{"rendered":"http:\/\/agora.xtec.cat\/escolacharlesdarwin\/?page_id=64"},"modified":"2024-03-06T10:12:14","modified_gmt":"2024-03-06T09:12:14","slug":"projecte-educatiu","status":"publish","type":"page","link":"https:\/\/agora.xtec.cat\/escolacharlesdarwin\/projecte-educatiu\/","title":{"rendered":"Projecte educatiu"},"content":{"rendered":"<p style=\"margin-left: 36.0pt; text-align: justify; text-justify: inter-ideograph;\"><span style=\"font-size: 12.0pt; font-family: Arial;\">El PEC \u00e9s el document on s\u2019expliquen la identitat del centre i els seus objectius. Tamb\u00e9 serveix per orientar l\u2019activitat educativa del centre i ha d\u2019impulsar la col\u00b7laboraci\u00f3 dels diferents membres de la comunitat educativa i la relaci\u00f3 amb l\u2019entorn. El document \u00e9s una formulaci\u00f3 d&#8217;intencionalitats educatives.<br \/>\n<\/span><\/p>\n<p style=\"margin-left: 36.0pt; text-align: justify; text-justify: inter-ideograph;\"><span style=\"font-size: 12.0pt; font-family: Arial;\">Entre altres q\u00fcestions, el PEC ha d\u2019incloure els criteris, prioritats i plantejaments educatius i metodol\u00f2gics, \u00e9s a dir, qu\u00e8 i de quina manera s\u2019ensenyar\u00e0 als alumnes. Tamb\u00e9 ha d\u2019explicar com s\u2019avaluar\u00e0 el progr\u00e9s de l\u2019alumnat del nostre centre.<\/span><\/p>\n<p style=\"margin-left: 36.0pt; text-align: justify; text-justify: inter-ideograph;\"><span style=\"font-size: 12.0pt; font-family: Arial;\">El PEC s\u2019elabora tenint en compte les caracter\u00edstiques socials i culturals de l\u2019entorn on \u00e9s situat el centre i les necessitats educatives dels alumnes. L\u2019aprova el Consell Escolar.<\/span><\/p>\n<p style=\"margin-left: 36.0pt; text-align: justify; text-justify: inter-ideograph;\">Al capdavall, el PEC de l&#8217;escola Charles Darwin esdev\u00e9 la imatge del centre que incorpora a totes les persones que hi treballem i alhora el projecta a l&#8217;exterior adaptant-se a la realitat canviant del propi centre i del nostre entorn m\u00e9s proper.<\/p>\n<p style=\"margin-left: 36.0pt; text-align: justify; text-justify: inter-ideograph;\">El PEC \u00e9s, doncs un document viu i inacabat que admet rectificacions i canvis a c\u00e0rrec de l&#8217;Equip Docent a la vista de la seva evoluci\u00f3 i continua avaluaci\u00f3.<\/p>\n<p style=\"margin-left: 36.0pt; text-align: justify; text-justify: inter-ideograph;\">El punt de partida \u00e9s, sempre, que tots som corresponsables en l&#8217;educaci\u00f3 dels alumnes, tot aprenent els uns dels altres.<\/p>\n<p style=\"margin-left: 36.0pt; text-align: justify; text-justify: inter-ideograph;\"><a href=\"https:\/\/agora.xtec.cat\/escolacharlesdarwin\/wp-content\/uploads\/usu160\/2021\/05\/PROJECTE-educatiu-21.pdf\">PROJECTE EDUCATIU 2021<\/a><\/p>\n<p>&nbsp;<\/p>\n<div id=\"outerContainer\" class=\"\"><\/div>\n<p>&nbsp;<\/p>\n<div id=\"pageContainer1\" class=\"page\" data-loaded=\"true\"><\/div>\n<p>&nbsp;<\/p>\n<div id=\"pageContainer3\" class=\"page\" data-loaded=\"true\"><\/div>\n<div id=\"pageContainer3\" class=\"page\" data-loaded=\"true\"><\/div>\n<div id=\"pageContainer4\" class=\"page\" data-loaded=\"true\"><\/div>\n<div id=\"pageContainer4\" class=\"page\" data-loaded=\"true\"><\/div>\n","protected":false},"excerpt":{"rendered":"<p>El PEC \u00e9s el document on s\u2019expliquen la identitat del centre i els seus objectius. Tamb\u00e9 serveix per orientar l\u2019activitat [&hellip;]<\/p>\n","protected":false},"author":2,"featured_media":0,"parent":0,"menu_order":0,"comment_status":"closed","ping_status":"closed","template":"page-templates\/side-menu.php","meta":{"site-sidebar-layout":"default","site-content-layout":"","ast-site-content-layout":"","site-content-style":"default","site-sidebar-style":"default","ast-global-header-display":"","ast-banner-title-visibility":"","ast-main-header-display":"","ast-hfb-above-header-display":"","ast-hfb-below-header-display":"","ast-hfb-mobile-header-display":"","site-post-title":"","ast-breadcrumbs-content":"","ast-featured-img":"","footer-sml-layout":"","theme-transparent-header-meta":"","adv-header-id-meta":"","stick-header-meta":"","header-above-stick-meta":"","header-main-stick-meta":"","header-below-stick-meta":"","astra-migrate-meta-layouts":"default","ast-page-background-enabled":"default","ast-page-background-meta":{"desktop":{"background-color":"var(--ast-global-color-4)","background-image":"","background-repeat":"repeat","background-position":"center center","background-size":"auto","background-attachment":"scroll","background-type":"","background-media":"","overlay-type":"","overlay-color":"","overlay-opacity":"","overlay-gradient":""},"tablet":{"background-color":"","background-image":"","background-repeat":"repeat","background-position":"center center","background-size":"auto","background-attachment":"scroll","background-type":"","background-media":"","overlay-type":"","overlay-color":"","overlay-opacity":"","overlay-gradient":""},"mobile":{"background-color":"","background-image":"","background-repeat":"repeat","background-position":"center center","background-size":"auto","background-attachment":"scroll","background-type":"","background-media":"","overlay-type":"","overlay-color":"","overlay-opacity":"","overlay-gradient":""}},"ast-content-background-meta":{"desktop":{"background-color":"var(--ast-global-color-5)","background-image":"","background-repeat":"repeat","background-position":"center center","background-size":"auto","background-attachment":"scroll","background-type":"","background-media":"","overlay-type":"","overlay-color":"","overlay-opacity":"","overlay-gradient":""},"tablet":{"background-color":"var(--ast-global-color-5)","background-image":"","background-repeat":"repeat","background-position":"center center","background-size":"auto","background-attachment":"scroll","background-type":"","background-media":"","overlay-type":"","overlay-color":"","overlay-opacity":"","overlay-gradient":""},"mobile":{"background-color":"var(--ast-global-color-5)","background-image":"","background-repeat":"repeat","background-position":"center center","background-size":"auto","background-attachment":"scroll","background-type":"","background-media":"","overlay-type":"","overlay-color":"","overlay-opacity":"","overlay-gradient":""}},"footnotes":""},"class_list":["post-64","page","type-page","status-publish","hentry"],"post_mailing_queue_ids":[],"_links":{"self":[{"href":"https:\/\/agora.xtec.cat\/escolacharlesdarwin\/wp-json\/wp\/v2\/pages\/64","targetHints":{"allow":["GET"]}}],"collection":[{"href":"https:\/\/agora.xtec.cat\/escolacharlesdarwin\/wp-json\/wp\/v2\/pages"}],"about":[{"href":"https:\/\/agora.xtec.cat\/escolacharlesdarwin\/wp-json\/wp\/v2\/types\/page"}],"author":[{"embeddable":true,"href":"https:\/\/agora.xtec.cat\/escolacharlesdarwin\/wp-json\/wp\/v2\/users\/2"}],"replies":[{"embeddable":true,"href":"https:\/\/agora.xtec.cat\/escolacharlesdarwin\/wp-json\/wp\/v2\/comments?post=64"}],"version-history":[{"count":6,"href":"https:\/\/agora.xtec.cat\/escolacharlesdarwin\/wp-json\/wp\/v2\/pages\/64\/revisions"}],"predecessor-version":[{"id":26844,"href":"https:\/\/agora.xtec.cat\/escolacharlesdarwin\/wp-json\/wp\/v2\/pages\/64\/revisions\/26844"}],"wp:attachment":[{"href":"https:\/\/agora.xtec.cat\/escolacharlesdarwin\/wp-json\/wp\/v2\/media?parent=64"}],"curies":[{"name":"wp","href":"https:\/\/api.w.org\/{rel}","templated":true}]}}