{"id":38,"date":"2014-09-18T12:34:08","date_gmt":"2014-09-18T12:34:08","guid":{"rendered":"http:\/\/agora.xtec.cat\/escolacharlesdarwin\/?page_id=38"},"modified":"2024-07-21T10:29:40","modified_gmt":"2024-07-21T08:29:40","slug":"salut","status":"publish","type":"page","link":"https:\/\/agora.xtec.cat\/escolacharlesdarwin\/lescola\/salut\/","title":{"rendered":"Salut a l&#8217;escola"},"content":{"rendered":"<p style=\"text-align: justify;\">L&#8217;Ajuntament de El Prat de Llobregat disposa d&#8217;un servei local adre\u00e7at a tota la comunitat dels centres d&#8217;educaci\u00f3 infantil i prim\u00e0ria i instituts d&#8217;educaci\u00f3 secund\u00e0ria.<\/p>\n<ul>\n<li style=\"text-align: justify;\"><strong>Desenvolupa programes<\/strong> sobre:<br \/>\n&#8211;\u00a0Prevenci\u00f3 de la c\u00e0ries dental.<br \/>\n&#8211; Prevenci\u00f3 i seguiment dels accidents escolars.<br \/>\n&#8211; Control i seguiment de les malalties infectocontagioses.<br \/>\n&#8211; Vacunaci\u00f3 infantil en cursos determinats.<\/li>\n<li style=\"text-align: justify;\"><strong>Assessorament <\/strong><br \/>\n&#8211; Als centres docents respecte a la qualitat diet\u00e8tica dels men\u00fas del servei de menjador.<br \/>\n&#8211; Al professorat sobre altres temes relacionats amb la salut.<br \/>\n&#8211; Xerrades i cursos d&#8217;educaci\u00f3 sanit\u00e0ria per a les fam\u00edlies.<\/li>\n<\/ul>\n<p><strong>PAR\u00c0SITS<\/strong><\/p>\n<p style=\"text-align: justify;\">Si es detecten par\u00e0sits (polls) s&#8217;informar\u00e0 a trav\u00e9s de missatgeria de centre.<\/p>\n<p>El tractament es recomana fins i tot si nom\u00e9s es troba una ll\u00e9mena. Els polls es poden eliminar amb l\u2019\u00fas de pintes i de preparats insecticides (millor locions o cremes que no pas xamp\u00fas, ja que es dilueixen massa i el temps d\u2019aplicaci\u00f3 no \u00e9s suficient). Cal seguir estrictament les instruccions d&#8217;aquests productes perqu\u00e8 s&#8217;haur\u00e0 de repetir el tractament m\u00e9s d&#8217;una vegada per tal de matar els polls nous que han sortit dels ous.<\/p>\n<p>\u00c9s important que, a l&#8217;escola, tots els infants parasitats siguin tractats simult\u00e0niament, perqu\u00e8 es poden produir contagis entre els infants afectats encara no tractats i els ja tractats. Els no parasitats no s&#8217;han de tractar. Els familiars afectats s&#8217;han de tractar simult\u00e0niament, ja que sin\u00f3 podrien contagiar els infants sans i, d&#8217;aquesta manera, disseminar els polls a l&#8217;escola. \u00c9s recomanable que els infants afectats no assisteixin a l&#8217;escola fins que no hagin acabat el tractament i hagin eliminat totes les ll\u00e9menes. Durant la setmana posterior a l&#8217;inici del tractament, cada dia s&#8217;han de revisar els cabells i treure les ll\u00e9menes que puguin quedar. En cas contrari, el tractament no haur\u00e0 estat efectiu.<\/p>\n<p><strong>SUBMINISTRAMENT DE MEDICAMENTS I ABS\u00c8NCIES PER MALALTIA<\/strong><span style=\"text-decoration: underline;\"><br \/>\n<\/span><\/p>\n<p style=\"text-align: justify;\">Sempre que sigui previsible, cal que en cas que els vostres fills\/es hagin de deixar de venir a l\u2019escola per malaltia o altres motius, ens ho feu saber.<\/p>\n<p style=\"text-align: justify;\">\u00c9s especialment important que comuniqueu a l\u2019escola si el vostre fill o filla pateix una malaltia infecto-contagiosa, o b\u00e9 t\u00e9 par\u00e0sits, i que no el porteu a l\u2019escola si no t\u00e9 l\u2019alta m\u00e8dica i ha desaparegut qualsevol risc de contagi. Caldr\u00e0 presentar l\u2019informe m\u00e8dic d\u2019aquelles malalties que, per la seva simptomatologia, impedeixen seguir l\u2019activitat lectiva ordin\u00e0ria. Caldr\u00e0 justificar per escrit les faltes d\u2019assist\u00e8ncia. Els nens i nenes de 3r a 6\u00e8 portaran la justificaci\u00f3 a l\u2019agenda.<\/p>\n<p style=\"text-align: justify;\">Per norma general NO S\u2019ADMINISTRARAN MEDICAMENTS A L&#8217;ALUMNAT.<\/p>\n<p style=\"text-align: justify;\">En els casos que sigui imprescindible aquesta medicaci\u00f3 cal que s\u2019aporti:<\/p>\n<ul style=\"text-align: justify;\">\n<li>Un informe del metge o metgessa on consti el nom de l\u2019alumne\/a, la pauta i el nom del medicament i on quedi clarament explicat que es imprescindible l\u2019administraci\u00f3 del medicament en l\u2019horari lectiu.<\/li>\n<li>Una autoritzaci\u00f3 (l\u2019escola disposa d\u2019un model) del pare, mare o tutor\/a on es demani i s\u2019autoritzi al personal del centre educatiu que administri al fill o filla la medicaci\u00f3 prescrita, sempre que sigui imprescindible la seva administraci\u00f3 en horari lectiu.<\/li>\n<\/ul>\n<p style=\"text-align: justify;\">L\u2019escola disposa d\u2019un registre dels alumnes amb malalties cr\u00f2niques on hi ha una fitxa amb les actuacions a fer en cas de situaci\u00f3 cr\u00edtica. Si un pare, mare o tutor\/a notifica que el seu fill\/a es troba en aquesta situaci\u00f3 cal que s\u2019adreci a la Direcci\u00f3 per emplenar la fitxa corresponent.<\/p>\n<p style=\"text-align: justify;\">El personal del centre nom\u00e9s podr\u00e0 administrar una medicaci\u00f3 quan aix\u00f2 podria fer-ho el pare, mare o tutor legal, sense una formaci\u00f3 especial. En cas contrari, si la medicaci\u00f3 ha de ser administrada per personal amb una formaci\u00f3 determinada, caldr\u00e0 que el centre es posi en contacte amb el Centre d\u2019Assist\u00e8ncia Prim\u00e0ria m\u00e9s proper.<\/p>\n","protected":false},"excerpt":{"rendered":"<p>L&#8217;Ajuntament de El Prat de Llobregat disposa d&#8217;un servei local adre\u00e7at a tota la comunitat dels centres d&#8217;educaci\u00f3 infantil i [&hellip;]<\/p>\n","protected":false},"author":2,"featured_media":0,"parent":22,"menu_order":80,"comment_status":"closed","ping_status":"closed","template":"page-templates\/side-menu.php","meta":{"site-sidebar-layout":"default","site-content-layout":"","ast-site-content-layout":"","site-content-style":"default","site-sidebar-style":"default","ast-global-header-display":"","ast-banner-title-visibility":"","ast-main-header-display":"","ast-hfb-above-header-display":"","ast-hfb-below-header-display":"","ast-hfb-mobile-header-display":"","site-post-title":"","ast-breadcrumbs-content":"","ast-featured-img":"","footer-sml-layout":"","theme-transparent-header-meta":"","adv-header-id-meta":"","stick-header-meta":"","header-above-stick-meta":"","header-main-stick-meta":"","header-below-stick-meta":"","astra-migrate-meta-layouts":"default","ast-page-background-enabled":"default","ast-page-background-meta":{"desktop":{"background-color":"var(--ast-global-color-4)","background-image":"","background-repeat":"repeat","background-position":"center center","background-size":"auto","background-attachment":"scroll","background-type":"","background-media":"","overlay-type":"","overlay-color":"","overlay-opacity":"","overlay-gradient":""},"tablet":{"background-color":"","background-image":"","background-repeat":"repeat","background-position":"center center","background-size":"auto","background-attachment":"scroll","background-type":"","background-media":"","overlay-type":"","overlay-color":"","overlay-opacity":"","overlay-gradient":""},"mobile":{"background-color":"","background-image":"","background-repeat":"repeat","background-position":"center center","background-size":"auto","background-attachment":"scroll","background-type":"","background-media":"","overlay-type":"","overlay-color":"","overlay-opacity":"","overlay-gradient":""}},"ast-content-background-meta":{"desktop":{"background-color":"var(--ast-global-color-5)","background-image":"","background-repeat":"repeat","background-position":"center center","background-size":"auto","background-attachment":"scroll","background-type":"","background-media":"","overlay-type":"","overlay-color":"","overlay-opacity":"","overlay-gradient":""},"tablet":{"background-color":"var(--ast-global-color-5)","background-image":"","background-repeat":"repeat","background-position":"center center","background-size":"auto","background-attachment":"scroll","background-type":"","background-media":"","overlay-type":"","overlay-color":"","overlay-opacity":"","overlay-gradient":""},"mobile":{"background-color":"var(--ast-global-color-5)","background-image":"","background-repeat":"repeat","background-position":"center center","background-size":"auto","background-attachment":"scroll","background-type":"","background-media":"","overlay-type":"","overlay-color":"","overlay-opacity":"","overlay-gradient":""}},"footnotes":""},"class_list":["post-38","page","type-page","status-publish","hentry"],"post_mailing_queue_ids":[],"_links":{"self":[{"href":"https:\/\/agora.xtec.cat\/escolacharlesdarwin\/wp-json\/wp\/v2\/pages\/38","targetHints":{"allow":["GET"]}}],"collection":[{"href":"https:\/\/agora.xtec.cat\/escolacharlesdarwin\/wp-json\/wp\/v2\/pages"}],"about":[{"href":"https:\/\/agora.xtec.cat\/escolacharlesdarwin\/wp-json\/wp\/v2\/types\/page"}],"author":[{"embeddable":true,"href":"https:\/\/agora.xtec.cat\/escolacharlesdarwin\/wp-json\/wp\/v2\/users\/2"}],"replies":[{"embeddable":true,"href":"https:\/\/agora.xtec.cat\/escolacharlesdarwin\/wp-json\/wp\/v2\/comments?post=38"}],"version-history":[{"count":4,"href":"https:\/\/agora.xtec.cat\/escolacharlesdarwin\/wp-json\/wp\/v2\/pages\/38\/revisions"}],"predecessor-version":[{"id":27727,"href":"https:\/\/agora.xtec.cat\/escolacharlesdarwin\/wp-json\/wp\/v2\/pages\/38\/revisions\/27727"}],"up":[{"embeddable":true,"href":"https:\/\/agora.xtec.cat\/escolacharlesdarwin\/wp-json\/wp\/v2\/pages\/22"}],"wp:attachment":[{"href":"https:\/\/agora.xtec.cat\/escolacharlesdarwin\/wp-json\/wp\/v2\/media?parent=38"}],"curies":[{"name":"wp","href":"https:\/\/api.w.org\/{rel}","templated":true}]}}