{"id":26,"date":"2014-09-18T12:24:32","date_gmt":"2014-09-18T12:24:32","guid":{"rendered":"http:\/\/agora.xtec.cat\/escolacharlesdarwin\/?page_id=26"},"modified":"2019-01-30T21:06:26","modified_gmt":"2019-01-30T20:06:26","slug":"historia","status":"publish","type":"page","link":"https:\/\/agora.xtec.cat\/escolacharlesdarwin\/lescola\/historia\/","title":{"rendered":"Hist\u00f2ria"},"content":{"rendered":"<div>\n<p>L\u2019Escola Charles Darwin \u00e9s un centre p\u00fablic d\u2019educaci\u00f3 infantil i prim\u00e0ria.<\/p>\n<p>La nostra escola inici\u00e0 les seves activitats el setembre de 1986. En un primer moment va acollir alumnes provinents de dues escoles p\u00fabliques de la poblaci\u00f3 que, fins aleshores, es trobaven ubicades en aules provisionals.<\/p>\n<p>Des d\u2019aquell any es van escolaritzar nens i nenes de preescolar (4 i 5 anys) i d\u2019Educaci\u00f3 General B\u00e0sica (de 6 a 13 anys). Actualment s\u2019imparteixen els nivells corresponents al segon cicle d\u2019Educaci\u00f3 Infantil (3, 4 i 5 anys) i d\u2019Educaci\u00f3 Prim\u00e0ria (de 6 a 12 anys).<\/p>\n<p>Des d\u2019aleshores hem recorregut un llarg cam\u00ed. Hem passat de tenir un sol mestre per a cada grup d\u2019alumnes a disposar, a m\u00e9s del tutor\/a, d\u2019un equip de mestres especialistes i de suport que afavoreixen i optimitzen una intervenci\u00f3 m\u00e9s personalitzada i individualitzada del nostre alumnat.<\/p>\n<p>&nbsp;<\/p>\n<\/div>\n<div>\n<p align=\"justify\"><span style=\"font-size: small;\"><img loading=\"lazy\" decoding=\"async\" id=\"irc_mi\" class=\"\" src=\"http:\/\/4.bp.blogspot.com\/-_Utx3UkoO0k\/T10MeH5oEPI\/AAAAAAAAACM\/vmW0aVV7Tm4\/s1600\/419672_293854297347111_1963001195_n.jpg\" alt=\"\" width=\"346\" height=\"225\" \/><img loading=\"lazy\" decoding=\"async\" id=\"irc_mi\" class=\"\" src=\"http:\/\/1.bp.blogspot.com\/-YEkiNAzOPKU\/T10MdEuXMdI\/AAAAAAAAACE\/3XghgzQLhQ4\/s1600\/419297_293853627347178_286429368089604_673478_1529509476_n.jpg\" alt=\"\" width=\"340\" height=\"225\" \/><\/span><\/p>\n<p><span style=\"font-size: small;\"><br \/>\n<\/span><\/p>\n<\/div>\n","protected":false},"excerpt":{"rendered":"<p>L\u2019Escola Charles Darwin \u00e9s un centre p\u00fablic d\u2019educaci\u00f3 infantil i prim\u00e0ria. La nostra escola inici\u00e0 les seves activitats el setembre [&hellip;]<\/p>\n","protected":false},"author":2,"featured_media":0,"parent":22,"menu_order":20,"comment_status":"closed","ping_status":"closed","template":"page-templates\/side-menu.php","meta":{"site-sidebar-layout":"default","site-content-layout":"","ast-site-content-layout":"","site-content-style":"default","site-sidebar-style":"default","ast-global-header-display":"","ast-banner-title-visibility":"","ast-main-header-display":"","ast-hfb-above-header-display":"","ast-hfb-below-header-display":"","ast-hfb-mobile-header-display":"","site-post-title":"","ast-breadcrumbs-content":"","ast-featured-img":"","footer-sml-layout":"","theme-transparent-header-meta":"","adv-header-id-meta":"","stick-header-meta":"","header-above-stick-meta":"","header-main-stick-meta":"","header-below-stick-meta":"","astra-migrate-meta-layouts":"default","ast-page-background-enabled":"default","ast-page-background-meta":{"desktop":{"background-color":"var(--ast-global-color-4)","background-image":"","background-repeat":"repeat","background-position":"center center","background-size":"auto","background-attachment":"scroll","background-type":"","background-media":"","overlay-type":"","overlay-color":"","overlay-opacity":"","overlay-gradient":""},"tablet":{"background-color":"","background-image":"","background-repeat":"repeat","background-position":"center center","background-size":"auto","background-attachment":"scroll","background-type":"","background-media":"","overlay-type":"","overlay-color":"","overlay-opacity":"","overlay-gradient":""},"mobile":{"background-color":"","background-image":"","background-repeat":"repeat","background-position":"center center","background-size":"auto","background-attachment":"scroll","background-type":"","background-media":"","overlay-type":"","overlay-color":"","overlay-opacity":"","overlay-gradient":""}},"ast-content-background-meta":{"desktop":{"background-color":"var(--ast-global-color-5)","background-image":"","background-repeat":"repeat","background-position":"center center","background-size":"auto","background-attachment":"scroll","background-type":"","background-media":"","overlay-type":"","overlay-color":"","overlay-opacity":"","overlay-gradient":""},"tablet":{"background-color":"var(--ast-global-color-5)","background-image":"","background-repeat":"repeat","background-position":"center center","background-size":"auto","background-attachment":"scroll","background-type":"","background-media":"","overlay-type":"","overlay-color":"","overlay-opacity":"","overlay-gradient":""},"mobile":{"background-color":"var(--ast-global-color-5)","background-image":"","background-repeat":"repeat","background-position":"center center","background-size":"auto","background-attachment":"scroll","background-type":"","background-media":"","overlay-type":"","overlay-color":"","overlay-opacity":"","overlay-gradient":""}},"footnotes":""},"class_list":["post-26","page","type-page","status-publish","hentry"],"post_mailing_queue_ids":[],"_links":{"self":[{"href":"https:\/\/agora.xtec.cat\/escolacharlesdarwin\/wp-json\/wp\/v2\/pages\/26","targetHints":{"allow":["GET"]}}],"collection":[{"href":"https:\/\/agora.xtec.cat\/escolacharlesdarwin\/wp-json\/wp\/v2\/pages"}],"about":[{"href":"https:\/\/agora.xtec.cat\/escolacharlesdarwin\/wp-json\/wp\/v2\/types\/page"}],"author":[{"embeddable":true,"href":"https:\/\/agora.xtec.cat\/escolacharlesdarwin\/wp-json\/wp\/v2\/users\/2"}],"replies":[{"embeddable":true,"href":"https:\/\/agora.xtec.cat\/escolacharlesdarwin\/wp-json\/wp\/v2\/comments?post=26"}],"version-history":[{"count":3,"href":"https:\/\/agora.xtec.cat\/escolacharlesdarwin\/wp-json\/wp\/v2\/pages\/26\/revisions"}],"predecessor-version":[{"id":13949,"href":"https:\/\/agora.xtec.cat\/escolacharlesdarwin\/wp-json\/wp\/v2\/pages\/26\/revisions\/13949"}],"up":[{"embeddable":true,"href":"https:\/\/agora.xtec.cat\/escolacharlesdarwin\/wp-json\/wp\/v2\/pages\/22"}],"wp:attachment":[{"href":"https:\/\/agora.xtec.cat\/escolacharlesdarwin\/wp-json\/wp\/v2\/media?parent=26"}],"curies":[{"name":"wp","href":"https:\/\/api.w.org\/{rel}","templated":true}]}}