{"id":3735,"date":"2025-06-23T13:03:40","date_gmt":"2025-06-23T11:03:40","guid":{"rendered":"https:\/\/agora.xtec.cat\/escolacaudelaguineu\/?page_id=3735"},"modified":"2025-06-27T10:32:34","modified_gmt":"2025-06-27T08:32:34","slug":"enllacos-educatius","status":"publish","type":"page","link":"https:\/\/agora.xtec.cat\/escolacaudelaguineu\/enllacos-educatius\/","title":{"rendered":"Enlla\u00e7os educatius"},"content":{"rendered":"\n<div style=\"height:63px\" aria-hidden=\"true\" class=\"wp-block-spacer\"><\/div>\n\n\n\n<p class=\"has-luminous-vivid-orange-color has-text-color has-link-color has-medium-font-size wp-elements-01019d4632229f220fc9607a440aae00\">CLASSROOM<\/p>\n\n\n\n<figure class=\"wp-block-image alignleft size-large is-resized\"><a href=\"https:\/\/agora.xtec.cat\/escolacaudelaguineu\/wp-content\/uploads\/usu1304\/2025\/06\/a7e609907474590de116456d757703ec-e1750841251608.png\"><img loading=\"lazy\" decoding=\"async\" width=\"1024\" height=\"1024\" src=\"https:\/\/agora.xtec.cat\/escolacaudelaguineu\/wp-content\/uploads\/usu1304\/2025\/06\/a7e609907474590de116456d757703ec-1024x1024.png\" alt=\"\" class=\"wp-image-3763\" style=\"object-fit:cover;width:100px;height:100px\"\/><\/a><\/figure>\n\n\n\n<div class=\"wp-block-getwid-accordion has-icon-left\" data-active-element=\"none\">\n<div class=\"wp-block-getwid-accordion__header-wrapper\"><span class=\"wp-block-getwid-accordion__header\"><a href=\"#\"><span class=\"wp-block-getwid-accordion__header-title\">Acc\u00e8s al lloc web<\/span><span class=\"wp-block-getwid-accordion__icon is-active\"><i class=\"fas fa-plus\"><\/i><\/span><span class=\"wp-block-getwid-accordion__icon is-passive\"><i class=\"fas fa-minus\"><\/i><\/span><\/a><\/span><\/div><div class=\"wp-block-getwid-accordion__content-wrapper\"><div class=\"wp-block-getwid-accordion__content\">\n<p>l\u2019EVA (Entorn Virtual d\u2019Aprenentatge) que s\u2019utilitza al centre \u00e9s el Classroom. Per accedir-<br>hi es pot fer de dues maneres diferents:<\/p>\n\n\n\n<p>a. Accedint a: <a href=\"https:\/\/classroom.google.com\" target=\"_blank\" rel=\"noreferrer noopener\">https:\/\/classroom.google.com<\/a><br>b. Accedint al correu electr\u00f2nic personal i fent clic als nou puntets (a dalt a la dreta de la<br>pantalla)<br><br>Per accedir-hi cada alumne utilitzar\u00e0 el correu electr\u00f2nic proporcionat pel centre. La contrasenya pels alumnes de 3r a 6\u00e8 \u00e9s<br>personal i cada alumne \u00e9s responsable de memoritzar-la. La contrasenya de l\u2019alumnat de 1r a 3r<br>\u00e9s la mateixa per tot el grup.<\/p>\n<\/div><\/div>\n\n\n\n<div class=\"wp-block-getwid-accordion__header-wrapper\"><span class=\"wp-block-getwid-accordion__header\"><a href=\"#\"><span class=\"wp-block-getwid-accordion__header-title\">\u00das de Classroom<\/span><span class=\"wp-block-getwid-accordion__icon is-active\"><i class=\"fas fa-plus\"><\/i><\/span><span class=\"wp-block-getwid-accordion__icon is-passive\"><i class=\"fas fa-minus\"><\/i><\/span><\/a><\/span><\/div><div class=\"wp-block-getwid-accordion__content-wrapper\"><div class=\"wp-block-getwid-accordion__content\">\n<p>el Classroom s\u2019utilitza a l\u2019educaci\u00f3 prim\u00e0ria. Cada promoci\u00f3 crea a la seva p\u00e0gina d\u2019inici una<br>classe per especialitat (si el mestre especialista ho considera oport\u00fa) i una classe de tutoria on<br>gestionar\u00e0 les tasques que es realitzaran a matem\u00e0tiques, Llengua i coneixement del medi.<br>A cada classe s\u2019hi poden trobar diferents recursos relacionats amb l&#8217;\u00e0rea que s\u2019est\u00e0 treballant,<br>des de material de suport com v\u00eddeos, p\u00e0gines web de consulta, tasques a realitzar, fitxes, etc.<br>Tots aquests recursos es poden utilitzar tant a l\u2019escola com a casa, i en cas que s&#8217;envii alguna<br>tasca de deures aquesta es comunicar\u00e0 pr\u00e8viament a l\u2019alumnat.<\/p>\n\n\n\n<p><br>En el seg\u00fcent canal de yotube <a href=\"https:\/\/www.youtube.com\/@centresenlinia\" target=\"_blank\" rel=\"noreferrer noopener\">https:\/\/www.youtube.com\/@centresenlinia<\/a> hi podeu trobar<br>informaci\u00f3 de com utilitzar el Classroom:<\/p>\n\n\n\n<p>&#8211; Com accedir al Classrooom<br>&#8211; Com veure les tasques a fer<br>&#8211; Com crear un document a la tasca<br>&#8211; Com entregar les tasques assignades<br>&#8211; Etc<\/p>\n<\/div><\/div>\n<\/div>\n\n\n\n<div style=\"height:63px\" aria-hidden=\"true\" class=\"wp-block-spacer\"><\/div>\n\n\n\n<p class=\"has-luminous-vivid-orange-color has-text-color has-link-color has-medium-font-size wp-elements-7bdbc347d5111106bef295875f7ca62b\">SYMBALLO<\/p>\n\n\n\n<p>El centre ha realitzat un Symballo classificat per nivells educatius que t\u00e9 com a finalitat proporcionar a l&#8217;alumnat acc\u00e8s als diferents enlla\u00e7os educatius que m\u00e9s utilitza cada nivell.<\/p>\n\n\n\n<figure class=\"wp-block-image alignleft size-full is-resized\"><a href=\"https:\/\/agora.xtec.cat\/escolacaudelaguineu\/wp-content\/uploads\/usu1304\/2025\/01\/Logo-Symbaloo-Favicon.png\"><img loading=\"lazy\" decoding=\"async\" width=\"394\" height=\"394\" src=\"https:\/\/agora.xtec.cat\/escolacaudelaguineu\/wp-content\/uploads\/usu1304\/2025\/01\/Logo-Symbaloo-Favicon.png\" alt=\"\" class=\"wp-image-3580\" style=\"object-fit:cover;width:100px;height:100px\" srcset=\"https:\/\/agora.xtec.cat\/escolacaudelaguineu\/wp-content\/uploads\/usu1304\/2025\/01\/Logo-Symbaloo-Favicon.png 394w, https:\/\/agora.xtec.cat\/escolacaudelaguineu\/wp-content\/uploads\/usu1304\/2025\/01\/Logo-Symbaloo-Favicon-300x300.png 300w, https:\/\/agora.xtec.cat\/escolacaudelaguineu\/wp-content\/uploads\/usu1304\/2025\/01\/Logo-Symbaloo-Favicon-150x150.png 150w\" sizes=\"auto, (max-width: 394px) 100vw, 394px\" \/><\/a><\/figure>\n\n\n\n<div class=\"wp-block-columns is-layout-flex wp-container-core-columns-is-layout-1 wp-block-columns-is-layout-flex\">\n<div class=\"wp-block-column is-layout-flow wp-block-column-is-layout-flow\">\n<div class=\"wp-block-buttons is-layout-flex wp-block-buttons-is-layout-flex\">\n<div class=\"wp-block-button\"><a class=\"wp-block-button__link wp-element-button\" href=\"https:\/\/www.symbaloo.com\/shared\/AAAABlZgV08AA42ADgl3GA==\" target=\"_blank\" rel=\"noreferrer noopener\">Educaci\u00f3 infantil<\/a><\/div>\n<\/div>\n<\/div>\n\n\n\n<div class=\"wp-block-column is-layout-flow wp-block-column-is-layout-flow\">\n<div class=\"wp-block-buttons is-layout-flex wp-block-buttons-is-layout-flex\">\n<div class=\"wp-block-button\"><a class=\"wp-block-button__link wp-element-button\" href=\"https:\/\/www.symbaloo.com\/shared\/AAAABoyLGpgAA42ADgl3Pw==\" target=\"_blank\" rel=\"noreferrer noopener\">Cicle inicial<\/a><\/div>\n<\/div>\n<\/div>\n\n\n\n<div class=\"wp-block-column is-layout-flow wp-block-column-is-layout-flow\">\n<div class=\"wp-block-buttons is-layout-flex wp-block-buttons-is-layout-flex\">\n<div class=\"wp-block-button\"><a class=\"wp-block-button__link wp-element-button\" href=\"https:\/\/www.symbaloo.com\/shared\/AAAABoi8iXkAA42ADgl3Gw==\" target=\"_blank\" rel=\"noreferrer noopener\">Cicle mitj\u00e0<\/a><\/div>\n<\/div>\n<\/div>\n\n\n\n<div class=\"wp-block-column is-layout-flow wp-block-column-is-layout-flow\">\n<div class=\"wp-block-buttons is-layout-flex wp-block-buttons-is-layout-flex\">\n<div class=\"wp-block-button\"><a class=\"wp-block-button__link wp-element-button\" href=\"https:\/\/www.symbaloo.com\/shared\/AAAABoi81_UAA42ADgl3FQ==\" target=\"_blank\" rel=\"noreferrer noopener\">Cicle superior<\/a><\/div>\n<\/div>\n<\/div>\n<\/div>\n\n\n\n<p class=\"has-luminous-vivid-orange-color has-text-color has-link-color has-medium-font-size wp-elements-34e9c3007eab8ce12a75b5c32b577e85\">ENLLA\u00c7OS D&#8217;INTER\u00c8S<\/p>\n\n\n\n<p><\/p>\n","protected":false},"excerpt":{"rendered":"<p>CLASSROOM SYMBALLO El centre ha realitzat un Symballo classificat per nivells educatius que t\u00e9 com a finalitat proporcionar a l&#8217;alumnat acc\u00e8s als diferents enlla\u00e7os educatius que m\u00e9s utilitza cada nivell. ENLLA\u00c7OS D&#8217;INTER\u00c8S<\/p>\n","protected":false},"author":1,"featured_media":3763,"parent":0,"menu_order":0,"comment_status":"closed","ping_status":"close","template":"","meta":{"_bbp_topic_count":0,"_bbp_reply_count":0,"_bbp_total_topic_count":0,"_bbp_total_reply_count":0,"_bbp_voice_count":0,"_bbp_anonymous_reply_count":0,"_bbp_topic_count_hidden":0,"_bbp_reply_count_hidden":0,"_bbp_forum_subforum_count":0,"site-sidebar-layout":"default","site-content-layout":"","ast-site-content-layout":"default","site-content-style":"default","site-sidebar-style":"default","ast-global-header-display":"","ast-banner-title-visibility":"","ast-main-header-display":"","ast-hfb-above-header-display":"","ast-hfb-below-header-display":"","ast-hfb-mobile-header-display":"","site-post-title":"","ast-breadcrumbs-content":"","ast-featured-img":"","footer-sml-layout":"","theme-transparent-header-meta":"","adv-header-id-meta":"","stick-header-meta":"","header-above-stick-meta":"","header-main-stick-meta":"","header-below-stick-meta":"","astra-migrate-meta-layouts":"set","ast-page-background-enabled":"default","ast-page-background-meta":{"desktop":{"background-color":"var(--ast-global-color-4)","background-image":"","background-repeat":"repeat","background-position":"center center","background-size":"auto","background-attachment":"scroll","background-type":"","background-media":"","overlay-type":"","overlay-color":"","overlay-opacity":"","overlay-gradient":""},"tablet":{"background-color":"","background-image":"","background-repeat":"repeat","background-position":"center center","background-size":"auto","background-attachment":"scroll","background-type":"","background-media":"","overlay-type":"","overlay-color":"","overlay-opacity":"","overlay-gradient":""},"mobile":{"background-color":"","background-image":"","background-repeat":"repeat","background-position":"center center","background-size":"auto","background-attachment":"scroll","background-type":"","background-media":"","overlay-type":"","overlay-color":"","overlay-opacity":"","overlay-gradient":""}},"ast-content-background-meta":{"desktop":{"background-color":"var(--ast-global-color-5)","background-image":"","background-repeat":"repeat","background-position":"center center","background-size":"auto","background-attachment":"scroll","background-type":"","background-media":"","overlay-type":"","overlay-color":"","overlay-opacity":"","overlay-gradient":""},"tablet":{"background-color":"var(--ast-global-color-5)","background-image":"","background-repeat":"repeat","background-position":"center center","background-size":"auto","background-attachment":"scroll","background-type":"","background-media":"","overlay-type":"","overlay-color":"","overlay-opacity":"","overlay-gradient":""},"mobile":{"background-color":"var(--ast-global-color-5)","background-image":"","background-repeat":"repeat","background-position":"center center","background-size":"auto","background-attachment":"scroll","background-type":"","background-media":"","overlay-type":"","overlay-color":"","overlay-opacity":"","overlay-gradient":""}},"footnotes":""},"class_list":["post-3735","page","type-page","status-publish","has-post-thumbnail","hentry"],"post_mailing_queue_ids":[],"_links":{"self":[{"href":"https:\/\/agora.xtec.cat\/escolacaudelaguineu\/wp-json\/wp\/v2\/pages\/3735","targetHints":{"allow":["GET"]}}],"collection":[{"href":"https:\/\/agora.xtec.cat\/escolacaudelaguineu\/wp-json\/wp\/v2\/pages"}],"about":[{"href":"https:\/\/agora.xtec.cat\/escolacaudelaguineu\/wp-json\/wp\/v2\/types\/page"}],"author":[{"embeddable":true,"href":"https:\/\/agora.xtec.cat\/escolacaudelaguineu\/wp-json\/wp\/v2\/users\/1"}],"replies":[{"embeddable":true,"href":"https:\/\/agora.xtec.cat\/escolacaudelaguineu\/wp-json\/wp\/v2\/comments?post=3735"}],"version-history":[{"count":6,"href":"https:\/\/agora.xtec.cat\/escolacaudelaguineu\/wp-json\/wp\/v2\/pages\/3735\/revisions"}],"predecessor-version":[{"id":3769,"href":"https:\/\/agora.xtec.cat\/escolacaudelaguineu\/wp-json\/wp\/v2\/pages\/3735\/revisions\/3769"}],"wp:featuredmedia":[{"embeddable":true,"href":"https:\/\/agora.xtec.cat\/escolacaudelaguineu\/wp-json\/wp\/v2\/media\/3763"}],"wp:attachment":[{"href":"https:\/\/agora.xtec.cat\/escolacaudelaguineu\/wp-json\/wp\/v2\/media?parent=3735"}],"curies":[{"name":"wp","href":"https:\/\/api.w.org\/{rel}","templated":true}]}}