{"id":2133,"date":"2021-03-04T11:09:43","date_gmt":"2021-03-04T10:09:43","guid":{"rendered":"http:\/\/agora.xtec.cat\/escolacaudelaguineu\/?page_id=2133"},"modified":"2026-04-16T16:23:02","modified_gmt":"2026-04-16T14:23:02","slug":"preinscripcio","status":"publish","type":"page","link":"https:\/\/agora.xtec.cat\/escolacaudelaguineu\/secretaria\/preinscripcio\/","title":{"rendered":"Preinscripci\u00f3 i matr\u00edcula"},"content":{"rendered":"\n<p class=\"has-luminous-vivid-orange-color has-text-color has-link-color wp-elements-400f9a571950b0d48db5fb04ec1a7475\"> <a href=\"https:\/\/drive.google.com\/file\/d\/1iSr7xSjzxanv8JHit8TF4JOnXrHUWUEo\/view?usp=drive_link\">PUBLICACI\u00d3 D&#8217;OFERTA INICIAL DE PLACES<\/a><\/p>\n\n\n\n<p><a href=\"https:\/\/drive.google.com\/file\/d\/1rJR9qiPgiLiHLY593Dc0oyPux1PH0MRS\/view?usp=drive_link\">PUBLICACI\u00d3 DE LA LLISTA DE SOL\u00b7LICITUDS QUE HAN DEMANAT EL CENTRE I L\u2019ENSENYAMENT EN PRIMERA PETICI\u00d3 AMB LA PUNTUACI\u00d3 PROVISIONAL A 15\/4\/2026<\/a><\/p>\n\n\n<p>Per obtenir m\u00e9s informaci\u00f3\u00a0 sobre el proc\u00e9s d&#8217;inscripci\u00f3 podeu adre\u00e7ar-vos a l&#8217;enlla\u00e7 <a href=\"https:\/\/preinscripcio.gencat.cat\/ca\/inici\" target=\"_blank\" rel=\"noopener\">web del Departament d&#8217;Educaci\u00f3.\u00a0\u00a0<\/a><\/p>\n<p><span style=\"font-weight: 400;\">El per\u00edode de <\/span><b>preinscripci\u00f3 pel curs 26-27 <\/b>c<span style=\"font-weight: 400;\">onsta de les seg\u00fcents fases. Les dates aproximades s\u00f3n entre febrer i juny. A trav\u00e9s d\u2019aquesta web podreu consultar les novetats quan s\u2019obri el per\u00edode d\u2019inscripci\u00f3.<\/span><\/p>\n<p><span style=\"font-weight: 400;\">-Jornada de portes obertes i xerrades informatives als centres<\/span><\/p>\n<p><span style=\"font-weight: 400;\">-Oferta inicial de places escolars<\/span><\/p>\n<p><span style=\"font-weight: 400;\">-Presentaci\u00f3 de sol\u00b7licituds<\/span><\/p>\n<p><span style=\"font-weight: 400;\">-Presentaci\u00f3 de documentaci\u00f3<\/span><\/p>\n<p><span style=\"font-weight: 400;\">-Llista de sol\u00b7licituds amb la puntuaci\u00f3 provisional<\/span><\/p>\n<p><span style=\"font-weight: 400;\">-Presentaci\u00f3 de reclamacions<\/span><\/p>\n<p><span style=\"font-weight: 400;\">-Llista de sol\u00b7licituds amb la puntuaci\u00f3 un cop resoltes les reclamacions<\/span><\/p>\n<p><span style=\"font-weight: 400;\">-Sorteig per resoldre les sol\u00b7licituds de preinscripci\u00f3 empatades en punts<\/span><\/p>\n<p><span style=\"font-weight: 400;\">-Llista ordenada<\/span><\/p>\n<p><span style=\"font-weight: 400;\">-Ampliaci\u00f3 de peticions de preinscripci\u00f3 per a alumnes sense pla\u00e7a assignada a cap centre<\/span><\/p>\n<p><span style=\"font-weight: 400;\">Oferta final de places escolars<\/span><\/p>\n<p><span style=\"font-weight: 400;\">Llista d&#8217;alumnes admesos i llista d&#8217;espera<\/span><\/p>\n<p><span style=\"font-weight: 400;\">-Matriculaci\u00f3<\/span><\/p>","protected":false},"excerpt":{"rendered":"<p>PUBLICACI\u00d3 D&#8217;OFERTA INICIAL DE PLACES PUBLICACI\u00d3 DE LA LLISTA DE SOL\u00b7LICITUDS QUE HAN DEMANAT EL CENTRE I L\u2019ENSENYAMENT EN PRIMERA PETICI\u00d3 AMB LA PUNTUACI\u00d3 PROVISIONAL A 15\/4\/2026 Per obtenir m\u00e9s informaci\u00f3\u00a0 sobre el proc\u00e9s d&#8217;inscripci\u00f3 podeu adre\u00e7ar-vos a l&#8217;enlla\u00e7 web del Departament d&#8217;Educaci\u00f3.\u00a0\u00a0 El per\u00edode de preinscripci\u00f3 pel curs 26-27 consta de les seg\u00fcents fases. [&hellip;]<\/p>\n","protected":false},"author":1,"featured_media":0,"parent":465,"menu_order":1,"comment_status":"closed","ping_status":"closed","template":"","meta":{"_bbp_topic_count":0,"_bbp_reply_count":0,"_bbp_total_topic_count":0,"_bbp_total_reply_count":0,"_bbp_voice_count":0,"_bbp_anonymous_reply_count":0,"_bbp_topic_count_hidden":0,"_bbp_reply_count_hidden":0,"_bbp_forum_subforum_count":0,"site-sidebar-layout":"default","site-content-layout":"","ast-site-content-layout":"default","site-content-style":"default","site-sidebar-style":"default","ast-global-header-display":"","ast-banner-title-visibility":"","ast-main-header-display":"","ast-hfb-above-header-display":"","ast-hfb-below-header-display":"","ast-hfb-mobile-header-display":"","site-post-title":"disabled","ast-breadcrumbs-content":"","ast-featured-img":"","footer-sml-layout":"","theme-transparent-header-meta":"","adv-header-id-meta":"","stick-header-meta":"","header-above-stick-meta":"","header-main-stick-meta":"","header-below-stick-meta":"","astra-migrate-meta-layouts":"set","ast-page-background-enabled":"default","ast-page-background-meta":{"desktop":{"background-color":"var(--ast-global-color-4)","background-image":"","background-repeat":"repeat","background-position":"center center","background-size":"auto","background-attachment":"scroll","background-type":"","background-media":"","overlay-type":"","overlay-color":"","overlay-opacity":"","overlay-gradient":""},"tablet":{"background-color":"","background-image":"","background-repeat":"repeat","background-position":"center center","background-size":"auto","background-attachment":"scroll","background-type":"","background-media":"","overlay-type":"","overlay-color":"","overlay-opacity":"","overlay-gradient":""},"mobile":{"background-color":"","background-image":"","background-repeat":"repeat","background-position":"center center","background-size":"auto","background-attachment":"scroll","background-type":"","background-media":"","overlay-type":"","overlay-color":"","overlay-opacity":"","overlay-gradient":""}},"ast-content-background-meta":{"desktop":{"background-color":"var(--ast-global-color-5)","background-image":"","background-repeat":"repeat","background-position":"center center","background-size":"auto","background-attachment":"scroll","background-type":"","background-media":"","overlay-type":"","overlay-color":"","overlay-opacity":"","overlay-gradient":""},"tablet":{"background-color":"var(--ast-global-color-5)","background-image":"","background-repeat":"repeat","background-position":"center center","background-size":"auto","background-attachment":"scroll","background-type":"","background-media":"","overlay-type":"","overlay-color":"","overlay-opacity":"","overlay-gradient":""},"mobile":{"background-color":"var(--ast-global-color-5)","background-image":"","background-repeat":"repeat","background-position":"center center","background-size":"auto","background-attachment":"scroll","background-type":"","background-media":"","overlay-type":"","overlay-color":"","overlay-opacity":"","overlay-gradient":""}},"footnotes":""},"class_list":["post-2133","page","type-page","status-publish","hentry"],"post_mailing_queue_ids":[],"_links":{"self":[{"href":"https:\/\/agora.xtec.cat\/escolacaudelaguineu\/wp-json\/wp\/v2\/pages\/2133","targetHints":{"allow":["GET"]}}],"collection":[{"href":"https:\/\/agora.xtec.cat\/escolacaudelaguineu\/wp-json\/wp\/v2\/pages"}],"about":[{"href":"https:\/\/agora.xtec.cat\/escolacaudelaguineu\/wp-json\/wp\/v2\/types\/page"}],"author":[{"embeddable":true,"href":"https:\/\/agora.xtec.cat\/escolacaudelaguineu\/wp-json\/wp\/v2\/users\/1"}],"replies":[{"embeddable":true,"href":"https:\/\/agora.xtec.cat\/escolacaudelaguineu\/wp-json\/wp\/v2\/comments?post=2133"}],"version-history":[{"count":6,"href":"https:\/\/agora.xtec.cat\/escolacaudelaguineu\/wp-json\/wp\/v2\/pages\/2133\/revisions"}],"predecessor-version":[{"id":3902,"href":"https:\/\/agora.xtec.cat\/escolacaudelaguineu\/wp-json\/wp\/v2\/pages\/2133\/revisions\/3902"}],"up":[{"embeddable":true,"href":"https:\/\/agora.xtec.cat\/escolacaudelaguineu\/wp-json\/wp\/v2\/pages\/465"}],"wp:attachment":[{"href":"https:\/\/agora.xtec.cat\/escolacaudelaguineu\/wp-json\/wp\/v2\/media?parent=2133"}],"curies":[{"name":"wp","href":"https:\/\/api.w.org\/{rel}","templated":true}]}}