{"id":26,"date":"2014-09-18T12:24:32","date_gmt":"2014-09-18T11:24:32","guid":{"rendered":"http:\/\/agora.xtec.cat\/escolacatalunyasantadria\/?page_id=26"},"modified":"2017-01-23T21:36:18","modified_gmt":"2017-01-23T20:36:18","slug":"historia","status":"publish","type":"page","link":"https:\/\/agora.xtec.cat\/escolacatalunyasantadria\/lescola\/historia\/","title":{"rendered":"Hist\u00f2ria"},"content":{"rendered":"<p>&nbsp;<\/p>\n<p style=\"text-align: justify;\">L&#8217;origen de l&#8217;actual Escola Catalunya va ser un escampall d&#8217;aules habilitades en diferents locals de Sant Adri\u00e0, majorit\u00e0riament al barri de Sant Joan Baptista.<\/p>\n<p style=\"text-align: justify;\">Ja des de l&#8217;any 1978 es demanava i reivindicava un espai, uns terrenys en els quals els alumnes estiguessin junts i poder sentir-se una comunitat. Gr\u00e0cies a la lluita i l&#8217;empenta de les fam\u00edlies dels alumnes de llavors, els mestres, el barri, en definitiva de tota la comunitat educativa vam poder gaudir d&#8217;una Escola Nova al curs 83\/84.<\/p>\n<p>&nbsp;<\/p>\n<p style=\"text-align: center;\"><iframe loading=\"lazy\" src=\"https:\/\/www.youtube.com\/embed\/js_HnNh3wDI?rel=0&amp;showinfo=0\" width=\"560\" height=\"315\" frameborder=\"\" allowfullscreen=\"allowfullscreen\"><\/iframe><\/p>\n<p style=\"text-align: justify;\">\n<p style=\"text-align: justify;\">En el curs 2008\/09 davant el repte de la celebraci\u00f3 del 25\u00e8 Aniversari de la nostra Escola v\u00e0rem decidir que no fos un acte concret i puntual, sino que fos una realitat viscuda per tothom relacionant aquest esdeveniment amb les activitats i celebracions del curs escolar.<\/p>\n<p style=\"text-align: justify;\">Aqu\u00ed us mostrem el recull que vam fer d&#8217;aquella celebraci\u00f3.<\/p>\n<div style=\"text-align: center;\">\n<div style=\"margin: 8px 0px 4px;\"><\/div>\n<p><iframe loading=\"lazy\" style=\"margin: 0 auto;\" src=\"\/\/v.calameo.com\/?bkcode=0034032976229fa4f8339&amp;mode=mini\" width=\"740\" height=\"490\" frameborder=\"0\" scrolling=\"no\" allowfullscreen=\"allowfullscreen\"><\/iframe><\/p>\n<div style=\"margin: 4px 0px 8px;\">\n<p>&nbsp;<\/p>\n<p style=\"text-align: left;\">Per con\u00e8ixer la nostra traject\u00f2ria fins al dia d&#8217;avui us suggerim que visiteu els seg\u00fcents enlla\u00e7os.<\/p>\n<div style=\"text-align: center;\"><\/div>\n<div style=\"text-align: center;\">\n<p><a href=\"https:\/\/sites.google.com\/site\/activitatsescolacatalunya\/\"><img loading=\"lazy\" decoding=\"async\" class=\"alignnone wp-image-566\" src=\"http:\/\/agora.xtec.cat\/escolacatalunyasantadria\/wp-content\/uploads\/usu1541\/2014\/09\/CAPTURA-LOGO-ACTIVITATSESCOLACATALUNYA.jpg\" alt=\"captura-logo-activitatsescolacatalunya\" width=\"404\" height=\"128\" srcset=\"https:\/\/agora.xtec.cat\/escolacatalunyasantadria\/wp-content\/uploads\/usu1541\/2014\/09\/CAPTURA-LOGO-ACTIVITATSESCOLACATALUNYA.jpg 535w, https:\/\/agora.xtec.cat\/escolacatalunyasantadria\/wp-content\/uploads\/usu1541\/2014\/09\/CAPTURA-LOGO-ACTIVITATSESCOLACATALUNYA-300x95.jpg 300w\" sizes=\"auto, (max-width: 404px) 100vw, 404px\" \/><\/a><\/p>\n<p><a href=\"https:\/\/sites.google.com\/site\/larevistadelcatalunya\/\"><img loading=\"lazy\" decoding=\"async\" class=\"wp-image-567 alignnone\" src=\"http:\/\/agora.xtec.cat\/escolacatalunyasantadria\/wp-content\/uploads\/usu1541\/2014\/09\/logo-revista-de-lescola.jpg\" alt=\"logo-revista-de-lescola\" width=\"205\" height=\"121\" \/><\/a><\/p>\n<\/div>\n<\/div>\n<p>&nbsp;<\/p>\n<\/div>\n","protected":false},"excerpt":{"rendered":"<p>&nbsp;<br \/>\nL&#8217;origen de l&#8217;actual Escola Catalunya va ser un escampall d&#8217;aules habilitades en diferents locals de Sant Adri\u00e0, majorit\u00e0riament al barri de Sant Joan Baptista.<br \/>\nJa des de l&#8217;any 1978 es demanava i reivindicava un espai, uns terrenys en els quals els alumnes estiguessin junts i poder&hellip;  <a href=\"https:\/\/agora.xtec.cat\/escolacatalunyasantadria\/lescola\/historia\/\" title=\"Read Hist\u00f2ria\">Llegeix m\u00e9s\u00bb<\/a><\/p>\n","protected":false},"author":1,"featured_media":0,"parent":22,"menu_order":20,"comment_status":"closed","ping_status":"closed","template":"page-templates\/side-menu.php","meta":{"footnotes":""},"class_list":["post-26","page","type-page","status-publish","hentry"],"post_mailing_queue_ids":[],"_links":{"self":[{"href":"https:\/\/agora.xtec.cat\/escolacatalunyasantadria\/wp-json\/wp\/v2\/pages\/26","targetHints":{"allow":["GET"]}}],"collection":[{"href":"https:\/\/agora.xtec.cat\/escolacatalunyasantadria\/wp-json\/wp\/v2\/pages"}],"about":[{"href":"https:\/\/agora.xtec.cat\/escolacatalunyasantadria\/wp-json\/wp\/v2\/types\/page"}],"author":[{"embeddable":true,"href":"https:\/\/agora.xtec.cat\/escolacatalunyasantadria\/wp-json\/wp\/v2\/users\/1"}],"replies":[{"embeddable":true,"href":"https:\/\/agora.xtec.cat\/escolacatalunyasantadria\/wp-json\/wp\/v2\/comments?post=26"}],"version-history":[{"count":5,"href":"https:\/\/agora.xtec.cat\/escolacatalunyasantadria\/wp-json\/wp\/v2\/pages\/26\/revisions"}],"predecessor-version":[{"id":677,"href":"https:\/\/agora.xtec.cat\/escolacatalunyasantadria\/wp-json\/wp\/v2\/pages\/26\/revisions\/677"}],"up":[{"embeddable":true,"href":"https:\/\/agora.xtec.cat\/escolacatalunyasantadria\/wp-json\/wp\/v2\/pages\/22"}],"wp:attachment":[{"href":"https:\/\/agora.xtec.cat\/escolacatalunyasantadria\/wp-json\/wp\/v2\/media?parent=26"}],"curies":[{"name":"wp","href":"https:\/\/api.w.org\/{rel}","templated":true}]}}