{"id":460,"date":"2016-11-07T16:16:26","date_gmt":"2016-11-07T15:16:26","guid":{"rendered":"http:\/\/agora.xtec.cat\/escolacastellum\/?page_id=460"},"modified":"2018-05-07T17:10:59","modified_gmt":"2018-05-07T15:10:59","slug":"tallers-quart-cinque-i-sise","status":"publish","type":"page","link":"https:\/\/agora.xtec.cat\/escolacastellum\/activitats-descola\/tallers\/tallers-quart-cinque-i-sise\/","title":{"rendered":"Tallers quart, cinqu\u00e8 i sis\u00e8"},"content":{"rendered":"<p><strong>\u00a0TALLERS DE 4t, 5\u00e8 i 6\u00e8<\/strong><\/p>\n<p>Un any m\u00e9s comencem els tallers entre infants de 4t a 6\u00e8.<\/p>\n<p>Els tallers s\u00f3n un tipus d\u2019agrupament que possibilita:<\/p>\n<p>La interrelaci\u00f3 entre infants de diferents edats, fet que comporta un gran enriquiment.<\/p>\n<ul>\n<li>Es fomenta el treball cooperatiu.<\/li>\n<li>El fet que el grup sigui fix d\u00f3na una identitat que en altres situacions com p.ex. portes obertes on tamb\u00e9 es barregen els grups no es d\u00f3na ja que cada setmana varia.<\/li>\n<li>Podem realitzar activitats diverses que en gran grup \u00e9s dif\u00edcil portar-les a terme.<\/li>\n<\/ul>\n<p>Els tallers 4t a 6\u00e8<strong> es faran el dilluns a la tarda de 15\u201915 a les 16\u201915 h<\/strong>. \u00a0Cada grup de tallers estar\u00e0 format per <strong>13\/14 infants<\/strong> i la data d\u2019inici \u00e9s el dilluns 16 de gener<strong>.<\/strong><\/p>\n<p>Com cada any ja sabeu que necessitem de la vostra <strong>col\u00b7laboraci\u00f3<\/strong> per dur a terme els tallers. S\u00b4ha penjat una graella a la porta del m\u00f2dul nou \u00a0perqu\u00e8 les <strong>fam\u00edlies<\/strong> us aneu apuntant per\u00a0 fer els tallers.<\/p>\n<p>&nbsp;<\/p>\n<p><strong>Quins tallers farem?<\/strong><\/p>\n<p><u>\u00a0<\/u><\/p>\n<table style=\"height: 730px;\" width=\"832\">\n<tbody>\n<tr>\n<td style=\"width: 318px;\"><strong>Tipus de taller<\/strong><\/td>\n<td style=\"width: 332px;\"><strong>Adult responsable<\/strong><\/p>\n<p><strong>\u00a0<\/strong><\/td>\n<td style=\"width: 172px;\"><strong>Espai<\/strong><\/p>\n<p><strong>\u00a0<\/strong><\/td>\n<\/tr>\n<tr>\n<td style=\"width: 318px;\">Cultura i tradici\u00f3: Castells<\/td>\n<td style=\"width: 332px;\">Olga Geli<\/td>\n<td style=\"width: 172px;\">Aula 5\u00e8<\/td>\n<\/tr>\n<tr>\n<td style=\"width: 318px;\">&nbsp;<\/td>\n<td style=\"width: 332px;\">&nbsp;<\/td>\n<td style=\"width: 172px;\">&nbsp;<\/td>\n<\/tr>\n<tr>\n<td style=\"width: 318px;\">Bum bum<\/td>\n<td style=\"width: 332px;\">Dani<\/td>\n<td style=\"width: 172px;\">Aula 6\u00e8<\/td>\n<\/tr>\n<tr>\n<td style=\"width: 318px;\">&nbsp;<\/td>\n<td style=\"width: 332px;\">&nbsp;<\/td>\n<td style=\"width: 172px;\">&nbsp;<\/td>\n<\/tr>\n<tr>\n<td style=\"width: 318px;\">T\u00e8cniques pre-Teatre<\/td>\n<td style=\"width: 332px;\">Joan<\/td>\n<td style=\"width: 172px;\">Sala gran<\/td>\n<\/tr>\n<tr>\n<td style=\"width: 318px;\">&nbsp;<\/td>\n<td style=\"width: 332px;\">&nbsp;<\/td>\n<td style=\"width: 172px;\">&nbsp;<\/td>\n<\/tr>\n<tr>\n<td style=\"width: 318px;\">Animaci\u00f3 on-line<\/td>\n<td style=\"width: 332px;\">Llu\u00eds<\/td>\n<td style=\"width: 172px;\">Aula 4B<\/td>\n<\/tr>\n<tr>\n<td style=\"width: 318px;\">&nbsp;<\/td>\n<td style=\"width: 332px;\">&nbsp;<\/td>\n<td style=\"width: 172px;\">&nbsp;<\/td>\n<\/tr>\n<tr>\n<td style=\"width: 318px;\">Jocs ling\u00fc\u00edstics<\/td>\n<td style=\"width: 332px;\">Irene<\/td>\n<td style=\"width: 172px;\">Biblioteca<\/p>\n<p>&nbsp;<\/p>\n<p>&nbsp;<\/td>\n<\/tr>\n<tr>\n<td style=\"width: 318px;\">Gimcana matem\u00e0tica<\/p>\n<p>&nbsp;<\/p>\n<p>Activitats v\u00e0ries<\/td>\n<td style=\"width: 332px;\">Laura<\/p>\n<p>&nbsp;<\/p>\n<p>fam\u00edlies<\/td>\n<td style=\"width: 172px;\">Aula 4A<\/p>\n<p>&nbsp;<\/p>\n<p>&nbsp;<\/td>\n<\/tr>\n<\/tbody>\n<\/table>\n","protected":false},"excerpt":{"rendered":"<p>\u00a0TALLERS DE 4t, 5\u00e8 i 6\u00e8<br \/>\nUn any m\u00e9s comencem els tallers entre infants de 4t a 6\u00e8.<br \/>\nEls tallers s\u00f3n un tipus d\u2019agrupament que possibilita:<br \/>\nLa interrelaci\u00f3 entre infants de diferents edats, fet que comporta un gran enriquiment.<\/p>\n<ul>\n<li>Es fomenta el treball cooperatiu.<\/li>\n<li>El fet que el grup sigui&hellip;  <a href=\"https:\/\/agora.xtec.cat\/escolacastellum\/activitats-descola\/tallers\/tallers-quart-cinque-i-sise\/\" title=\"Read Tallers quart, cinqu\u00e8 i sis\u00e8\">Llegeix m\u00e9s\u00bb<\/a><br \/>\n","protected":false},"author":1,"featured_media":0,"parent":232,"menu_order":0,"comment_status":"closed","ping_status":"closed","template":"page-templates\/side-menu.php","meta":{"_bbp_topic_count":0,"_bbp_reply_count":0,"_bbp_total_topic_count":0,"_bbp_total_reply_count":0,"_bbp_voice_count":0,"_bbp_anonymous_reply_count":0,"_bbp_topic_count_hidden":0,"_bbp_reply_count_hidden":0,"_bbp_forum_subforum_count":0,"footnotes":""},"class_list":["post-460","page","type-page","status-publish","hentry"],"post_mailing_queue_ids":[],"_links":{"self":[{"href":"https:\/\/agora.xtec.cat\/escolacastellum\/wp-json\/wp\/v2\/pages\/460","targetHints":{"allow":["GET"]}}],"collection":[{"href":"https:\/\/agora.xtec.cat\/escolacastellum\/wp-json\/wp\/v2\/pages"}],"about":[{"href":"https:\/\/agora.xtec.cat\/escolacastellum\/wp-json\/wp\/v2\/types\/page"}],"author":[{"embeddable":true,"href":"https:\/\/agora.xtec.cat\/escolacastellum\/wp-json\/wp\/v2\/users\/1"}],"replies":[{"embeddable":true,"href":"https:\/\/agora.xtec.cat\/escolacastellum\/wp-json\/wp\/v2\/comments?post=460"}],"version-history":[{"count":2,"href":"https:\/\/agora.xtec.cat\/escolacastellum\/wp-json\/wp\/v2\/pages\/460\/revisions"}],"predecessor-version":[{"id":1786,"href":"https:\/\/agora.xtec.cat\/escolacastellum\/wp-json\/wp\/v2\/pages\/460\/revisions\/1786"}],"up":[{"embeddable":true,"href":"https:\/\/agora.xtec.cat\/escolacastellum\/wp-json\/wp\/v2\/pages\/232"}],"wp:attachment":[{"href":"https:\/\/agora.xtec.cat\/escolacastellum\/wp-json\/wp\/v2\/media?parent=460"}],"curies":[{"name":"wp","href":"https:\/\/api.w.org\/{rel}","templated":true}]}}