{"id":446,"date":"2016-11-07T16:12:09","date_gmt":"2016-11-07T15:12:09","guid":{"rendered":"http:\/\/agora.xtec.cat\/escolacastellum\/?page_id=446"},"modified":"2018-05-28T08:47:05","modified_gmt":"2018-05-28T06:47:05","slug":"preparem-la-motxilla","status":"publish","type":"page","link":"https:\/\/agora.xtec.cat\/escolacastellum\/activitats-descola\/grups-de-recerca\/preparem-la-motxilla\/","title":{"rendered":"Preparem la motxilla 4t i 5\u00e8"},"content":{"rendered":"<p style=\"text-align: center;\"><strong>\u00a0<\/strong><\/p>\n<p style=\"text-align: center;\"><strong>CURS 2017-2018<\/strong><\/p>\n<p style=\"text-align: left;\">Aquest curs el grup de recerca Preparem la motxilla de 4t i 5\u00e8 ha estat format per l&#8217;\u00c0lex, en Pau, la Nadia, en Jon, l&#8217;Oriol, l&#8217;Aina, l&#8217;Olivia, en Quirze, en Grau, l&#8217;Alexandra, la T\u00e0nia, l&#8217;Aya, en Samuel, la Laia i en Joan que ens ha acompanyat. La nostra feina ha estat preparar les col\u00f2nies que hem fet a Els Arcs de Sta. Pau. Creiem que hem fet una bona feina i que el resultat ha estat molt satisfactori per gaireb\u00e9 tothom. Hem jugat, hem preparat jocs, gimcanes, tallers, etc&#8230;<\/p>\n<p style=\"text-align: left;\"><a href=\"http:\/\/agora.xtec.cat\/escolacastellum\/wp-content\/uploads\/usu788\/2016\/11\/DSCN1151.jpg\"><img loading=\"lazy\" decoding=\"async\" class=\"alignnone size-full wp-image-1895\" src=\"http:\/\/agora.xtec.cat\/escolacastellum\/wp-content\/uploads\/usu788\/2016\/11\/DSCN1151.jpg\" alt=\"\" width=\"640\" height=\"480\" srcset=\"https:\/\/agora.xtec.cat\/escolacastellum\/wp-content\/uploads\/usu788\/2016\/11\/DSCN1151.jpg 640w, https:\/\/agora.xtec.cat\/escolacastellum\/wp-content\/uploads\/usu788\/2016\/11\/DSCN1151-300x225.jpg 300w, https:\/\/agora.xtec.cat\/escolacastellum\/wp-content\/uploads\/usu788\/2016\/11\/DSCN1151-200x150.jpg 200w\" sizes=\"auto, (max-width: 640px) 100vw, 640px\" \/><\/a><\/p>\n<p style=\"text-align: center;\"><strong>CURS 2016-17<\/strong><\/p>\n<hr \/>\n<p><img loading=\"lazy\" decoding=\"async\" class=\"size-large wp-image-618 aligncenter\" src=\"http:\/\/agora.xtec.cat\/escolacastellum\/wp-content\/uploads\/usu788\/2016\/11\/motxilla-1024x768.jpg\" alt=\"motxilla\" width=\"1024\" height=\"768\" srcset=\"https:\/\/agora.xtec.cat\/escolacastellum\/wp-content\/uploads\/usu788\/2016\/11\/motxilla-1024x768.jpg 1024w, https:\/\/agora.xtec.cat\/escolacastellum\/wp-content\/uploads\/usu788\/2016\/11\/motxilla-300x225.jpg 300w, https:\/\/agora.xtec.cat\/escolacastellum\/wp-content\/uploads\/usu788\/2016\/11\/motxilla-768x576.jpg 768w, https:\/\/agora.xtec.cat\/escolacastellum\/wp-content\/uploads\/usu788\/2016\/11\/motxilla-200x150.jpg 200w, https:\/\/agora.xtec.cat\/escolacastellum\/wp-content\/uploads\/usu788\/2016\/11\/motxilla.jpg 1300w\" sizes=\"auto, (max-width: 1024px) 100vw, 1024px\" \/><\/p>\n<p>El grup de recerca de \u201cPreparem la motxilla\u201d organitzem les col\u00f2nies que farem els dies 26, 27 i 28 de febrer a El Rami\u00f3. Tot ho fem entre tots i si cal ens repartim en petits grups. Pensem jocs, tallers, el material, l\u2019horari i moltes coses m\u00e9s per tal que les col\u00f2nies siguin d\u2019all\u00f2 m\u00e9s divertides!<\/p>\n","protected":false},"excerpt":{"rendered":"<p>\u00a0<br \/>\nCURS 2017-2018<br \/>\nAquest curs el grup de recerca Preparem la motxilla de 4t i 5\u00e8 ha estat format per l&#8217;\u00c0lex, en Pau, la Nadia, en Jon, l&#8217;Oriol, l&#8217;Aina, l&#8217;Olivia, en Quirze, en Grau, l&#8217;Alexandra, la T\u00e0nia, l&#8217;Aya, en Samuel, la Laia i en Joan que ens&hellip;  <a href=\"https:\/\/agora.xtec.cat\/escolacastellum\/activitats-descola\/grups-de-recerca\/preparem-la-motxilla\/\" title=\"Read Preparem la motxilla 4t i 5\u00e8\">Llegeix m\u00e9s\u00bb<\/a><\/p>\n","protected":false},"author":1,"featured_media":0,"parent":234,"menu_order":0,"comment_status":"closed","ping_status":"closed","template":"page-templates\/side-menu.php","meta":{"_bbp_topic_count":0,"_bbp_reply_count":0,"_bbp_total_topic_count":0,"_bbp_total_reply_count":0,"_bbp_voice_count":0,"_bbp_anonymous_reply_count":0,"_bbp_topic_count_hidden":0,"_bbp_reply_count_hidden":0,"_bbp_forum_subforum_count":0,"footnotes":""},"class_list":["post-446","page","type-page","status-publish","hentry"],"post_mailing_queue_ids":[],"_links":{"self":[{"href":"https:\/\/agora.xtec.cat\/escolacastellum\/wp-json\/wp\/v2\/pages\/446","targetHints":{"allow":["GET"]}}],"collection":[{"href":"https:\/\/agora.xtec.cat\/escolacastellum\/wp-json\/wp\/v2\/pages"}],"about":[{"href":"https:\/\/agora.xtec.cat\/escolacastellum\/wp-json\/wp\/v2\/types\/page"}],"author":[{"embeddable":true,"href":"https:\/\/agora.xtec.cat\/escolacastellum\/wp-json\/wp\/v2\/users\/1"}],"replies":[{"embeddable":true,"href":"https:\/\/agora.xtec.cat\/escolacastellum\/wp-json\/wp\/v2\/comments?post=446"}],"version-history":[{"count":3,"href":"https:\/\/agora.xtec.cat\/escolacastellum\/wp-json\/wp\/v2\/pages\/446\/revisions"}],"predecessor-version":[{"id":1893,"href":"https:\/\/agora.xtec.cat\/escolacastellum\/wp-json\/wp\/v2\/pages\/446\/revisions\/1893"}],"up":[{"embeddable":true,"href":"https:\/\/agora.xtec.cat\/escolacastellum\/wp-json\/wp\/v2\/pages\/234"}],"wp:attachment":[{"href":"https:\/\/agora.xtec.cat\/escolacastellum\/wp-json\/wp\/v2\/media?parent=446"}],"curies":[{"name":"wp","href":"https:\/\/api.w.org\/{rel}","templated":true}]}}