{"id":2331,"date":"2018-11-13T15:17:37","date_gmt":"2018-11-13T14:17:37","guid":{"rendered":"http:\/\/agora.xtec.cat\/escolacastellum\/?page_id=2331"},"modified":"2020-10-23T15:37:58","modified_gmt":"2020-10-23T13:37:58","slug":"tipus-dactivitats","status":"publish","type":"page","link":"https:\/\/agora.xtec.cat\/escolacastellum\/activitats-descola\/namaste\/tipus-dactivitats\/","title":{"rendered":"Tipus d&#8217;activitats"},"content":{"rendered":"<p><span style=\"font-weight: 400;\">Algunes de les activitats proposades s\u00f3n les seg\u00fcents:<\/span><\/p>\n<p><span style=\"font-weight: 400;\">&#8211; Jocs, contes, activitats i din\u00e0miques diverses per a treballar i afavorir una actitud positiva cap a un mateix i cap als altres.<\/span><\/p>\n<p><span style=\"font-weight: 400;\">&#8211; Postures, estiraments i exercicis de mobilitat articular per a treballar el cos i despertar l\u2019energia.<\/span><\/p>\n<p><span style=\"font-weight: 400;\">&#8211; Exercicis de respiraci\u00f3 conscient. <\/span><\/p>\n<p><span style=\"font-weight: 400;\">&#8211; Relaxaci\u00f3, massatges, visualitzacions guiades. <\/span><\/p>\n<p><span style=\"font-weight: 400;\">&#8211; Exercicis i jocs d\u2019atenci\u00f3, concentraci\u00f3, mem\u00f2ria i coordinaci\u00f3.<\/span><\/p>\n<p><span style=\"font-weight: 400;\">&#8211; Exercicis, t\u00e8cniques i jocs diversos de meditaci\u00f3 i mindfulness.<\/span><\/p>\n","protected":false},"excerpt":{"rendered":"<p>Algunes de les activitats proposades s\u00f3n les seg\u00fcents:<br \/>\n&#8211; Jocs, contes, activitats i din\u00e0miques diverses per a treballar i afavorir una actitud positiva cap a un mateix i cap als altres.<br \/>\n&#8211; Postures, estiraments i exercicis de mobilitat articular per a treballar el cos i despertar l\u2019energia.<br \/>\n&#8211;&hellip;  <a href=\"https:\/\/agora.xtec.cat\/escolacastellum\/activitats-descola\/namaste\/tipus-dactivitats\/\" title=\"Read Tipus d&#8217;activitats\">Llegeix m\u00e9s\u00bb<\/a><\/p>\n","protected":false},"author":1,"featured_media":0,"parent":2325,"menu_order":0,"comment_status":"closed","ping_status":"closed","template":"page-templates\/side-menu.php","meta":{"_bbp_topic_count":0,"_bbp_reply_count":0,"_bbp_total_topic_count":0,"_bbp_total_reply_count":0,"_bbp_voice_count":0,"_bbp_anonymous_reply_count":0,"_bbp_topic_count_hidden":0,"_bbp_reply_count_hidden":0,"_bbp_forum_subforum_count":0,"footnotes":""},"class_list":["post-2331","page","type-page","status-publish","hentry"],"post_mailing_queue_ids":[],"_links":{"self":[{"href":"https:\/\/agora.xtec.cat\/escolacastellum\/wp-json\/wp\/v2\/pages\/2331","targetHints":{"allow":["GET"]}}],"collection":[{"href":"https:\/\/agora.xtec.cat\/escolacastellum\/wp-json\/wp\/v2\/pages"}],"about":[{"href":"https:\/\/agora.xtec.cat\/escolacastellum\/wp-json\/wp\/v2\/types\/page"}],"author":[{"embeddable":true,"href":"https:\/\/agora.xtec.cat\/escolacastellum\/wp-json\/wp\/v2\/users\/1"}],"replies":[{"embeddable":true,"href":"https:\/\/agora.xtec.cat\/escolacastellum\/wp-json\/wp\/v2\/comments?post=2331"}],"version-history":[{"count":3,"href":"https:\/\/agora.xtec.cat\/escolacastellum\/wp-json\/wp\/v2\/pages\/2331\/revisions"}],"predecessor-version":[{"id":18517,"href":"https:\/\/agora.xtec.cat\/escolacastellum\/wp-json\/wp\/v2\/pages\/2331\/revisions\/18517"}],"up":[{"embeddable":true,"href":"https:\/\/agora.xtec.cat\/escolacastellum\/wp-json\/wp\/v2\/pages\/2325"}],"wp:attachment":[{"href":"https:\/\/agora.xtec.cat\/escolacastellum\/wp-json\/wp\/v2\/media?parent=2331"}],"curies":[{"name":"wp","href":"https:\/\/api.w.org\/{rel}","templated":true}]}}