{"id":19306,"date":"2022-05-16T16:09:38","date_gmt":"2022-05-16T14:09:38","guid":{"rendered":"https:\/\/agora.xtec.cat\/escolacastellum\/?page_id=19306"},"modified":"2023-06-29T12:56:59","modified_gmt":"2023-06-29T10:56:59","slug":"avaluacio","status":"publish","type":"page","link":"https:\/\/agora.xtec.cat\/escolacastellum\/estrategia-digital-de-centre\/estrategia-3\/avaluacio\/","title":{"rendered":"Avaluaci\u00f3"},"content":{"rendered":"<p><a href=\"https:\/\/agora.xtec.cat\/escolacastellum\/wp-content\/uploads\/usu788\/2022\/05\/10.png\"><img loading=\"lazy\" decoding=\"async\" class=\"alignnone size-large wp-image-19197\" src=\"https:\/\/agora.xtec.cat\/escolacastellum\/wp-content\/uploads\/usu788\/2022\/05\/10-1024x384.png\" alt=\"\" width=\"1024\" height=\"384\" srcset=\"https:\/\/agora.xtec.cat\/escolacastellum\/wp-content\/uploads\/usu788\/2022\/05\/10-1024x384.png 1024w, https:\/\/agora.xtec.cat\/escolacastellum\/wp-content\/uploads\/usu788\/2022\/05\/10-300x113.png 300w, https:\/\/agora.xtec.cat\/escolacastellum\/wp-content\/uploads\/usu788\/2022\/05\/10-768x288.png 768w, https:\/\/agora.xtec.cat\/escolacastellum\/wp-content\/uploads\/usu788\/2022\/05\/10-1536x576.png 1536w, https:\/\/agora.xtec.cat\/escolacastellum\/wp-content\/uploads\/usu788\/2022\/05\/10.png 1920w\" sizes=\"auto, (max-width: 1024px) 100vw, 1024px\" \/><\/a><\/p>\n<p>Es realitzar\u00e0 una an\u00e0lisi completa de l&#8217;Estrat\u00e8gia Digital de Centre en cada curs escolar. Aquesta an\u00e0lisi ser\u00e0 reflectida en la Mem\u00f2ria final de curs, conjuntament amb la revisi\u00f3 integral de tots els altres aspectes de la Programaci\u00f3 General Anual (PGA). Cada activitat planificada ser\u00e0 minuciosament revisada per avaluar el seu nivell de compliment, basant-se en indicadors establerts i criteris d&#8217;acompliment definits.<\/p>\n","protected":false},"excerpt":{"rendered":"<p><a href=\"https:\/\/agora.xtec.cat\/escolacastellum\/wp-content\/uploads\/usu788\/2022\/05\/10.png\"><\/a><br \/>\nEs realitzar\u00e0 una an\u00e0lisi completa de l&#8217;Estrat\u00e8gia Digital de Centre en cada curs escolar. Aquesta an\u00e0lisi ser\u00e0 reflectida en la Mem\u00f2ria final de curs, conjuntament amb la revisi\u00f3 integral de tots els altres aspectes de la Programaci\u00f3 General Anual (PGA). Cada activitat planificada ser\u00e0&hellip;  <a href=\"https:\/\/agora.xtec.cat\/escolacastellum\/estrategia-digital-de-centre\/estrategia-3\/avaluacio\/\" title=\"Read Avaluaci\u00f3\">Llegeix m\u00e9s\u00bb<\/a><\/p>\n","protected":false},"author":1,"featured_media":0,"parent":19048,"menu_order":0,"comment_status":"closed","ping_status":"closed","template":"page-templates\/side-menu.php","meta":{"_bbp_topic_count":0,"_bbp_reply_count":0,"_bbp_total_topic_count":0,"_bbp_total_reply_count":0,"_bbp_voice_count":0,"_bbp_anonymous_reply_count":0,"_bbp_topic_count_hidden":0,"_bbp_reply_count_hidden":0,"_bbp_forum_subforum_count":0,"footnotes":""},"class_list":["post-19306","page","type-page","status-publish","hentry"],"post_mailing_queue_ids":[],"_links":{"self":[{"href":"https:\/\/agora.xtec.cat\/escolacastellum\/wp-json\/wp\/v2\/pages\/19306","targetHints":{"allow":["GET"]}}],"collection":[{"href":"https:\/\/agora.xtec.cat\/escolacastellum\/wp-json\/wp\/v2\/pages"}],"about":[{"href":"https:\/\/agora.xtec.cat\/escolacastellum\/wp-json\/wp\/v2\/types\/page"}],"author":[{"embeddable":true,"href":"https:\/\/agora.xtec.cat\/escolacastellum\/wp-json\/wp\/v2\/users\/1"}],"replies":[{"embeddable":true,"href":"https:\/\/agora.xtec.cat\/escolacastellum\/wp-json\/wp\/v2\/comments?post=19306"}],"version-history":[{"count":3,"href":"https:\/\/agora.xtec.cat\/escolacastellum\/wp-json\/wp\/v2\/pages\/19306\/revisions"}],"predecessor-version":[{"id":19758,"href":"https:\/\/agora.xtec.cat\/escolacastellum\/wp-json\/wp\/v2\/pages\/19306\/revisions\/19758"}],"up":[{"embeddable":true,"href":"https:\/\/agora.xtec.cat\/escolacastellum\/wp-json\/wp\/v2\/pages\/19048"}],"wp:attachment":[{"href":"https:\/\/agora.xtec.cat\/escolacastellum\/wp-json\/wp\/v2\/media?parent=19306"}],"curies":[{"name":"wp","href":"https:\/\/api.w.org\/{rel}","templated":true}]}}