{"id":19302,"date":"2022-05-16T16:08:46","date_gmt":"2022-05-16T14:08:46","guid":{"rendered":"https:\/\/agora.xtec.cat\/escolacastellum\/?page_id=19302"},"modified":"2023-05-05T16:36:29","modified_gmt":"2023-05-05T14:36:29","slug":"objectius","status":"publish","type":"page","link":"https:\/\/agora.xtec.cat\/escolacastellum\/estrategia-digital-de-centre\/estrategia-3\/objectius\/","title":{"rendered":"Objectius"},"content":{"rendered":"<p><a href=\"https:\/\/agora.xtec.cat\/escolacastellum\/wp-content\/uploads\/usu788\/2022\/05\/8.png\"><img loading=\"lazy\" decoding=\"async\" class=\"alignnone size-large wp-image-19195\" src=\"https:\/\/agora.xtec.cat\/escolacastellum\/wp-content\/uploads\/usu788\/2022\/05\/8-1024x384.png\" alt=\"\" width=\"1024\" height=\"384\" srcset=\"https:\/\/agora.xtec.cat\/escolacastellum\/wp-content\/uploads\/usu788\/2022\/05\/8-1024x384.png 1024w, https:\/\/agora.xtec.cat\/escolacastellum\/wp-content\/uploads\/usu788\/2022\/05\/8-300x113.png 300w, https:\/\/agora.xtec.cat\/escolacastellum\/wp-content\/uploads\/usu788\/2022\/05\/8-768x288.png 768w, https:\/\/agora.xtec.cat\/escolacastellum\/wp-content\/uploads\/usu788\/2022\/05\/8-1536x576.png 1536w, https:\/\/agora.xtec.cat\/escolacastellum\/wp-content\/uploads\/usu788\/2022\/05\/8.png 1920w\" sizes=\"auto, (max-width: 1024px) 100vw, 1024px\" \/><\/a><\/p>\n<p>Els objectius generals plantejats en l&#8217;Estrat\u00e8gia Digital de Centre s\u00f3n:<\/p>\n<ol>\n<li>Millorar l&#8217;acolliment digital dels alumnes, fam\u00edlies i docents del centre facilitant la informaci\u00f3 digital del centre per la seva r\u00e0pida integraci\u00f3 acad\u00e8mica.<\/li>\n<li>Millorar l&#8217;adquisici\u00f3 de la compet\u00e8ncia digital del professorat a trav\u00e9s de la formaci\u00f3 perqu\u00e8 tingui els seu reflex a l&#8217;aula.<\/li>\n<li>Millorar l&#8217;adquisici\u00f3 de la compet\u00e8ncia digital de l&#8217;alumnat a trav\u00e9s de la seva seq\u00fcenciaci\u00f3 amb car\u00e0cter transversal.<\/li>\n<li>Optimitzar els recursos digitals del centre a trav\u00e9s de la seva gesti\u00f3. actualitzaci\u00f3 i formaci\u00f3 del professorat.<\/li>\n<\/ol>\n<p><img loading=\"lazy\" decoding=\"async\" class=\"alignnone size-large wp-image-19674\" src=\"https:\/\/agora.xtec.cat\/escolacastellum\/wp-content\/uploads\/usu788\/2023\/05\/objectius-EDC-1024x239.png\" alt=\"\" width=\"1024\" height=\"239\" srcset=\"https:\/\/agora.xtec.cat\/escolacastellum\/wp-content\/uploads\/usu788\/2023\/05\/objectius-EDC-1024x239.png 1024w, https:\/\/agora.xtec.cat\/escolacastellum\/wp-content\/uploads\/usu788\/2023\/05\/objectius-EDC-300x70.png 300w, https:\/\/agora.xtec.cat\/escolacastellum\/wp-content\/uploads\/usu788\/2023\/05\/objectius-EDC-768x179.png 768w, https:\/\/agora.xtec.cat\/escolacastellum\/wp-content\/uploads\/usu788\/2023\/05\/objectius-EDC.png 1333w\" sizes=\"auto, (max-width: 1024px) 100vw, 1024px\" \/><\/p>\n","protected":false},"excerpt":{"rendered":"<p><a href=\"https:\/\/agora.xtec.cat\/escolacastellum\/wp-content\/uploads\/usu788\/2022\/05\/8.png\"><\/a><br \/>\nEls objectius generals plantejats en l&#8217;Estrat\u00e8gia Digital de Centre s\u00f3n:<\/p>\n<ol>\n<li>Millorar l&#8217;acolliment digital dels alumnes, fam\u00edlies i docents del centre facilitant la informaci\u00f3 digital del centre per la seva r\u00e0pida integraci\u00f3 acad\u00e8mica.<\/li>\n<li>Millorar l&#8217;adquisici\u00f3 de la compet\u00e8ncia digital del professorat a trav\u00e9s de la formaci\u00f3 perqu\u00e8&hellip;  <a href=\"https:\/\/agora.xtec.cat\/escolacastellum\/estrategia-digital-de-centre\/estrategia-3\/objectius\/\" title=\"Read Objectius\">Llegeix m\u00e9s\u00bb<\/a><br \/>\n","protected":false},"author":1,"featured_media":0,"parent":19048,"menu_order":0,"comment_status":"closed","ping_status":"closed","template":"page-templates\/side-menu.php","meta":{"_bbp_topic_count":0,"_bbp_reply_count":0,"_bbp_total_topic_count":0,"_bbp_total_reply_count":0,"_bbp_voice_count":0,"_bbp_anonymous_reply_count":0,"_bbp_topic_count_hidden":0,"_bbp_reply_count_hidden":0,"_bbp_forum_subforum_count":0,"footnotes":""},"class_list":["post-19302","page","type-page","status-publish","hentry"],"post_mailing_queue_ids":[],"_links":{"self":[{"href":"https:\/\/agora.xtec.cat\/escolacastellum\/wp-json\/wp\/v2\/pages\/19302","targetHints":{"allow":["GET"]}}],"collection":[{"href":"https:\/\/agora.xtec.cat\/escolacastellum\/wp-json\/wp\/v2\/pages"}],"about":[{"href":"https:\/\/agora.xtec.cat\/escolacastellum\/wp-json\/wp\/v2\/types\/page"}],"author":[{"embeddable":true,"href":"https:\/\/agora.xtec.cat\/escolacastellum\/wp-json\/wp\/v2\/users\/1"}],"replies":[{"embeddable":true,"href":"https:\/\/agora.xtec.cat\/escolacastellum\/wp-json\/wp\/v2\/comments?post=19302"}],"version-history":[{"count":3,"href":"https:\/\/agora.xtec.cat\/escolacastellum\/wp-json\/wp\/v2\/pages\/19302\/revisions"}],"predecessor-version":[{"id":19675,"href":"https:\/\/agora.xtec.cat\/escolacastellum\/wp-json\/wp\/v2\/pages\/19302\/revisions\/19675"}],"up":[{"embeddable":true,"href":"https:\/\/agora.xtec.cat\/escolacastellum\/wp-json\/wp\/v2\/pages\/19048"}],"wp:attachment":[{"href":"https:\/\/agora.xtec.cat\/escolacastellum\/wp-json\/wp\/v2\/media?parent=19302"}],"curies":[{"name":"wp","href":"https:\/\/api.w.org\/{rel}","templated":true}]}}