{"id":1349,"date":"2018-03-05T17:49:38","date_gmt":"2018-03-05T16:49:38","guid":{"rendered":"http:\/\/agora.xtec.cat\/escolacastellum\/?page_id=1349"},"modified":"2018-06-29T20:55:20","modified_gmt":"2018-06-29T18:55:20","slug":"art-i-caps","status":"publish","type":"page","link":"https:\/\/agora.xtec.cat\/escolacastellum\/activitats-descola\/grups-de-recerca\/art-i-caps\/","title":{"rendered":"ART I CAPS"},"content":{"rendered":"<p>M\u00daSICA I VESTUARI PELS CAPGROSSOS DE SANT JULI\u00c0<\/p>\n<p><span style=\"font-weight: 400;\">Aquest darrer trimestre en el grup de recerca hem treballat amb la dansa, la m\u00fasica i els vestits que acompanyaran als nostres capgrossos. Per escollir els dos primers elements, uns v\u00e0rem buscar a Internet diversos exemples, v\u00e0rem triar aquells \u00a0que ens agradaven m\u00e9s i que cr\u00e8iem que ens seria m\u00e9s f\u00e0cil seguir. L&#8217;Albert Joh\u00e9 (el pare de la Bruna de 5 anys i d&#8217;en Feliu de 3 anys) ens ajudar\u00e0 molt a completar aquest proc\u00e9s perqu\u00e8 ens crear\u00e0 la m\u00fasica a partir de les nostres eleccions.<\/span><\/p>\n<p><span style=\"font-weight: 400;\">Mentre uns feien aix\u00f2, uns altres v\u00e0rem pensar com podrien ser les vestimentes dels capgrossos i en v\u00e0rem fer un disseny. Des d&#8217;aqu\u00ed volem agrair la col\u00b7laboraci\u00f3 dels membres del Casal de la gent gran perqu\u00e8 ens crearan les vestimentes a partir dels nostres esbossos.<\/span><\/p>\n<p><span style=\"font-weight: 400;\">Tamb\u00e9, hem deixat anar la nostra creativitat fabricant unes figures usant una caixa de cartr\u00f3 i personalitzant-la segons els nostres gustos. Aqu\u00ed us mostrem els resultats. Podeu descobrir qui s\u2019amaga a sota de cada capgr\u00f2s?<\/span><\/p>\n<p><a href=\"http:\/\/agora.xtec.cat\/escolacastellum\/wp-content\/uploads\/usu788\/2018\/03\/capgrossos8b-.jpg\"><img loading=\"lazy\" decoding=\"async\" class=\"alignnone  wp-image-2153\" src=\"http:\/\/agora.xtec.cat\/escolacastellum\/wp-content\/uploads\/usu788\/2018\/03\/capgrossos8b-.jpg\" alt=\"\" width=\"544\" height=\"407\" \/><\/a> <a href=\"http:\/\/agora.xtec.cat\/escolacastellum\/wp-content\/uploads\/usu788\/2018\/03\/capgrosso7b-.jpg\"><img loading=\"lazy\" decoding=\"async\" class=\"alignnone  wp-image-2154\" src=\"http:\/\/agora.xtec.cat\/escolacastellum\/wp-content\/uploads\/usu788\/2018\/03\/capgrosso7b-.jpg\" alt=\"\" width=\"349\" height=\"668\" \/><\/a> <a href=\"http:\/\/agora.xtec.cat\/escolacastellum\/wp-content\/uploads\/usu788\/2018\/03\/capgrossos2b-.jpg\"><img loading=\"lazy\" decoding=\"async\" class=\"alignnone  wp-image-2156\" src=\"http:\/\/agora.xtec.cat\/escolacastellum\/wp-content\/uploads\/usu788\/2018\/03\/capgrossos2b-.jpg\" alt=\"\" width=\"405\" height=\"554\" \/><\/a><a href=\"http:\/\/agora.xtec.cat\/escolacastellum\/wp-content\/uploads\/usu788\/2018\/03\/capgrossos3b-.jpg\"><img loading=\"lazy\" decoding=\"async\" class=\"alignnone  wp-image-2157\" src=\"http:\/\/agora.xtec.cat\/escolacastellum\/wp-content\/uploads\/usu788\/2018\/03\/capgrossos3b-.jpg\" alt=\"\" width=\"467\" height=\"425\" \/><\/a><a href=\"http:\/\/agora.xtec.cat\/escolacastellum\/wp-content\/uploads\/usu788\/2018\/03\/capgrossos4b-.jpg\"><img loading=\"lazy\" decoding=\"async\" class=\"alignnone  wp-image-2158\" src=\"http:\/\/agora.xtec.cat\/escolacastellum\/wp-content\/uploads\/usu788\/2018\/03\/capgrossos4b-.jpg\" alt=\"\" width=\"461\" height=\"437\" \/><\/a><a href=\"http:\/\/agora.xtec.cat\/escolacastellum\/wp-content\/uploads\/usu788\/2018\/03\/capgrossos6b-.jpg\"><img loading=\"lazy\" decoding=\"async\" class=\"alignnone  wp-image-2159\" src=\"http:\/\/agora.xtec.cat\/escolacastellum\/wp-content\/uploads\/usu788\/2018\/03\/capgrossos6b-.jpg\" alt=\"\" width=\"365\" height=\"511\" \/><\/a>\u00a0 \u00a0 \u00a0\u00a0<a href=\"http:\/\/agora.xtec.cat\/escolacastellum\/wp-content\/uploads\/usu788\/2018\/03\/capgrossos7b-.jpg\"><img loading=\"lazy\" decoding=\"async\" class=\"alignnone size-large wp-image-2160\" src=\"http:\/\/agora.xtec.cat\/escolacastellum\/wp-content\/uploads\/usu788\/2018\/03\/capgrossos7b-.jpg\" alt=\"\" width=\"458\" height=\"640\" srcset=\"https:\/\/agora.xtec.cat\/escolacastellum\/wp-content\/uploads\/usu788\/2018\/03\/capgrossos7b-.jpg 458w, https:\/\/agora.xtec.cat\/escolacastellum\/wp-content\/uploads\/usu788\/2018\/03\/capgrossos7b--215x300.jpg 215w\" sizes=\"auto, (max-width: 458px) 100vw, 458px\" \/>\u00a0 \u00a0 \u00a0 \u00a0 \u00a0 \u00a0 \u00a0 \u00a0 \u00a0<img loading=\"lazy\" decoding=\"async\" class=\"alignnone size-large wp-image-2155\" src=\"http:\/\/agora.xtec.cat\/escolacastellum\/wp-content\/uploads\/usu788\/2018\/03\/capgrossos1b-.jpg\" alt=\"\" width=\"480\" height=\"640\" srcset=\"https:\/\/agora.xtec.cat\/escolacastellum\/wp-content\/uploads\/usu788\/2018\/03\/capgrossos1b-.jpg 480w, https:\/\/agora.xtec.cat\/escolacastellum\/wp-content\/uploads\/usu788\/2018\/03\/capgrossos1b--225x300.jpg 225w\" sizes=\"auto, (max-width: 480px) 100vw, 480px\" \/><\/a><\/p>\n<p><strong>3 CAPGROSSOS PER SANT JULI\u00c0 DE RAMIS<\/strong><\/p>\n<p>El grup de recerca Art i Caps ha rebut l\u2019enc\u00e0rrec de dissenyar i crear tres capgrossos pel nostre municipi.<\/p>\n<p>Per aquest motiu durant els primers dies del primer trimestre v\u00e0rem investigar una mica sobre el m\u00f3n dels capgrossos. Llavors, v\u00e0rem confeccionar un titella (<em>puppet<\/em>) a partir d\u2019un patr\u00f3. \u00a0Per a elaborar-lo v\u00e0rem utilitzar una planxa d\u2019escuma, 1 pilota de porexpan, cola de contacte i tisores.<\/p>\n<p>Aquest segon trimestre, la M\u00f2nica Aymerich\u00a0 (la mare de la Bruna de 5 anys i d\u2019en Feliu de 3 anys) ens va ensenyar com es creava una figura de cartr\u00f3 a partir d\u2019un motllo de guix. Tamb\u00e9, ens va guiar en el proc\u00e9s de confecci\u00f3 de la nostra pr\u00f2pia creaci\u00f3. Varen apar\u00e8ixer \u00a0cotxes, estrelles, cors, petits pr\u00ednceps, tortugues &#8230;que despr\u00e9s v\u00e0rem personalitzar amb pintures.<\/p>\n<p><a href=\"http:\/\/agora.xtec.cat\/escolacastellum\/wp-content\/uploads\/usu788\/2018\/03\/1.jpg\"><img loading=\"lazy\" decoding=\"async\" class=\"size-full wp-image-1454 aligncenter\" src=\"http:\/\/agora.xtec.cat\/escolacastellum\/wp-content\/uploads\/usu788\/2018\/03\/1.jpg\" alt=\"\" width=\"640\" height=\"480\" srcset=\"https:\/\/agora.xtec.cat\/escolacastellum\/wp-content\/uploads\/usu788\/2018\/03\/1.jpg 640w, https:\/\/agora.xtec.cat\/escolacastellum\/wp-content\/uploads\/usu788\/2018\/03\/1-300x225.jpg 300w, https:\/\/agora.xtec.cat\/escolacastellum\/wp-content\/uploads\/usu788\/2018\/03\/1-200x150.jpg 200w\" sizes=\"auto, (max-width: 640px) 100vw, 640px\" \/><\/a><\/p>\n<p><a href=\"http:\/\/agora.xtec.cat\/escolacastellum\/wp-content\/uploads\/usu788\/2018\/03\/2.jpg\"><img loading=\"lazy\" decoding=\"async\" class=\"size-large wp-image-1455 aligncenter\" src=\"http:\/\/agora.xtec.cat\/escolacastellum\/wp-content\/uploads\/usu788\/2018\/03\/2.jpg\" alt=\"\" width=\"640\" height=\"480\" srcset=\"https:\/\/agora.xtec.cat\/escolacastellum\/wp-content\/uploads\/usu788\/2018\/03\/2.jpg 640w, https:\/\/agora.xtec.cat\/escolacastellum\/wp-content\/uploads\/usu788\/2018\/03\/2-300x225.jpg 300w, https:\/\/agora.xtec.cat\/escolacastellum\/wp-content\/uploads\/usu788\/2018\/03\/2-200x150.jpg 200w\" sizes=\"auto, (max-width: 640px) 100vw, 640px\" \/><\/a><\/p>\n<p style=\"text-align: center;\"><strong>VENTURA I HOSTA<\/strong><\/p>\n<p style=\"text-align: center;\">Els ESQUIVAMOSQUES i AVI TATA (nens i nenes de 4 anys) i els nens i nenes del grup de recerca ARTS I CAPS, v\u00e0rem fer una sortida a NAVATA\u00a0 per con\u00e8ixer el taller\/botiga VENTURA I HOSTA.<\/p>\n<p style=\"text-align: center;\">Aqu\u00ed v\u00e0rem con\u00e9ixer el proc\u00e9s de creaci\u00f3 i elaboraci\u00f3 de gegants, capgrossos, titelles&#8230; una experi\u00e8ncia inoblidable i recomanable!<\/p>\n<p><iframe loading=\"lazy\" src=\"\/\/www.youtube.com\/embed\/Hz1PbTmRtyI\" width=\"560\" height=\"314\" allowfullscreen=\"allowfullscreen\"><\/iframe><br \/>\n<a href=\"http:\/\/agora.xtec.cat\/escolacastellum\/wp-content\/uploads\/usu788\/2018\/03\/3.jpg\"><img loading=\"lazy\" decoding=\"async\" class=\"aligncenter size-full wp-image-1457\" src=\"http:\/\/agora.xtec.cat\/escolacastellum\/wp-content\/uploads\/usu788\/2018\/03\/3.jpg\" alt=\"\" width=\"480\" height=\"640\" srcset=\"https:\/\/agora.xtec.cat\/escolacastellum\/wp-content\/uploads\/usu788\/2018\/03\/3.jpg 480w, https:\/\/agora.xtec.cat\/escolacastellum\/wp-content\/uploads\/usu788\/2018\/03\/3-225x300.jpg 225w\" sizes=\"auto, (max-width: 480px) 100vw, 480px\" \/><\/a><\/p>\n<p>&nbsp;<\/p>\n","protected":false},"excerpt":{"rendered":"<p>M\u00daSICA I VESTUARI PELS CAPGROSSOS DE SANT JULI\u00c0<br \/>\nAquest darrer trimestre en el grup de recerca hem treballat amb la dansa, la m\u00fasica i els vestits que acompanyaran als nostres capgrossos. Per escollir els dos primers elements, uns v\u00e0rem buscar a Internet diversos exemples, v\u00e0rem triar&hellip;  <a href=\"https:\/\/agora.xtec.cat\/escolacastellum\/activitats-descola\/grups-de-recerca\/art-i-caps\/\" title=\"Read ART I CAPS\">Llegeix m\u00e9s\u00bb<\/a><\/p>\n","protected":false},"author":1,"featured_media":0,"parent":234,"menu_order":0,"comment_status":"closed","ping_status":"closed","template":"page-templates\/side-menu.php","meta":{"_bbp_topic_count":0,"_bbp_reply_count":0,"_bbp_total_topic_count":0,"_bbp_total_reply_count":0,"_bbp_voice_count":0,"_bbp_anonymous_reply_count":0,"_bbp_topic_count_hidden":0,"_bbp_reply_count_hidden":0,"_bbp_forum_subforum_count":0,"footnotes":""},"class_list":["post-1349","page","type-page","status-publish","hentry"],"post_mailing_queue_ids":[],"_links":{"self":[{"href":"https:\/\/agora.xtec.cat\/escolacastellum\/wp-json\/wp\/v2\/pages\/1349","targetHints":{"allow":["GET"]}}],"collection":[{"href":"https:\/\/agora.xtec.cat\/escolacastellum\/wp-json\/wp\/v2\/pages"}],"about":[{"href":"https:\/\/agora.xtec.cat\/escolacastellum\/wp-json\/wp\/v2\/types\/page"}],"author":[{"embeddable":true,"href":"https:\/\/agora.xtec.cat\/escolacastellum\/wp-json\/wp\/v2\/users\/1"}],"replies":[{"embeddable":true,"href":"https:\/\/agora.xtec.cat\/escolacastellum\/wp-json\/wp\/v2\/comments?post=1349"}],"version-history":[{"count":4,"href":"https:\/\/agora.xtec.cat\/escolacastellum\/wp-json\/wp\/v2\/pages\/1349\/revisions"}],"predecessor-version":[{"id":2152,"href":"https:\/\/agora.xtec.cat\/escolacastellum\/wp-json\/wp\/v2\/pages\/1349\/revisions\/2152"}],"up":[{"embeddable":true,"href":"https:\/\/agora.xtec.cat\/escolacastellum\/wp-json\/wp\/v2\/pages\/234"}],"wp:attachment":[{"href":"https:\/\/agora.xtec.cat\/escolacastellum\/wp-json\/wp\/v2\/media?parent=1349"}],"curies":[{"name":"wp","href":"https:\/\/api.w.org\/{rel}","templated":true}]}}