{"id":9986,"date":"2024-07-08T11:37:27","date_gmt":"2024-07-08T09:37:27","guid":{"rendered":"https:\/\/agora.xtec.cat\/escolacansorts\/?page_id=9986"},"modified":"2024-07-08T11:37:27","modified_gmt":"2024-07-08T09:37:27","slug":"aqui-prou-bullying","status":"publish","type":"page","link":"https:\/\/agora.xtec.cat\/escolacansorts\/projecte-pedagogic\/aqui-prou-bullying\/","title":{"rendered":"#Aqu\u00ed Prou Bullying"},"content":{"rendered":"<p>Des del curs 21-22, la nostra escola porta a terme el projecte #aqu\u00edproubullying. Es tracta d&#8217;un projecte d&#8217;innovaci\u00f3 pedag\u00f2gica del Departament d&#8217;Educaci\u00f3 que t\u00e9 com a objectius principals:<\/p>\n<ul>\n<li>Implicar la comunitat escolar davant els casos d\u2019assetjament.<\/li>\n<li>Potenciar el comprom\u00eds actiu de l\u2019alumnat en la prevenci\u00f3 i detecci\u00f3 dels casos d\u2019assetjament.<\/li>\n<li>Fomentar la gesti\u00f3 positiva dels conflictes.<\/li>\n<li>Contribuir al desenvolupament personal i social de l\u2019alumnat.<\/li>\n<\/ul>\n<p>El projecte es desenvolupa en tres cursos escolars i posa a l\u2019abast de l&#8217;escola la formaci\u00f3, estrat\u00e8gies i recursos necessaris per elaborar un projecte de prevenci\u00f3, detecci\u00f3 i intervenci\u00f3 davant l\u2019assetjament amb la participaci\u00f3 de tota la comunitat escolar, especialment de l\u2019alumnat qui actuar\u00e0 com observador i agent actiu i comprom\u00e8s en la lluita contra l\u2019assetjament alhora que adquireix les actituds i els valors propis de la compet\u00e8ncia social i ciutadana.<\/p>\n<p><img decoding=\"async\" class=\"aligncenter\" src=\"https:\/\/agora.xtec.cat\/ceipelcastellot\/wp-content\/uploads\/usu543\/2020\/01\/aquiproubullyuing.jpg\" alt=\"Aquiproubullying | Escola El Castellot\" \/><\/p>\n","protected":false},"excerpt":{"rendered":"<p>Des del curs 21-22, la nostra escola porta a terme el projecte #aqu\u00edproubullying. Es tracta d&#8217;un projecte d&#8217;innovaci\u00f3 pedag\u00f2gica del Departament d&#8217;Educaci\u00f3 que t\u00e9 com a objectius principals:<\/p>\n<ul>\n<li>Implicar la comunitat escolar davant els casos d\u2019assetjament.<\/li>\n<li>Potenciar el comprom\u00eds actiu de l\u2019alumnat en la prevenci\u00f3 i detecci\u00f3&hellip;  <a href=\"https:\/\/agora.xtec.cat\/escolacansorts\/projecte-pedagogic\/aqui-prou-bullying\/\" title=\"Read #Aqu\u00ed Prou Bullying\">Llegeix m\u00e9s\u00bb<\/a><br \/>\n","protected":false},"author":1,"featured_media":0,"parent":683,"menu_order":0,"comment_status":"closed","ping_status":"closed","template":"page-templates\/side-menu.php","meta":{"_bbp_topic_count":0,"_bbp_reply_count":0,"_bbp_total_topic_count":0,"_bbp_total_reply_count":0,"_bbp_voice_count":0,"_bbp_anonymous_reply_count":0,"_bbp_topic_count_hidden":0,"_bbp_reply_count_hidden":0,"_bbp_forum_subforum_count":0,"footnotes":""},"class_list":["post-9986","page","type-page","status-publish","hentry"],"post_mailing_queue_ids":[],"_links":{"self":[{"href":"https:\/\/agora.xtec.cat\/escolacansorts\/wp-json\/wp\/v2\/pages\/9986","targetHints":{"allow":["GET"]}}],"collection":[{"href":"https:\/\/agora.xtec.cat\/escolacansorts\/wp-json\/wp\/v2\/pages"}],"about":[{"href":"https:\/\/agora.xtec.cat\/escolacansorts\/wp-json\/wp\/v2\/types\/page"}],"author":[{"embeddable":true,"href":"https:\/\/agora.xtec.cat\/escolacansorts\/wp-json\/wp\/v2\/users\/1"}],"replies":[{"embeddable":true,"href":"https:\/\/agora.xtec.cat\/escolacansorts\/wp-json\/wp\/v2\/comments?post=9986"}],"version-history":[{"count":1,"href":"https:\/\/agora.xtec.cat\/escolacansorts\/wp-json\/wp\/v2\/pages\/9986\/revisions"}],"predecessor-version":[{"id":9987,"href":"https:\/\/agora.xtec.cat\/escolacansorts\/wp-json\/wp\/v2\/pages\/9986\/revisions\/9987"}],"up":[{"embeddable":true,"href":"https:\/\/agora.xtec.cat\/escolacansorts\/wp-json\/wp\/v2\/pages\/683"}],"wp:attachment":[{"href":"https:\/\/agora.xtec.cat\/escolacansorts\/wp-json\/wp\/v2\/media?parent=9986"}],"curies":[{"name":"wp","href":"https:\/\/api.w.org\/{rel}","templated":true}]}}

#Aquí Prou Bullying

<p>Des del curs 21-22, la nostra escola porta a terme el projecte #aquíproubullying. Es tracta d&#8217;un projecte d&#8217;innovació pedagògica del Departament d&#8217;Educació que té com a objectius principals:</p>
<ul>
<li>Implicar la comunitat escolar davant els casos d’assetjament.</li>
<li>Potenciar el compromís actiu de l’alumnat en la prevenció i detecció dels casos d’assetjament.</li>
<li>Fomentar la gestió positiva dels conflictes.</li>
<li>Contribuir al desenvolupament personal i social de l’alumnat.</li>
</ul>
<p>El projecte es desenvolupa en tres cursos escolars i posa a l’abast de l&#8217;escola la formació, estratègies i recursos necessaris per elaborar un projecte de prevenció, detecció i intervenció davant l’assetjament amb la participació de tota la comunitat escolar, especialment de l’alumnat qui actuarà com observador i agent actiu i compromès en la lluita contra l’assetjament alhora que adquireix les actituds i els valors propis de la competència social i ciutadana.</p>
<p><img decoding="async" class="aligncenter" src="https://agora.xtec.cat/ceipelcastellot/wp-content/uploads/usu543/2020/01/aquiproubullyuing.jpg" alt="Aquiproubullying | Escola El Castellot" /></p>

<p>Des del curs 21-22, la nostra escola porta a terme el projecte #aquíproubullying. Es tracta d&#8217;un projecte d&#8217;innovació pedagògica del Departament d&#8217;Educació que té com a objectius principals:</p>
<ul>
<li>Implicar la comunitat escolar davant els casos d’assetjament.</li>
<li>Potenciar el compromís actiu de l’alumnat en la prevenció i detecció&hellip;  <a href="https://agora.xtec.cat/escolacansorts/projecte-pedagogic/aqui-prou-bullying/" title="Read #Aquí Prou Bullying">Llegeix més»</a><br />
