{"id":9488,"date":"2021-11-02T16:32:22","date_gmt":"2021-11-02T15:32:22","guid":{"rendered":"https:\/\/agora.xtec.cat\/escolacansorts\/?page_id=9488"},"modified":"2021-11-08T12:43:40","modified_gmt":"2021-11-08T11:43:40","slug":"eleccions-al-consell-escolar","status":"publish","type":"page","link":"https:\/\/agora.xtec.cat\/escolacansorts\/lescola\/consell-escolar\/eleccions-al-consell-escolar\/","title":{"rendered":"Eleccions al Consell Escolar"},"content":{"rendered":"<p>S&#8217;obre el proc\u00e9s electoral per a l&#8217;elecci\u00f3 i renovaci\u00f3 parcial dels membres del Consell Escolar tal i com disposa la Resoluci\u00f3 EDU\/3043\/2021 de 6 d&#8217;octubre.<\/p>\n<p>Aqu\u00ed trobareu tota la informaci\u00f3:<\/p>\n<ul>\n<li><a href=\"https:\/\/drive.google.com\/file\/d\/1qg8OKI39OeW4DS6jj8ElM8dgfP0y4jhk\/view?usp=sharing\" target=\"_blank\" rel=\"noopener\">CONVOCAT\u00d2RIA ELECCIONS<\/a><\/li>\n<li><a href=\"https:\/\/drive.google.com\/file\/d\/1F8FQSoJon0X7oKwATjHYBCMXvwkMYzCU\/view?usp=sharing\" target=\"_blank\" rel=\"noopener\">CALENDARI ELECTORAL<\/a><\/li>\n<li><a href=\"https:\/\/drive.google.com\/file\/d\/18VMvAFSrd1FyJB7zlAK9tccWqh60zsDC\/view?usp=sharing\" target=\"_blank\" rel=\"noopener\">INFOGRAFIA CONSELL ESCOLAR<\/a><\/li>\n<li><a href=\"https:\/\/educacio.gencat.cat\/ca\/arees-actuacio\/families\/recursos\/recomanacions\/eleccions-consells-escolars\/\" target=\"_blank\" rel=\"noopener\">INFORMACI\u00d3 DEPARTAMENT D&#8217;EDUCACI\u00d3<\/a><\/li>\n<\/ul>\n","protected":false},"excerpt":{"rendered":"<p>S&#8217;obre el proc\u00e9s electoral per a l&#8217;elecci\u00f3 i renovaci\u00f3 parcial dels membres del Consell Escolar tal i com disposa la Resoluci\u00f3 EDU\/3043\/2021 de 6 d&#8217;octubre.<br \/>\nAqu\u00ed trobareu tota la informaci\u00f3:<\/p>\n<ul>\n<li><a href=\"https:\/\/drive.google.com\/file\/d\/1qg8OKI39OeW4DS6jj8ElM8dgfP0y4jhk\/view?usp=sharing\" target=\"_blank\" rel=\"noopener\">CONVOCAT\u00d2RIA ELECCIONS<\/a><\/li>\n<li><a href=\"https:\/\/drive.google.com\/file\/d\/1F8FQSoJon0X7oKwATjHYBCMXvwkMYzCU\/view?usp=sharing\" target=\"_blank\" rel=\"noopener\">CALENDARI ELECTORAL<\/a><\/li>\n<li><a href=\"https:\/\/drive.google.com\/file\/d\/18VMvAFSrd1FyJB7zlAK9tccWqh60zsDC\/view?usp=sharing\" target=\"_blank\" rel=\"noopener\">INFOGRAFIA CONSELL ESCOLAR<\/a><\/li>\n<li><a href=\"https:\/\/educacio.gencat.cat\/ca\/arees-actuacio\/families\/recursos\/recomanacions\/eleccions-consells-escolars\/\" target=\"_blank\" rel=\"noopener\">INFORMACI\u00d3&hellip;  <a href=\"https:\/\/agora.xtec.cat\/escolacansorts\/lescola\/consell-escolar\/eleccions-al-consell-escolar\/\" title=\"Read Eleccions al Consell Escolar\">Llegeix m\u00e9s\u00bb<\/a><br \/>\n","protected":false},"author":1,"featured_media":0,"parent":535,"menu_order":0,"comment_status":"closed","ping_status":"closed","template":"page-templates\/side-menu.php","meta":{"_bbp_topic_count":0,"_bbp_reply_count":0,"_bbp_total_topic_count":0,"_bbp_total_reply_count":0,"_bbp_voice_count":0,"_bbp_anonymous_reply_count":0,"_bbp_topic_count_hidden":0,"_bbp_reply_count_hidden":0,"_bbp_forum_subforum_count":0,"footnotes":""},"class_list":["post-9488","page","type-page","status-publish","hentry"],"post_mailing_queue_ids":[],"_links":{"self":[{"href":"https:\/\/agora.xtec.cat\/escolacansorts\/wp-json\/wp\/v2\/pages\/9488","targetHints":{"allow":["GET"]}}],"collection":[{"href":"https:\/\/agora.xtec.cat\/escolacansorts\/wp-json\/wp\/v2\/pages"}],"about":[{"href":"https:\/\/agora.xtec.cat\/escolacansorts\/wp-json\/wp\/v2\/types\/page"}],"author":[{"embeddable":true,"href":"https:\/\/agora.xtec.cat\/escolacansorts\/wp-json\/wp\/v2\/users\/1"}],"replies":[{"embeddable":true,"href":"https:\/\/agora.xtec.cat\/escolacansorts\/wp-json\/wp\/v2\/comments?post=9488"}],"version-history":[{"count":2,"href":"https:\/\/agora.xtec.cat\/escolacansorts\/wp-json\/wp\/v2\/pages\/9488\/revisions"}],"predecessor-version":[{"id":9505,"href":"https:\/\/agora.xtec.cat\/escolacansorts\/wp-json\/wp\/v2\/pages\/9488\/revisions\/9505"}],"up":[{"embeddable":true,"href":"https:\/\/agora.xtec.cat\/escolacansorts\/wp-json\/wp\/v2\/pages\/535"}],"wp:attachment":[{"href":"https:\/\/agora.xtec.cat\/escolacansorts\/wp-json\/wp\/v2\/media?parent=9488"}],"curies":[{"name":"wp","href":"https:\/\/api.w.org\/{rel}","templated":true}]}}

<p>S&#8217;obre el procés electoral per a l&#8217;elecció i renovació parcial dels membres del Consell Escolar tal i com disposa la Resolució EDU/3043/2021 de 6 d&#8217;octubre.</p>
<p>Aquí trobareu tota la informació:</p>
<ul>
<li><a href="https://drive.google.com/file/d/1qg8OKI39OeW4DS6jj8ElM8dgfP0y4jhk/view?usp=sharing" target="_blank" rel="noopener">CONVOCATÒRIA ELECCIONS</a></li>
<li><a href="https://drive.google.com/file/d/1F8FQSoJon0X7oKwATjHYBCMXvwkMYzCU/view?usp=sharing" target="_blank" rel="noopener">CALENDARI ELECTORAL</a></li>
<li><a href="https://drive.google.com/file/d/18VMvAFSrd1FyJB7zlAK9tccWqh60zsDC/view?usp=sharing" target="_blank" rel="noopener">INFOGRAFIA CONSELL ESCOLAR</a></li>
<li><a href="https://educacio.gencat.cat/ca/arees-actuacio/families/recursos/recomanacions/eleccions-consells-escolars/" target="_blank" rel="noopener">INFORMACIÓ DEPARTAMENT D&#8217;EDUCACIÓ</a></li>
</ul>

<p>S&#8217;obre el procés electoral per a l&#8217;elecció i renovació parcial dels membres del Consell Escolar tal i com disposa la Resolució EDU/3043/2021 de 6 d&#8217;octubre.<br />
Aquí trobareu tota la informació:</p>
<ul>
<li><a href="https://drive.google.com/file/d/1qg8OKI39OeW4DS6jj8ElM8dgfP0y4jhk/view?usp=sharing" target="_blank" rel="noopener">CONVOCATÒRIA ELECCIONS</a></li>
<li><a href="https://drive.google.com/file/d/1F8FQSoJon0X7oKwATjHYBCMXvwkMYzCU/view?usp=sharing" target="_blank" rel="noopener">CALENDARI ELECTORAL</a></li>
<li><a href="https://drive.google.com/file/d/18VMvAFSrd1FyJB7zlAK9tccWqh60zsDC/view?usp=sharing" target="_blank" rel="noopener">INFOGRAFIA CONSELL ESCOLAR</a></li>
<li><a href="https://educacio.gencat.cat/ca/arees-actuacio/families/recursos/recomanacions/eleccions-consells-escolars/" target="_blank" rel="noopener">INFORMACIÓ&hellip;  <a href="https://agora.xtec.cat/escolacansorts/lescola/consell-escolar/eleccions-al-consell-escolar/" title="Read Eleccions al Consell Escolar">Llegeix més»</a><br />
