{"id":683,"date":"2019-02-05T13:21:47","date_gmt":"2019-02-05T12:21:47","guid":{"rendered":"https:\/\/agora.xtec.cat\/escolacansorts\/?page_id=683"},"modified":"2024-01-30T21:25:43","modified_gmt":"2024-01-30T20:25:43","slug":"projecte-pedagogic","status":"publish","type":"page","link":"https:\/\/agora.xtec.cat\/escolacansorts\/projecte-pedagogic\/","title":{"rendered":"Projecte pedag\u00f2gic"},"content":{"rendered":"<p>L&#8217;escola Can Sorts, tal i com diu el nostre projecte educatiu, es defineix com a escola catalana, igualit\u00e0ria, innovadora, participativa i inclusiva. Entre d&#8217;altres, pretenem que les i els nostres alumnes esdevinguin ciutadans cr\u00edtics, competents i respectuosos amb el m\u00f3n mitjan\u00e7ant un <strong>aprenentatge significatiu i vivencial<\/strong>.<\/p>\n<p>El nostre projecte educatiu contempla:<\/p>\n<ul>\n<li><a href=\"https:\/\/agora.xtec.cat\/escolacansorts\/projecte-pedagogic\/ambients-educacio-infantil\/\" target=\"_blank\" rel=\"noopener noreferrer\">Espais d&#8217;aprenentatge a Educaci\u00f3 Infantil<\/a><\/li>\n<li>Racons a Prim\u00e0ria (<a href=\"https:\/\/agora.xtec.cat\/escolacansorts\/general\/racons-a-ci\/\" target=\"_blank\" rel=\"noopener noreferrer\">Cicle Inicial<\/a>, <a href=\"https:\/\/agora.xtec.cat\/escolacansorts\/general\/primers-racons-de-treball\/\" target=\"_blank\" rel=\"noopener noreferrer\">Cicle Mitj\u00e0<\/a> i Cicle Superior)<\/li>\n<li>Treball globalitzat (projectes) i treball sistem\u00e0tic<\/li>\n<li><a href=\"https:\/\/blocs.xtec.cat\/englishcansorts\/\" target=\"_blank\" rel=\"noopener noreferrer\">Angl\u00e8s d&#8217; I4 a 6\u00e8<\/a><\/li>\n<li><a href=\"https:\/\/agora.xtec.cat\/escolacansorts\/projecte-pedagogic\/projecte-etwinning\/\" target=\"_blank\" rel=\"noopener noreferrer\">Projecte E-twinning<\/a><\/li>\n<li>Tecnologies integrades en el proc\u00e9s d&#8217;aprenentatge<\/li>\n<li><a href=\"https:\/\/agora.xtec.cat\/escolacansorts\/projecte-pedagogic\/assemblea-de-delegades-i-delegats\/\" target=\"_blank\" rel=\"noopener\">Assemblea de delegades i delegats<\/a><\/li>\n<li><a href=\"https:\/\/agora.xtec.cat\/escolacansorts\/general\/robotica-a-superior-amb-els-mbot\/\" target=\"_blank\" rel=\"noopener noreferrer\">Rob\u00f2tica<\/a><\/li>\n<li>Gamificaci\u00f3<\/li>\n<li>Projecte de fillols i padrins (l&#8217;alumnat d&#8217;I3 seran els fillols, durant 3 cursos, de l&#8217;alumnat de 4t)<\/li>\n<li>Pr\u00e0ctiques restauratives (temps de cercle com a eina de prevenci\u00f3 i soluci\u00f3 de conflictes)<\/li>\n<li><a href=\"https:\/\/educacio.gencat.cat\/ca\/arees-actuacio\/centres-serveis-educatius\/innovacio-pedagogica\/infantil-primaria-secundaria-batxillerat\/aquiproubullying\/index.html\" target=\"_blank\" rel=\"noopener\">Projecte #Aqu\u00edProuBullying<\/a><\/li>\n<li>Equips per la conviv\u00e8ncia<\/li>\n<li><a href=\"https:\/\/agora.xtec.cat\/escolacansorts\/general\/el-nou-disseny-de-la-biblioteca-ja-es-una-realitat\/\" target=\"_blank\" rel=\"noopener noreferrer\">Biblioteca escolar<\/a><\/li>\n<li><a href=\"https:\/\/agora.xtec.cat\/escolacansorts\/general\/comencem-el-projecte-llegim-en-parella\/\" target=\"_blank\" rel=\"noopener noreferrer\">Projecte &#8220;Llegim en parelles&#8221; (2n i 3r)<\/a><\/li>\n<li>Col\u00f2nies a I5, 2n, 4t i 6\u00e8<\/li>\n<li><a href=\"https:\/\/agora.xtec.cat\/escolacansorts\/projecte-pedagogic\/projecte-patis-2\/\" target=\"_blank\" rel=\"noopener noreferrer\">Projecte Patis<\/a><\/li>\n<\/ul>\n","protected":false},"excerpt":{"rendered":"<p>L&#8217;escola Can Sorts, tal i com diu el nostre projecte educatiu, es defineix com a escola catalana, igualit\u00e0ria, innovadora, participativa i inclusiva. Entre d&#8217;altres, pretenem que les i els nostres alumnes esdevinguin ciutadans cr\u00edtics, competents i respectuosos amb el m\u00f3n mitjan\u00e7ant un aprenentatge significatiu i&hellip;  <a href=\"https:\/\/agora.xtec.cat\/escolacansorts\/projecte-pedagogic\/\" title=\"Read Projecte pedag\u00f2gic\">Llegeix m\u00e9s\u00bb<\/a><\/p>\n","protected":false},"author":1,"featured_media":0,"parent":0,"menu_order":0,"comment_status":"closed","ping_status":"closed","template":"","meta":{"_bbp_topic_count":0,"_bbp_reply_count":0,"_bbp_total_topic_count":0,"_bbp_total_reply_count":0,"_bbp_voice_count":0,"_bbp_anonymous_reply_count":0,"_bbp_topic_count_hidden":0,"_bbp_reply_count_hidden":0,"_bbp_forum_subforum_count":0,"footnotes":""},"class_list":["post-683","page","type-page","status-publish","hentry"],"post_mailing_queue_ids":[],"_links":{"self":[{"href":"https:\/\/agora.xtec.cat\/escolacansorts\/wp-json\/wp\/v2\/pages\/683","targetHints":{"allow":["GET"]}}],"collection":[{"href":"https:\/\/agora.xtec.cat\/escolacansorts\/wp-json\/wp\/v2\/pages"}],"about":[{"href":"https:\/\/agora.xtec.cat\/escolacansorts\/wp-json\/wp\/v2\/types\/page"}],"author":[{"embeddable":true,"href":"https:\/\/agora.xtec.cat\/escolacansorts\/wp-json\/wp\/v2\/users\/1"}],"replies":[{"embeddable":true,"href":"https:\/\/agora.xtec.cat\/escolacansorts\/wp-json\/wp\/v2\/comments?post=683"}],"version-history":[{"count":6,"href":"https:\/\/agora.xtec.cat\/escolacansorts\/wp-json\/wp\/v2\/pages\/683\/revisions"}],"predecessor-version":[{"id":9956,"href":"https:\/\/agora.xtec.cat\/escolacansorts\/wp-json\/wp\/v2\/pages\/683\/revisions\/9956"}],"wp:attachment":[{"href":"https:\/\/agora.xtec.cat\/escolacansorts\/wp-json\/wp\/v2\/media?parent=683"}],"curies":[{"name":"wp","href":"https:\/\/api.w.org\/{rel}","templated":true}]}}

Projecte pedagògic

<p>L&#8217;escola Can Sorts, tal i com diu el nostre projecte educatiu, es defineix com a escola catalana, igualitària, innovadora, participativa i inclusiva. Entre d&#8217;altres, pretenem que les i els nostres alumnes esdevinguin ciutadans crítics, competents i respectuosos amb el món mitjançant un <strong>aprenentatge significatiu i vivencial</strong>.</p>
<p>El nostre projecte educatiu contempla:</p>
<ul>
<li><a href="https://agora.xtec.cat/escolacansorts/projecte-pedagogic/ambients-educacio-infantil/" target="_blank" rel="noopener noreferrer">Espais d&#8217;aprenentatge a Educació Infantil</a></li>
<li>Racons a Primària (<a href="https://agora.xtec.cat/escolacansorts/general/racons-a-ci/" target="_blank" rel="noopener noreferrer">Cicle Inicial</a>, <a href="https://agora.xtec.cat/escolacansorts/general/primers-racons-de-treball/" target="_blank" rel="noopener noreferrer">Cicle Mitjà</a> i Cicle Superior)</li>
<li>Treball globalitzat (projectes) i treball sistemàtic</li>
<li><a href="https://blocs.xtec.cat/englishcansorts/" target="_blank" rel="noopener noreferrer">Anglès d&#8217; I4 a 6è</a></li>
<li><a href="https://agora.xtec.cat/escolacansorts/projecte-pedagogic/projecte-etwinning/" target="_blank" rel="noopener noreferrer">Projecte E-twinning</a></li>
<li>Tecnologies integrades en el procés d&#8217;aprenentatge</li>
<li><a href="https://agora.xtec.cat/escolacansorts/projecte-pedagogic/assemblea-de-delegades-i-delegats/" target="_blank" rel="noopener">Assemblea de delegades i delegats</a></li>
<li><a href="https://agora.xtec.cat/escolacansorts/general/robotica-a-superior-amb-els-mbot/" target="_blank" rel="noopener noreferrer">Robòtica</a></li>
<li>Gamificació</li>
<li>Projecte de fillols i padrins (l&#8217;alumnat d&#8217;I3 seran els fillols, durant 3 cursos, de l&#8217;alumnat de 4t)</li>
<li>Pràctiques restauratives (temps de cercle com a eina de prevenció i solució de conflictes)</li>
<li><a href="https://educacio.gencat.cat/ca/arees-actuacio/centres-serveis-educatius/innovacio-pedagogica/infantil-primaria-secundaria-batxillerat/aquiproubullying/index.html" target="_blank" rel="noopener">Projecte #AquíProuBullying</a></li>
<li>Equips per la convivència</li>
<li><a href="https://agora.xtec.cat/escolacansorts/general/el-nou-disseny-de-la-biblioteca-ja-es-una-realitat/" target="_blank" rel="noopener noreferrer">Biblioteca escolar</a></li>
<li><a href="https://agora.xtec.cat/escolacansorts/general/comencem-el-projecte-llegim-en-parella/" target="_blank" rel="noopener noreferrer">Projecte &#8220;Llegim en parelles&#8221; (2n i 3r)</a></li>
<li>Colònies a I5, 2n, 4t i 6è</li>
<li><a href="https://agora.xtec.cat/escolacansorts/projecte-pedagogic/projecte-patis-2/" target="_blank" rel="noopener noreferrer">Projecte Patis</a></li>
</ul>

<p>L&#8217;escola Can Sorts, tal i com diu el nostre projecte educatiu, es defineix com a escola catalana, igualitària, innovadora, participativa i inclusiva. Entre d&#8217;altres, pretenem que les i els nostres alumnes esdevinguin ciutadans crítics, competents i respectuosos amb el món mitjançant un aprenentatge significatiu i&hellip;  <a href="https://agora.xtec.cat/escolacansorts/projecte-pedagogic/" title="Read Projecte pedagògic">Llegeix més»</a></p>
