{"id":22,"date":"2014-09-18T12:19:57","date_gmt":"2014-09-18T11:19:57","guid":{"rendered":"http:\/\/agora.xtec.cat\/escolacansorts\/?page_id=22"},"modified":"2019-02-19T13:26:27","modified_gmt":"2019-02-19T12:26:27","slug":"lescola","status":"publish","type":"page","link":"https:\/\/agora.xtec.cat\/escolacansorts\/lescola\/","title":{"rendered":"L&#8217;escola"},"content":{"rendered":"<p>La nostra escola est\u00e0 a Sentmenat, a la comarca del Vall\u00e9s Occidental.<br \/>\nEns definim com una escola catalana, laica, oberta, innovadora, participativa i integradora. Si vols saber m\u00e9s, aqu\u00ed teniu el nostre\u00a0<a href=\"https:\/\/drive.google.com\/file\/d\/1lMQE8JQORYcOp2voAEUxdtcsjoWkIXhR\/view?usp=sharing\" target=\"_blank\" rel=\"noopener\">Projecte educatiu de Centre<\/a>. El nostre Projecte Ling\u00fc\u00edstic est\u00e0 en revisi\u00f3. Properament estar\u00e0 disponible.<\/p>\n","protected":false},"excerpt":{"rendered":"<p>La nostra escola est\u00e0 a Sentmenat, a la comarca del Vall\u00e9s Occidental.<br \/>\nEns definim com una escola catalana, laica, oberta, innovadora, participativa i integradora. Si vols saber m\u00e9s, aqu\u00ed teniu el nostre\u00a0<a href=\"https:\/\/drive.google.com\/file\/d\/1lMQE8JQORYcOp2voAEUxdtcsjoWkIXhR\/view?usp=sharing\" target=\"_blank\" rel=\"noopener\">Projecte educatiu de Centre<\/a>. El nostre Projecte Ling\u00fc\u00edstic est\u00e0 en revisi\u00f3. Properament&hellip;  <a href=\"https:\/\/agora.xtec.cat\/escolacansorts\/lescola\/\" title=\"Read L&#8217;escola\">Llegeix m\u00e9s\u00bb<\/a><\/p>\n","protected":false},"author":1,"featured_media":0,"parent":0,"menu_order":0,"comment_status":"closed","ping_status":"closed","template":"page-templates\/side-menu.php","meta":{"_bbp_topic_count":0,"_bbp_reply_count":0,"_bbp_total_topic_count":0,"_bbp_total_reply_count":0,"_bbp_voice_count":0,"_bbp_anonymous_reply_count":0,"_bbp_topic_count_hidden":0,"_bbp_reply_count_hidden":0,"_bbp_forum_subforum_count":0,"footnotes":""},"class_list":["post-22","page","type-page","status-publish","hentry"],"post_mailing_queue_ids":[],"_links":{"self":[{"href":"https:\/\/agora.xtec.cat\/escolacansorts\/wp-json\/wp\/v2\/pages\/22","targetHints":{"allow":["GET"]}}],"collection":[{"href":"https:\/\/agora.xtec.cat\/escolacansorts\/wp-json\/wp\/v2\/pages"}],"about":[{"href":"https:\/\/agora.xtec.cat\/escolacansorts\/wp-json\/wp\/v2\/types\/page"}],"author":[{"embeddable":true,"href":"https:\/\/agora.xtec.cat\/escolacansorts\/wp-json\/wp\/v2\/users\/1"}],"replies":[{"embeddable":true,"href":"https:\/\/agora.xtec.cat\/escolacansorts\/wp-json\/wp\/v2\/comments?post=22"}],"version-history":[{"count":1,"href":"https:\/\/agora.xtec.cat\/escolacansorts\/wp-json\/wp\/v2\/pages\/22\/revisions"}],"predecessor-version":[{"id":769,"href":"https:\/\/agora.xtec.cat\/escolacansorts\/wp-json\/wp\/v2\/pages\/22\/revisions\/769"}],"wp:attachment":[{"href":"https:\/\/agora.xtec.cat\/escolacansorts\/wp-json\/wp\/v2\/media?parent=22"}],"curies":[{"name":"wp","href":"https:\/\/api.w.org\/{rel}","templated":true}]}}

<p>La nostra escola està a Sentmenat, a la comarca del Vallés Occidental.<br />
Ens definim com una escola catalana, laica, oberta, innovadora, participativa i integradora. Si vols saber més, aquí teniu el nostre <a href="https://drive.google.com/file/d/1lMQE8JQORYcOp2voAEUxdtcsjoWkIXhR/view?usp=sharing" target="_blank" rel="noopener">Projecte educatiu de Centre</a>. El nostre Projecte Lingüístic està en revisió. Properament estarà disponible.</p>

<p>La nostra escola està a Sentmenat, a la comarca del Vallés Occidental.<br />
Ens definim com una escola catalana, laica, oberta, innovadora, participativa i integradora. Si vols saber més, aquí teniu el nostre <a href="https://drive.google.com/file/d/1lMQE8JQORYcOp2voAEUxdtcsjoWkIXhR/view?usp=sharing" target="_blank" rel="noopener">Projecte educatiu de Centre</a>. El nostre Projecte Lingüístic està en revisió. Properament&hellip;  <a href="https://agora.xtec.cat/escolacansorts/lescola/" title="Read L&#8217;escola">Llegeix més»</a></p>
