{"id":73,"date":"2014-09-18T14:01:51","date_gmt":"2014-09-18T14:01:51","guid":{"rendered":"http:\/\/agora.xtec.cat\/escolacanserra\/?page_id=73"},"modified":"2025-07-09T13:40:36","modified_gmt":"2025-07-09T11:40:36","slug":"menjador-escolar","status":"publish","type":"page","link":"https:\/\/agora.xtec.cat\/escolacanserra\/serveis\/menjador-escolar\/","title":{"rendered":"Menjador escolar"},"content":{"rendered":"<h2 style=\"text-align: center;\">Tel\u00e8fon menjador: <strong>666 419 593 <\/strong><\/h2>\n<h2 style=\"text-align: center;\"><strong>espaimigdiacanserra@gmail.com <\/strong><\/h2>\n<h2 style=\"text-align: center;\"><a href=\"https:\/\/play.google.com\/store\/apps\/details?id=com.dumainteractiva.rocagonzalez&amp;hl=ca&amp;pli=1\"><strong>APP menjador: ROCA GONZ\u00c1LEZ<\/strong><\/a><\/h2>\n<div>\n<div><b>PREUS MENJADOR 25-26<\/b><\/div>\n<div><\/div>\n<div>\n<div>7,35\u20ac (alumnat fix)<\/div>\n<div>7,80\u20ac (alumnat espor\u00e0dic)<\/div>\n<\/div>\n<\/div>\n<div><\/div>\n<div>Es consideraran <span style=\"color: #000000;\">fixos<\/span> tots els infants que es quedin al menjador els mateixos dies de cada setmana i un dia com a m\u00ednim (per exemple, tots el dilluns). Els \u00e0pats oferts al menjador de l&#8217;escola es cuinen a la nostra escola amb l&#8217;empresa <a href=\"http:\/\/www.rocagonzalez.com\/ca\/index.htm\">ROCA GONZ\u00c1LEZ\u00a0\u00a0<\/a><\/div>\n<div class=\"ast-oembed-container \" style=\"height: 100%;\"><iframe loading=\"lazy\" title=\"Menjador amb cuina\" width=\"500\" height=\"281\" src=\"https:\/\/www.youtube.com\/embed\/9RW5IlVMa-k?feature=oembed\" frameborder=\"0\" allow=\"accelerometer; autoplay; clipboard-write; encrypted-media; gyroscope; picture-in-picture; web-share\" referrerpolicy=\"strict-origin-when-cross-origin\" allowfullscreen><\/iframe><\/div>\n<ul>\n<li>CUINA PR\u00d2PIA<\/li>\n<li>Al <a href=\"https:\/\/afacanserra.cat\/?page_id=2387\">WEB de l&#8217;AFA<\/a> trobareu tota la informaci\u00f3 referent al servei de menjador:<img loading=\"lazy\" decoding=\"async\" class=\"alignright\" src=\"http:\/\/www.animatedimages.org\/data\/media\/419\/animated-cutlery-image-0001.gif\" alt=\"\" width=\"75\" height=\"75\" \/>\n<div>\n<div><b><span style=\"font-size: medium;\">MEN\u00da, PREUS, NORMATIVA, CONTACTE, ACTIVITATS, etc.\u00a0<\/span><\/b><\/div>\n<div><\/div>\n<\/div>\n<div>\n<div>Els dies d&#8217;abs\u00e8ncia al menjador, haureu d\u2019avisar a la administrativa del menjador abans de les 9.30 h per l&#8217;APP o al n\u00famero de tel\u00e8fon <strong>666 419 593.<\/strong><\/div>\n<div><\/div>\n<div><\/div>\n<div><\/div>\n<\/div>\n<\/li>\n<\/ul>\n","protected":false},"excerpt":{"rendered":"<p>Tel\u00e8fon menjador: 666 419 593 espaimigdiacanserra@gmail.com APP menjador: ROCA GONZ\u00c1LEZ PREUS MENJADOR 25-26 7,35\u20ac (alumnat fix) 7,80\u20ac (alumnat espor\u00e0dic) Es consideraran fixos tots els infants que es quedin al menjador els mateixos dies de cada setmana i un dia com a m\u00ednim (per exemple, tots el dilluns). Els \u00e0pats oferts al menjador de l&#8217;escola es [&hellip;]<\/p>\n","protected":false},"author":2,"featured_media":0,"parent":66,"menu_order":30,"comment_status":"closed","ping_status":"closed","template":"page-templates\/side-menu.php","meta":{"_bbp_topic_count":0,"_bbp_reply_count":0,"_bbp_total_topic_count":0,"_bbp_total_reply_count":0,"_bbp_voice_count":0,"_bbp_anonymous_reply_count":0,"_bbp_topic_count_hidden":0,"_bbp_reply_count_hidden":0,"_bbp_forum_subforum_count":0,"site-sidebar-layout":"default","site-content-layout":"","ast-site-content-layout":"","site-content-style":"default","site-sidebar-style":"default","ast-global-header-display":"","ast-banner-title-visibility":"","ast-main-header-display":"","ast-hfb-above-header-display":"","ast-hfb-below-header-display":"","ast-hfb-mobile-header-display":"","site-post-title":"","ast-breadcrumbs-content":"","ast-featured-img":"","footer-sml-layout":"","theme-transparent-header-meta":"","adv-header-id-meta":"","stick-header-meta":"","header-above-stick-meta":"","header-main-stick-meta":"","header-below-stick-meta":"","astra-migrate-meta-layouts":"default","ast-page-background-enabled":"default","ast-page-background-meta":{"desktop":{"background-color":"var(--ast-global-color-4)","background-image":"","background-repeat":"repeat","background-position":"center center","background-size":"auto","background-attachment":"scroll","background-type":"","background-media":"","overlay-type":"","overlay-color":"","overlay-opacity":"","overlay-gradient":""},"tablet":{"background-color":"","background-image":"","background-repeat":"repeat","background-position":"center center","background-size":"auto","background-attachment":"scroll","background-type":"","background-media":"","overlay-type":"","overlay-color":"","overlay-opacity":"","overlay-gradient":""},"mobile":{"background-color":"","background-image":"","background-repeat":"repeat","background-position":"center center","background-size":"auto","background-attachment":"scroll","background-type":"","background-media":"","overlay-type":"","overlay-color":"","overlay-opacity":"","overlay-gradient":""}},"ast-content-background-meta":{"desktop":{"background-color":"var(--ast-global-color-5)","background-image":"","background-repeat":"repeat","background-position":"center center","background-size":"auto","background-attachment":"scroll","background-type":"","background-media":"","overlay-type":"","overlay-color":"","overlay-opacity":"","overlay-gradient":""},"tablet":{"background-color":"var(--ast-global-color-5)","background-image":"","background-repeat":"repeat","background-position":"center center","background-size":"auto","background-attachment":"scroll","background-type":"","background-media":"","overlay-type":"","overlay-color":"","overlay-opacity":"","overlay-gradient":""},"mobile":{"background-color":"var(--ast-global-color-5)","background-image":"","background-repeat":"repeat","background-position":"center center","background-size":"auto","background-attachment":"scroll","background-type":"","background-media":"","overlay-type":"","overlay-color":"","overlay-opacity":"","overlay-gradient":""}},"footnotes":""},"class_list":["post-73","page","type-page","status-publish","hentry"],"post_mailing_queue_ids":[],"_links":{"self":[{"href":"https:\/\/agora.xtec.cat\/escolacanserra\/wp-json\/wp\/v2\/pages\/73","targetHints":{"allow":["GET"]}}],"collection":[{"href":"https:\/\/agora.xtec.cat\/escolacanserra\/wp-json\/wp\/v2\/pages"}],"about":[{"href":"https:\/\/agora.xtec.cat\/escolacanserra\/wp-json\/wp\/v2\/types\/page"}],"author":[{"embeddable":true,"href":"https:\/\/agora.xtec.cat\/escolacanserra\/wp-json\/wp\/v2\/users\/2"}],"replies":[{"embeddable":true,"href":"https:\/\/agora.xtec.cat\/escolacanserra\/wp-json\/wp\/v2\/comments?post=73"}],"version-history":[{"count":6,"href":"https:\/\/agora.xtec.cat\/escolacanserra\/wp-json\/wp\/v2\/pages\/73\/revisions"}],"predecessor-version":[{"id":31241,"href":"https:\/\/agora.xtec.cat\/escolacanserra\/wp-json\/wp\/v2\/pages\/73\/revisions\/31241"}],"up":[{"embeddable":true,"href":"https:\/\/agora.xtec.cat\/escolacanserra\/wp-json\/wp\/v2\/pages\/66"}],"wp:attachment":[{"href":"https:\/\/agora.xtec.cat\/escolacanserra\/wp-json\/wp\/v2\/media?parent=73"}],"curies":[{"name":"wp","href":"https:\/\/api.w.org\/{rel}","templated":true}]}}