{"id":66,"date":"2014-09-18T12:40:47","date_gmt":"2014-09-18T12:40:47","guid":{"rendered":"http:\/\/agora.xtec.cat\/escolacanserra\/?page_id=66"},"modified":"2021-07-21T20:14:44","modified_gmt":"2021-07-21T18:14:44","slug":"serveis","status":"publish","type":"page","link":"https:\/\/agora.xtec.cat\/escolacanserra\/serveis\/","title":{"rendered":"SERVEIS \/ AFA"},"content":{"rendered":"<p>L&#8217;associaci\u00f3 de fam\u00edlies (AFA) organitza i gestiona molts dels serveis oferts al centre*, com ara menjador escolar, cooperativa de llibres, servei d&#8217;acollida, extraescolars, casal d&#8217;estiu, cavalcada de reis, festa fi curs, etc. La seva p\u00e0gina web \u00e9s:<\/p>\n<h2 style=\"text-align: center;\"><a href=\"https:\/\/afacanserra.cat\/\">afacanserra.cat<\/a><\/h2>\n<div><strong>Horari d&#8217;atenci\u00f3 a les fam\u00edlies: dilluns de 9\u00a0a 9:30\u00a0i dimecres de 16:30h a 17h<\/strong><\/div>\n<div><\/div>\n<div>Si vols posar-te en contacte amb l&#8217;AFA:\u00a0 <a href=\"mailto:afaescolacanserra@gmail.com\">afaescolacanserra@gmail.com<\/a>\u00a0 \u00a0 \u00a0\u00a0<a title=\"\" href=\"mailto:menjador.canserra@hotmail.com\">menjador.canserra@hotmail.com<\/a><\/div>\n<p>&nbsp;<\/p>\n<p><strong>Gr\u00e0cies a les fam\u00edlies que col\u00b7laboren a l&#8217;AFA, podem gaudir de tots aquests serveis, dels quals tots ens beneficiem! Moltes gr\u00e0cies per la vostra col\u00b7laboraci\u00f3!<\/strong><\/p>\n<hr \/>\n<h6><em>Els processos de canvi d&#8217;entitats dels serveis que l&#8217;AFA ofereix a l&#8217;escola (extraescolars, menjador, casal&#8230;) no els fem cada curs. La comissi\u00f3 d&#8217;activitats complement\u00e0ries del Consell Escolar determina quan \u00e9s necessari plantejar els canvis, prioritzant donar una m\u00ednima continu\u00eftat als serveis per valorar el progr\u00e9s i evoluci\u00f3 d&#8217;aquests.\u00a0<\/em><\/h6>\n","protected":false},"excerpt":{"rendered":"<p>L&#8217;associaci\u00f3 de fam\u00edlies (AFA) organitza i gestiona molts dels serveis oferts al centre*, com ara menjador escolar, cooperativa de llibres, servei d&#8217;acollida, extraescolars, casal d&#8217;estiu, cavalcada de reis, festa fi curs, etc. La seva p\u00e0gina web \u00e9s: afacanserra.cat Horari d&#8217;atenci\u00f3 a les fam\u00edlies: dilluns de 9\u00a0a 9:30\u00a0i dimecres de 16:30h a 17h Si vols posar-te [&hellip;]<\/p>\n","protected":false},"author":2,"featured_media":0,"parent":0,"menu_order":0,"comment_status":"closed","ping_status":"closed","template":"page-templates\/side-menu.php","meta":{"_bbp_topic_count":0,"_bbp_reply_count":0,"_bbp_total_topic_count":0,"_bbp_total_reply_count":0,"_bbp_voice_count":0,"_bbp_anonymous_reply_count":0,"_bbp_topic_count_hidden":0,"_bbp_reply_count_hidden":0,"_bbp_forum_subforum_count":0,"site-sidebar-layout":"default","site-content-layout":"","ast-site-content-layout":"","site-content-style":"default","site-sidebar-style":"default","ast-global-header-display":"","ast-banner-title-visibility":"","ast-main-header-display":"","ast-hfb-above-header-display":"","ast-hfb-below-header-display":"","ast-hfb-mobile-header-display":"","site-post-title":"","ast-breadcrumbs-content":"","ast-featured-img":"","footer-sml-layout":"","theme-transparent-header-meta":"","adv-header-id-meta":"","stick-header-meta":"","header-above-stick-meta":"","header-main-stick-meta":"","header-below-stick-meta":"","astra-migrate-meta-layouts":"default","ast-page-background-enabled":"default","ast-page-background-meta":{"desktop":{"background-color":"var(--ast-global-color-4)","background-image":"","background-repeat":"repeat","background-position":"center center","background-size":"auto","background-attachment":"scroll","background-type":"","background-media":"","overlay-type":"","overlay-color":"","overlay-opacity":"","overlay-gradient":""},"tablet":{"background-color":"","background-image":"","background-repeat":"repeat","background-position":"center center","background-size":"auto","background-attachment":"scroll","background-type":"","background-media":"","overlay-type":"","overlay-color":"","overlay-opacity":"","overlay-gradient":""},"mobile":{"background-color":"","background-image":"","background-repeat":"repeat","background-position":"center center","background-size":"auto","background-attachment":"scroll","background-type":"","background-media":"","overlay-type":"","overlay-color":"","overlay-opacity":"","overlay-gradient":""}},"ast-content-background-meta":{"desktop":{"background-color":"var(--ast-global-color-5)","background-image":"","background-repeat":"repeat","background-position":"center center","background-size":"auto","background-attachment":"scroll","background-type":"","background-media":"","overlay-type":"","overlay-color":"","overlay-opacity":"","overlay-gradient":""},"tablet":{"background-color":"var(--ast-global-color-5)","background-image":"","background-repeat":"repeat","background-position":"center center","background-size":"auto","background-attachment":"scroll","background-type":"","background-media":"","overlay-type":"","overlay-color":"","overlay-opacity":"","overlay-gradient":""},"mobile":{"background-color":"var(--ast-global-color-5)","background-image":"","background-repeat":"repeat","background-position":"center center","background-size":"auto","background-attachment":"scroll","background-type":"","background-media":"","overlay-type":"","overlay-color":"","overlay-opacity":"","overlay-gradient":""}},"footnotes":""},"class_list":["post-66","page","type-page","status-publish","hentry"],"post_mailing_queue_ids":[],"_links":{"self":[{"href":"https:\/\/agora.xtec.cat\/escolacanserra\/wp-json\/wp\/v2\/pages\/66","targetHints":{"allow":["GET"]}}],"collection":[{"href":"https:\/\/agora.xtec.cat\/escolacanserra\/wp-json\/wp\/v2\/pages"}],"about":[{"href":"https:\/\/agora.xtec.cat\/escolacanserra\/wp-json\/wp\/v2\/types\/page"}],"author":[{"embeddable":true,"href":"https:\/\/agora.xtec.cat\/escolacanserra\/wp-json\/wp\/v2\/users\/2"}],"replies":[{"embeddable":true,"href":"https:\/\/agora.xtec.cat\/escolacanserra\/wp-json\/wp\/v2\/comments?post=66"}],"version-history":[{"count":3,"href":"https:\/\/agora.xtec.cat\/escolacanserra\/wp-json\/wp\/v2\/pages\/66\/revisions"}],"predecessor-version":[{"id":25166,"href":"https:\/\/agora.xtec.cat\/escolacanserra\/wp-json\/wp\/v2\/pages\/66\/revisions\/25166"}],"wp:attachment":[{"href":"https:\/\/agora.xtec.cat\/escolacanserra\/wp-json\/wp\/v2\/media?parent=66"}],"curies":[{"name":"wp","href":"https:\/\/api.w.org\/{rel}","templated":true}]}}