{"id":3815,"date":"2015-03-02T22:12:38","date_gmt":"2015-03-02T21:12:38","guid":{"rendered":"http:\/\/agora.xtec.cat\/escolacanserra\/?page_id=3815"},"modified":"2026-03-18T14:45:35","modified_gmt":"2026-03-18T13:45:35","slug":"farigoleta","status":"publish","type":"page","link":"https:\/\/agora.xtec.cat\/escolacanserra\/festes\/farigoleta\/","title":{"rendered":"La Farigoleta"},"content":{"rendered":"<ol>\n<li>Durant el curs 20<a href=\"http:\/\/agora.xtec.cat\/escolacanserra\/wp-content\/uploads\/usu244\/2015\/03\/farigoleta-ivan-transparent-SHORT.png\"><img loading=\"lazy\" decoding=\"async\" class=\" wp-image-3894 alignright\" src=\"http:\/\/agora.xtec.cat\/escolacanserra\/wp-content\/uploads\/usu244\/2015\/03\/farigoleta-ivan-transparent-SHORT-218x300.png\" alt=\"farigoleta ivan transparent SHORT\" width=\"292\" height=\"402\" srcset=\"https:\/\/agora.xtec.cat\/escolacanserra\/wp-content\/uploads\/usu244\/2015\/03\/farigoleta-ivan-transparent-SHORT-218x300.png 218w, https:\/\/agora.xtec.cat\/escolacanserra\/wp-content\/uploads\/usu244\/2015\/03\/farigoleta-ivan-transparent-SHORT-746x1024.png 746w, https:\/\/agora.xtec.cat\/escolacanserra\/wp-content\/uploads\/usu244\/2015\/03\/farigoleta-ivan-transparent-SHORT.png 800w\" sizes=\"auto, (max-width: 292px) 100vw, 292px\" \/><\/a>10-2011, l&#8217;escola va dur a terme una setmana cultural basada en la cultura popular catalana: &#8220;Visca la festa, visca la gresca&#8221;. Les nenes i nens van donar vida a una nova icona cultural de l&#8217;escola: LA FARIGOLETA: una gegantona que, mitjan\u00e7ant les hist\u00f2ries inventades pels infants, aix\u00ed com els seus dibuixos i dissenys, va arribar a Can Serra per representar-nos a les festes del poble. Fou batejada amb p\u00e8tals de rosa el juny de 2011 al pati de Can Serra i va ballar p\u00fablicament per primera vegada a les festes del poble de 2011. El dibuix oficial de La Farigoleta el va dibuixar l&#8217;alumne Iv\u00e0n Parrado quan anava a P3. Actualment, \u00e9s present a la samarreta de l&#8217;escola.<\/li>\n<\/ol>\n<p>El nom de Farigoleta va sorgir arran de la descoberta de<a href=\"http:\/\/agora.xtec.cat\/escolacanserra\/wp-content\/uploads\/usu244\/2015\/03\/hostal-la-farigola-1949.jpg\"> l&#8217;Hostal La Farigola<\/a><a href=\"https:\/\/bdvcastell.wordpress.com\/grabados\/hostal-la-farigola\/\">,<\/a> situat a l&#8217;entrada de Barber\u00e0 del Vall\u00e8s (1610). Aqu\u00ed trobareu una mica m\u00e9s d&#8217;hist\u00f2ria sobre l&#8217;origen de la Farigoleta: <a href=\"http:\/\/agora.xtec.cat\/escolacanserra\/wp-content\/uploads\/usu244\/2015\/03\/historia-farigoleta.pdf\">historia-farigoleta<\/a><\/p>\n<p>Sab\u00edeu que la Farigoleta t\u00e9 el seu propi canal d&#8217;instagram? Podeu seguir les seves aventures a <a href=\"https:\/\/www.instagram.com\/escolacanserra\/\"><strong>@escolacanserra<\/strong><\/a><\/p>\n<p>Al 2022, la Farigoleta va arribar a 6\u00e8, es va fer &#8220;gran&#8221; i va estrenar un &#8220;nou look&#8221;:<\/p>\n<p><a href=\"https:\/\/agora.xtec.cat\/escolacanserra\/wp-content\/uploads\/usu244\/2023\/03\/Nova-Farigoleta.jpeg\"><img loading=\"lazy\" decoding=\"async\" class=\"wp-image-29748 alignleft\" src=\"https:\/\/agora.xtec.cat\/escolacanserra\/wp-content\/uploads\/usu244\/2023\/03\/Nova-Farigoleta-1024x768.jpeg\" alt=\"\" width=\"387\" height=\"290\" srcset=\"https:\/\/agora.xtec.cat\/escolacanserra\/wp-content\/uploads\/usu244\/2023\/03\/Nova-Farigoleta-1024x768.jpeg 1024w, https:\/\/agora.xtec.cat\/escolacanserra\/wp-content\/uploads\/usu244\/2023\/03\/Nova-Farigoleta-300x225.jpeg 300w, https:\/\/agora.xtec.cat\/escolacanserra\/wp-content\/uploads\/usu244\/2023\/03\/Nova-Farigoleta-768x576.jpeg 768w, https:\/\/agora.xtec.cat\/escolacanserra\/wp-content\/uploads\/usu244\/2023\/03\/Nova-Farigoleta-1536x1152.jpeg 1536w, https:\/\/agora.xtec.cat\/escolacanserra\/wp-content\/uploads\/usu244\/2023\/03\/Nova-Farigoleta-200x150.jpeg 200w, https:\/\/agora.xtec.cat\/escolacanserra\/wp-content\/uploads\/usu244\/2023\/03\/Nova-Farigoleta.jpeg 2016w\" sizes=\"auto, (max-width: 387px) 100vw, 387px\" \/><\/a><\/p>\n<p>La Farigoleta va encap\u00e7alar la inauguraci\u00f3 del Pont de la Farigola el juny de 2025.<\/p>\n<p><a href=\"https:\/\/agora.xtec.cat\/escolacanserra\/wp-content\/uploads\/usu244\/2025\/08\/IMG-20250614-WA0019.jpg\"><img loading=\"lazy\" decoding=\"async\" class=\"alignnone wp-image-31260\" src=\"https:\/\/agora.xtec.cat\/escolacanserra\/wp-content\/uploads\/usu244\/2025\/08\/IMG-20250614-WA0019-576x1024.jpg\" alt=\"\" width=\"235\" height=\"418\" srcset=\"https:\/\/agora.xtec.cat\/escolacanserra\/wp-content\/uploads\/usu244\/2025\/08\/IMG-20250614-WA0019-576x1024.jpg 576w, https:\/\/agora.xtec.cat\/escolacanserra\/wp-content\/uploads\/usu244\/2025\/08\/IMG-20250614-WA0019-169x300.jpg 169w, https:\/\/agora.xtec.cat\/escolacanserra\/wp-content\/uploads\/usu244\/2025\/08\/IMG-20250614-WA0019-768x1365.jpg 768w, https:\/\/agora.xtec.cat\/escolacanserra\/wp-content\/uploads\/usu244\/2025\/08\/IMG-20250614-WA0019-864x1536.jpg 864w, https:\/\/agora.xtec.cat\/escolacanserra\/wp-content\/uploads\/usu244\/2025\/08\/IMG-20250614-WA0019.jpg 1152w\" sizes=\"auto, (max-width: 235px) 100vw, 235px\" \/> \u00a0<\/a><a href=\"https:\/\/agora.xtec.cat\/escolacanserra\/wp-content\/uploads\/usu244\/2025\/08\/54595029666_a0bfd2187e_k.jpg\"><img loading=\"lazy\" decoding=\"async\" class=\"alignnone wp-image-31254\" src=\"https:\/\/agora.xtec.cat\/escolacanserra\/wp-content\/uploads\/usu244\/2025\/08\/54595029666_a0bfd2187e_k-1024x683.jpg\" alt=\"\" width=\"319\" height=\"212\" srcset=\"https:\/\/agora.xtec.cat\/escolacanserra\/wp-content\/uploads\/usu244\/2025\/08\/54595029666_a0bfd2187e_k-1024x683.jpg 1024w, https:\/\/agora.xtec.cat\/escolacanserra\/wp-content\/uploads\/usu244\/2025\/08\/54595029666_a0bfd2187e_k-300x200.jpg 300w, https:\/\/agora.xtec.cat\/escolacanserra\/wp-content\/uploads\/usu244\/2025\/08\/54595029666_a0bfd2187e_k-768x512.jpg 768w, https:\/\/agora.xtec.cat\/escolacanserra\/wp-content\/uploads\/usu244\/2025\/08\/54595029666_a0bfd2187e_k-1536x1024.jpg 1536w, https:\/\/agora.xtec.cat\/escolacanserra\/wp-content\/uploads\/usu244\/2025\/08\/54595029666_a0bfd2187e_k.jpg 2048w\" sizes=\"auto, (max-width: 319px) 100vw, 319px\" \/><\/a><\/p>\n<p><a href=\"https:\/\/agora.xtec.cat\/escolacanserra\/wp-content\/uploads\/usu244\/2025\/08\/IMG-20250614-WA0038.jpg\"><img loading=\"lazy\" decoding=\"async\" class=\"alignnone wp-image-31255\" src=\"https:\/\/agora.xtec.cat\/escolacanserra\/wp-content\/uploads\/usu244\/2025\/08\/IMG-20250614-WA0038-768x1024.jpg\" alt=\"\" width=\"234\" height=\"312\" srcset=\"https:\/\/agora.xtec.cat\/escolacanserra\/wp-content\/uploads\/usu244\/2025\/08\/IMG-20250614-WA0038-768x1024.jpg 768w, https:\/\/agora.xtec.cat\/escolacanserra\/wp-content\/uploads\/usu244\/2025\/08\/IMG-20250614-WA0038-225x300.jpg 225w, https:\/\/agora.xtec.cat\/escolacanserra\/wp-content\/uploads\/usu244\/2025\/08\/IMG-20250614-WA0038-1152x1536.jpg 1152w, https:\/\/agora.xtec.cat\/escolacanserra\/wp-content\/uploads\/usu244\/2025\/08\/IMG-20250614-WA0038.jpg 1530w\" sizes=\"auto, (max-width: 234px) 100vw, 234px\" \/><\/a> <a href=\"https:\/\/agora.xtec.cat\/escolacanserra\/wp-content\/uploads\/usu244\/2025\/08\/IMG-20250614-WA0026.jpg\"><img loading=\"lazy\" decoding=\"async\" class=\"alignnone wp-image-31256\" src=\"https:\/\/agora.xtec.cat\/escolacanserra\/wp-content\/uploads\/usu244\/2025\/08\/IMG-20250614-WA0026-768x1024.jpg\" alt=\"\" width=\"235\" height=\"314\" srcset=\"https:\/\/agora.xtec.cat\/escolacanserra\/wp-content\/uploads\/usu244\/2025\/08\/IMG-20250614-WA0026-768x1024.jpg 768w, https:\/\/agora.xtec.cat\/escolacanserra\/wp-content\/uploads\/usu244\/2025\/08\/IMG-20250614-WA0026-225x300.jpg 225w, https:\/\/agora.xtec.cat\/escolacanserra\/wp-content\/uploads\/usu244\/2025\/08\/IMG-20250614-WA0026-1152x1536.jpg 1152w, https:\/\/agora.xtec.cat\/escolacanserra\/wp-content\/uploads\/usu244\/2025\/08\/IMG-20250614-WA0026.jpg 1530w\" sizes=\"auto, (max-width: 235px) 100vw, 235px\" \/><\/a> \u00a0<a href=\"https:\/\/agora.xtec.cat\/escolacanserra\/wp-content\/uploads\/usu244\/2025\/08\/IMG-20250614-WA0032.jpg\"><img loading=\"lazy\" decoding=\"async\" class=\"alignnone wp-image-31258\" src=\"https:\/\/agora.xtec.cat\/escolacanserra\/wp-content\/uploads\/usu244\/2025\/08\/IMG-20250614-WA0032-1024x768.jpg\" alt=\"\" width=\"333\" height=\"250\" srcset=\"https:\/\/agora.xtec.cat\/escolacanserra\/wp-content\/uploads\/usu244\/2025\/08\/IMG-20250614-WA0032-1024x768.jpg 1024w, https:\/\/agora.xtec.cat\/escolacanserra\/wp-content\/uploads\/usu244\/2025\/08\/IMG-20250614-WA0032-300x225.jpg 300w, https:\/\/agora.xtec.cat\/escolacanserra\/wp-content\/uploads\/usu244\/2025\/08\/IMG-20250614-WA0032-768x576.jpg 768w, https:\/\/agora.xtec.cat\/escolacanserra\/wp-content\/uploads\/usu244\/2025\/08\/IMG-20250614-WA0032-1536x1152.jpg 1536w, https:\/\/agora.xtec.cat\/escolacanserra\/wp-content\/uploads\/usu244\/2025\/08\/IMG-20250614-WA0032-200x150.jpg 200w, https:\/\/agora.xtec.cat\/escolacanserra\/wp-content\/uploads\/usu244\/2025\/08\/IMG-20250614-WA0032.jpg 2040w\" sizes=\"auto, (max-width: 333px) 100vw, 333px\" \/>\u00a0<\/a><\/p>\n<p><a href=\"https:\/\/agora.xtec.cat\/escolacanserra\/wp-content\/uploads\/usu244\/2025\/08\/IMG_20250801_154448-scaled.jpg\"><img loading=\"lazy\" decoding=\"async\" class=\"alignnone wp-image-31270\" src=\"https:\/\/agora.xtec.cat\/escolacanserra\/wp-content\/uploads\/usu244\/2025\/08\/IMG_20250801_154448-576x1024.jpg\" alt=\"\" width=\"294\" height=\"523\" srcset=\"https:\/\/agora.xtec.cat\/escolacanserra\/wp-content\/uploads\/usu244\/2025\/08\/IMG_20250801_154448-576x1024.jpg 576w, https:\/\/agora.xtec.cat\/escolacanserra\/wp-content\/uploads\/usu244\/2025\/08\/IMG_20250801_154448-169x300.jpg 169w, https:\/\/agora.xtec.cat\/escolacanserra\/wp-content\/uploads\/usu244\/2025\/08\/IMG_20250801_154448-768x1365.jpg 768w, https:\/\/agora.xtec.cat\/escolacanserra\/wp-content\/uploads\/usu244\/2025\/08\/IMG_20250801_154448-864x1536.jpg 864w, https:\/\/agora.xtec.cat\/escolacanserra\/wp-content\/uploads\/usu244\/2025\/08\/IMG_20250801_154448-1152x2048.jpg 1152w, https:\/\/agora.xtec.cat\/escolacanserra\/wp-content\/uploads\/usu244\/2025\/08\/IMG_20250801_154448-scaled.jpg 1440w\" sizes=\"auto, (max-width: 294px) 100vw, 294px\" \/><\/a><a href=\"https:\/\/agora.xtec.cat\/escolacanserra\/wp-content\/uploads\/usu244\/2026\/03\/Farigoleta-Siena.jpg\">\u00a0 \u00a0 \u00a0<img loading=\"lazy\" decoding=\"async\" class=\"alignnone  wp-image-31926\" src=\"https:\/\/agora.xtec.cat\/escolacanserra\/wp-content\/uploads\/usu244\/2026\/03\/Farigoleta-Siena-352x1024.jpg\" alt=\"\" width=\"154\" height=\"448\" srcset=\"https:\/\/agora.xtec.cat\/escolacanserra\/wp-content\/uploads\/usu244\/2026\/03\/Farigoleta-Siena-352x1024.jpg 352w, https:\/\/agora.xtec.cat\/escolacanserra\/wp-content\/uploads\/usu244\/2026\/03\/Farigoleta-Siena-103x300.jpg 103w, https:\/\/agora.xtec.cat\/escolacanserra\/wp-content\/uploads\/usu244\/2026\/03\/Farigoleta-Siena-529x1536.jpg 529w, https:\/\/agora.xtec.cat\/escolacanserra\/wp-content\/uploads\/usu244\/2026\/03\/Farigoleta-Siena-705x2048.jpg 705w, https:\/\/agora.xtec.cat\/escolacanserra\/wp-content\/uploads\/usu244\/2026\/03\/Farigoleta-Siena.jpg 759w\" sizes=\"auto, (max-width: 154px) 100vw, 154px\" \/><\/a><\/p>\n<p>La Farigoleta quan va arribar a Can Serra i anava a P3 (2011):<\/p>\n<p><a href=\"https:\/\/agora.xtec.cat\/escolacanserra\/wp-content\/uploads\/usu244\/2019\/11\/farigoleta-2013-design.jpg\"><img loading=\"lazy\" decoding=\"async\" class=\" wp-image-16984 alignleft\" src=\"https:\/\/agora.xtec.cat\/escolacanserra\/wp-content\/uploads\/usu244\/2019\/11\/farigoleta-2013-design-300x225.jpg\" alt=\"\" width=\"253\" height=\"190\" srcset=\"https:\/\/agora.xtec.cat\/escolacanserra\/wp-content\/uploads\/usu244\/2019\/11\/farigoleta-2013-design-300x225.jpg 300w, https:\/\/agora.xtec.cat\/escolacanserra\/wp-content\/uploads\/usu244\/2019\/11\/farigoleta-2013-design-768x576.jpg 768w, https:\/\/agora.xtec.cat\/escolacanserra\/wp-content\/uploads\/usu244\/2019\/11\/farigoleta-2013-design-1024x768.jpg 1024w, https:\/\/agora.xtec.cat\/escolacanserra\/wp-content\/uploads\/usu244\/2019\/11\/farigoleta-2013-design-200x150.jpg 200w\" sizes=\"auto, (max-width: 253px) 100vw, 253px\" \/><\/a><img loading=\"lazy\" decoding=\"async\" class=\"size-medium wp-image-3817 alignleft\" src=\"http:\/\/agora.xtec.cat\/escolacanserra\/wp-content\/uploads\/usu244\/2015\/03\/amb-farigoleta-300x201.jpg\" alt=\"amb farigoleta\" width=\"300\" height=\"201\" srcset=\"https:\/\/agora.xtec.cat\/escolacanserra\/wp-content\/uploads\/usu244\/2015\/03\/amb-farigoleta-300x201.jpg 300w, https:\/\/agora.xtec.cat\/escolacanserra\/wp-content\/uploads\/usu244\/2015\/03\/amb-farigoleta.jpg 939w\" sizes=\"auto, (max-width: 300px) 100vw, 300px\" \/><img loading=\"lazy\" decoding=\"async\" class=\"size-medium wp-image-3816 aligncenter\" src=\"http:\/\/agora.xtec.cat\/escolacanserra\/wp-content\/uploads\/usu244\/2015\/03\/2013-07-07-10.35.12-225x300.jpg\" alt=\"2013-07-07 10.35.12\" width=\"225\" height=\"300\" srcset=\"https:\/\/agora.xtec.cat\/escolacanserra\/wp-content\/uploads\/usu244\/2015\/03\/2013-07-07-10.35.12-225x300.jpg 225w, https:\/\/agora.xtec.cat\/escolacanserra\/wp-content\/uploads\/usu244\/2015\/03\/2013-07-07-10.35.12-768x1024.jpg 768w, https:\/\/agora.xtec.cat\/escolacanserra\/wp-content\/uploads\/usu244\/2015\/03\/2013-07-07-10.35.12.jpg 1944w\" sizes=\"auto, (max-width: 225px) 100vw, 225px\" \/><\/p>\n","protected":false},"excerpt":{"rendered":"<p>Durant el curs 2010-2011, l&#8217;escola va dur a terme una setmana cultural basada en la cultura popular catalana: &#8220;Visca la festa, visca la gresca&#8221;. Les nenes i nens van donar vida a una nova icona cultural de l&#8217;escola: LA FARIGOLETA: una gegantona que, mitjan\u00e7ant les hist\u00f2ries inventades pels infants, aix\u00ed com els seus dibuixos i [&hellip;]<\/p>\n","protected":false},"author":1,"featured_media":0,"parent":289,"menu_order":0,"comment_status":"closed","ping_status":"closed","template":"","meta":{"_bbp_topic_count":0,"_bbp_reply_count":0,"_bbp_total_topic_count":0,"_bbp_total_reply_count":0,"_bbp_voice_count":0,"_bbp_anonymous_reply_count":0,"_bbp_topic_count_hidden":0,"_bbp_reply_count_hidden":0,"_bbp_forum_subforum_count":0,"site-sidebar-layout":"default","site-content-layout":"","ast-site-content-layout":"default","site-content-style":"default","site-sidebar-style":"default","ast-global-header-display":"","ast-banner-title-visibility":"","ast-main-header-display":"","ast-hfb-above-header-display":"","ast-hfb-below-header-display":"","ast-hfb-mobile-header-display":"","site-post-title":"","ast-breadcrumbs-content":"","ast-featured-img":"","footer-sml-layout":"","theme-transparent-header-meta":"","adv-header-id-meta":"","stick-header-meta":"","header-above-stick-meta":"","header-main-stick-meta":"","header-below-stick-meta":"","astra-migrate-meta-layouts":"set","ast-page-background-enabled":"default","ast-page-background-meta":{"desktop":{"background-color":"var(--ast-global-color-4)","background-image":"","background-repeat":"repeat","background-position":"center center","background-size":"auto","background-attachment":"scroll","background-type":"","background-media":"","overlay-type":"","overlay-color":"","overlay-opacity":"","overlay-gradient":""},"tablet":{"background-color":"","background-image":"","background-repeat":"repeat","background-position":"center center","background-size":"auto","background-attachment":"scroll","background-type":"","background-media":"","overlay-type":"","overlay-color":"","overlay-opacity":"","overlay-gradient":""},"mobile":{"background-color":"","background-image":"","background-repeat":"repeat","background-position":"center center","background-size":"auto","background-attachment":"scroll","background-type":"","background-media":"","overlay-type":"","overlay-color":"","overlay-opacity":"","overlay-gradient":""}},"ast-content-background-meta":{"desktop":{"background-color":"var(--ast-global-color-5)","background-image":"","background-repeat":"repeat","background-position":"center center","background-size":"auto","background-attachment":"scroll","background-type":"","background-media":"","overlay-type":"","overlay-color":"","overlay-opacity":"","overlay-gradient":""},"tablet":{"background-color":"var(--ast-global-color-5)","background-image":"","background-repeat":"repeat","background-position":"center center","background-size":"auto","background-attachment":"scroll","background-type":"","background-media":"","overlay-type":"","overlay-color":"","overlay-opacity":"","overlay-gradient":""},"mobile":{"background-color":"var(--ast-global-color-5)","background-image":"","background-repeat":"repeat","background-position":"center center","background-size":"auto","background-attachment":"scroll","background-type":"","background-media":"","overlay-type":"","overlay-color":"","overlay-opacity":"","overlay-gradient":""}},"footnotes":""},"class_list":["post-3815","page","type-page","status-publish","hentry"],"post_mailing_queue_ids":[],"_links":{"self":[{"href":"https:\/\/agora.xtec.cat\/escolacanserra\/wp-json\/wp\/v2\/pages\/3815","targetHints":{"allow":["GET"]}}],"collection":[{"href":"https:\/\/agora.xtec.cat\/escolacanserra\/wp-json\/wp\/v2\/pages"}],"about":[{"href":"https:\/\/agora.xtec.cat\/escolacanserra\/wp-json\/wp\/v2\/types\/page"}],"author":[{"embeddable":true,"href":"https:\/\/agora.xtec.cat\/escolacanserra\/wp-json\/wp\/v2\/users\/1"}],"replies":[{"embeddable":true,"href":"https:\/\/agora.xtec.cat\/escolacanserra\/wp-json\/wp\/v2\/comments?post=3815"}],"version-history":[{"count":6,"href":"https:\/\/agora.xtec.cat\/escolacanserra\/wp-json\/wp\/v2\/pages\/3815\/revisions"}],"predecessor-version":[{"id":31927,"href":"https:\/\/agora.xtec.cat\/escolacanserra\/wp-json\/wp\/v2\/pages\/3815\/revisions\/31927"}],"up":[{"embeddable":true,"href":"https:\/\/agora.xtec.cat\/escolacanserra\/wp-json\/wp\/v2\/pages\/289"}],"wp:attachment":[{"href":"https:\/\/agora.xtec.cat\/escolacanserra\/wp-json\/wp\/v2\/media?parent=3815"}],"curies":[{"name":"wp","href":"https:\/\/api.w.org\/{rel}","templated":true}]}}