{"id":19554,"date":"2020-03-09T20:49:02","date_gmt":"2020-03-09T19:49:02","guid":{"rendered":"https:\/\/agora.xtec.cat\/escolacanserra\/?page_id=19554"},"modified":"2022-06-09T14:25:31","modified_gmt":"2022-06-09T12:25:31","slug":"dinantia","status":"publish","type":"page","link":"https:\/\/agora.xtec.cat\/escolacanserra\/dinantia\/","title":{"rendered":"Dinantia"},"content":{"rendered":"<p>Des del curs 2019-2020 la comunicaci\u00f3 habitual entre fam\u00edlies i escola es fa a trav\u00e9s de l\u2019app DINANTIA.<\/p>\n<p><a href=\"http:\/\/dinantia.com\/ca\/\" target=\"_blank\" rel=\"noopener noreferrer\"><img loading=\"lazy\" decoding=\"async\" class=\"alignnone wp-image-5417 size-full\" src=\"http:\/\/agora.xtec.cat\/escjoanardevol\/wp-content\/uploads\/usu550\/2018\/09\/images.png\" sizes=\"auto, (max-width: 330px) 100vw, 330px\" srcset=\"https:\/\/agora.xtec.cat\/escjoanardevol\/wp-content\/uploads\/usu550\/2018\/09\/images.png 330w, https:\/\/agora.xtec.cat\/escjoanardevol\/wp-content\/uploads\/usu550\/2018\/09\/images-300x91.png 300w\" alt=\"\" width=\"330\" height=\"100\" \/> <\/a><a href=\"https:\/\/agora.xtec.cat\/escolacanserra\/wp-content\/uploads\/usu244\/2019\/11\/LOGO-DINANTIA.jpg\"><img loading=\"lazy\" decoding=\"async\" class=\"alignnone wp-image-17054\" src=\"https:\/\/agora.xtec.cat\/escolacanserra\/wp-content\/uploads\/usu244\/2019\/11\/LOGO-DINANTIA-1024x451.jpg\" alt=\"\" width=\"209\" height=\"92\" srcset=\"https:\/\/agora.xtec.cat\/escolacanserra\/wp-content\/uploads\/usu244\/2019\/11\/LOGO-DINANTIA-1024x451.jpg 1024w, https:\/\/agora.xtec.cat\/escolacanserra\/wp-content\/uploads\/usu244\/2019\/11\/LOGO-DINANTIA-300x132.jpg 300w, https:\/\/agora.xtec.cat\/escolacanserra\/wp-content\/uploads\/usu244\/2019\/11\/LOGO-DINANTIA-768x338.jpg 768w, https:\/\/agora.xtec.cat\/escolacanserra\/wp-content\/uploads\/usu244\/2019\/11\/LOGO-DINANTIA.jpg 1200w\" sizes=\"auto, (max-width: 209px) 100vw, 209px\" \/><\/a><\/p>\n<p>Per instal\u00b7lar l\u2019aplicaci\u00f3 haureu d\u2019anar al Play Store, en cas que el sistema operatiu del vostre dispositiu sigui Android, o b\u00e9 a l\u2019Apple Store, en el cas de que el vostre dispositiu sigui iOS. L&#8217;app \u00e9s gratu\u00efta i el servei de Dinantia es paga amb la quota d&#8217;AMPA.<\/p>\n<p><a href=\"https:\/\/play.google.com\/store\/apps\/details?id=com.dinantia.dinantia\" target=\"_blank\" rel=\"noopener noreferrer\"><img loading=\"lazy\" decoding=\"async\" class=\"alignnone wp-image-5419 size-full\" src=\"http:\/\/agora.xtec.cat\/escjoanardevol\/wp-content\/uploads\/usu550\/2018\/09\/unnamed.png\" alt=\"\" width=\"129\" height=\"45\" \/><\/a>\u00a0\u00a0<a href=\"https:\/\/itunes.apple.com\/es\/app\/dinantia\/id1057051981\" target=\"_blank\" rel=\"noopener noreferrer\"><img loading=\"lazy\" decoding=\"async\" class=\"alignnone wp-image-5420 size-full\" src=\"http:\/\/agora.xtec.cat\/escjoanardevol\/wp-content\/uploads\/usu550\/2018\/09\/unnamed2.png\" alt=\"\" width=\"132\" height=\"45\" \/><\/a><\/p>\n<ol>\n<li>Des del vostre tel\u00e8fon m\u00f2bil heu d\u2019instal\u00b7lar l\u2019app Dinantia, ja sigui de l\u2019Apple Store o des de Google Play.<\/li>\n<li>\u00a0Un cop instal\u00b7lada, heu d\u2019inscriure-us escrivint <strong>el mateix correu electr\u00f2nic<\/strong> que haureu informat a la secretaria de l&#8217;escola pr\u00e8viament.<\/li>\n<li>Un cop inscrits\/es, rebreu un email automatitzat a partir del qual haureu de confirmar la vostra inscripci\u00f3 a DINANTIA (Compte! De vegades, el correu d&#8217;activaci\u00f3 es troba a la carpeta de &#8220;correu brossa&#8221;), clicant a &#8220;<strong>Autoritzar dispositiu<\/strong>&#8220;.<\/li>\n<li>A partir d\u2019aquest moment, ja podreu accedir a l\u2019aplicaci\u00f3 i podreu rebre missatges de l\u2019escola al vostre m\u00f2bil.<\/li>\n<li>\u00a0Per algunes funcions (autoritzacions, faltes d&#8217;assist\u00e8ncia) us demanaran un PIN. Cal que aneu a &#8220;Configuraci\u00f3, Canviar Pin&#8221; i seguir les instruccions corresponents. Aconsellem posar un n\u00famero de 4 xifres que us sigui familiar i\/o f\u00e0cil de recordar.<\/li>\n<\/ol>\n<p>Trobareu m\u00e9s informaci\u00f3 al seg\u00fcent <a href=\"https:\/\/agora.xtec.cat\/escolacanserra\/wp-content\/uploads\/usu244\/2022\/06\/Dinantia-installacio.pdf\">tutorial dinantia<\/a> \u00a0 i a <a href=\"http:\/\/www.dinantia.com\/ca\/\" target=\"_blank\" rel=\"noopener noreferrer\">http:\/\/www.dinantia.com\/ca\/<\/a><\/p>\n<p>Si accediu des d&#8217;un ordinador via web, seguiu les seg\u00fcents instruccions: <a href=\"https:\/\/www.youtube.com\/watch?v=IfzN_GF0CvE\">tutorial acc\u00e9s Dinantia des d&#8217;un ordinador.\u00a0<\/a><\/p>\n<p>Si teniu algun dubte o problema, podeu escriure\u2019ns a escolacanserra@xtec.cat o trucar al 937185654<\/p>\n","protected":false},"excerpt":{"rendered":"<p>Des del curs 2019-2020 la comunicaci\u00f3 habitual entre fam\u00edlies i escola es fa a trav\u00e9s de l\u2019app DINANTIA. Per instal\u00b7lar l\u2019aplicaci\u00f3 haureu d\u2019anar al Play Store, en cas que el sistema operatiu del vostre dispositiu sigui Android, o b\u00e9 a l\u2019Apple Store, en el cas de que el vostre dispositiu sigui iOS. L&#8217;app \u00e9s gratu\u00efta [&hellip;]<\/p>\n","protected":false},"author":1,"featured_media":0,"parent":0,"menu_order":0,"comment_status":"closed","ping_status":"closed","template":"","meta":{"_bbp_topic_count":0,"_bbp_reply_count":0,"_bbp_total_topic_count":0,"_bbp_total_reply_count":0,"_bbp_voice_count":0,"_bbp_anonymous_reply_count":0,"_bbp_topic_count_hidden":0,"_bbp_reply_count_hidden":0,"_bbp_forum_subforum_count":0,"site-sidebar-layout":"default","site-content-layout":"","ast-site-content-layout":"","site-content-style":"default","site-sidebar-style":"default","ast-global-header-display":"","ast-banner-title-visibility":"","ast-main-header-display":"","ast-hfb-above-header-display":"","ast-hfb-below-header-display":"","ast-hfb-mobile-header-display":"","site-post-title":"","ast-breadcrumbs-content":"","ast-featured-img":"","footer-sml-layout":"","theme-transparent-header-meta":"","adv-header-id-meta":"","stick-header-meta":"","header-above-stick-meta":"","header-main-stick-meta":"","header-below-stick-meta":"","astra-migrate-meta-layouts":"default","ast-page-background-enabled":"default","ast-page-background-meta":{"desktop":{"background-color":"var(--ast-global-color-4)","background-image":"","background-repeat":"repeat","background-position":"center center","background-size":"auto","background-attachment":"scroll","background-type":"","background-media":"","overlay-type":"","overlay-color":"","overlay-opacity":"","overlay-gradient":""},"tablet":{"background-color":"","background-image":"","background-repeat":"repeat","background-position":"center center","background-size":"auto","background-attachment":"scroll","background-type":"","background-media":"","overlay-type":"","overlay-color":"","overlay-opacity":"","overlay-gradient":""},"mobile":{"background-color":"","background-image":"","background-repeat":"repeat","background-position":"center center","background-size":"auto","background-attachment":"scroll","background-type":"","background-media":"","overlay-type":"","overlay-color":"","overlay-opacity":"","overlay-gradient":""}},"ast-content-background-meta":{"desktop":{"background-color":"var(--ast-global-color-5)","background-image":"","background-repeat":"repeat","background-position":"center center","background-size":"auto","background-attachment":"scroll","background-type":"","background-media":"","overlay-type":"","overlay-color":"","overlay-opacity":"","overlay-gradient":""},"tablet":{"background-color":"var(--ast-global-color-5)","background-image":"","background-repeat":"repeat","background-position":"center center","background-size":"auto","background-attachment":"scroll","background-type":"","background-media":"","overlay-type":"","overlay-color":"","overlay-opacity":"","overlay-gradient":""},"mobile":{"background-color":"var(--ast-global-color-5)","background-image":"","background-repeat":"repeat","background-position":"center center","background-size":"auto","background-attachment":"scroll","background-type":"","background-media":"","overlay-type":"","overlay-color":"","overlay-opacity":"","overlay-gradient":""}},"footnotes":""},"class_list":["post-19554","page","type-page","status-publish","hentry"],"post_mailing_queue_ids":[],"_links":{"self":[{"href":"https:\/\/agora.xtec.cat\/escolacanserra\/wp-json\/wp\/v2\/pages\/19554","targetHints":{"allow":["GET"]}}],"collection":[{"href":"https:\/\/agora.xtec.cat\/escolacanserra\/wp-json\/wp\/v2\/pages"}],"about":[{"href":"https:\/\/agora.xtec.cat\/escolacanserra\/wp-json\/wp\/v2\/types\/page"}],"author":[{"embeddable":true,"href":"https:\/\/agora.xtec.cat\/escolacanserra\/wp-json\/wp\/v2\/users\/1"}],"replies":[{"embeddable":true,"href":"https:\/\/agora.xtec.cat\/escolacanserra\/wp-json\/wp\/v2\/comments?post=19554"}],"version-history":[{"count":3,"href":"https:\/\/agora.xtec.cat\/escolacanserra\/wp-json\/wp\/v2\/pages\/19554\/revisions"}],"predecessor-version":[{"id":29117,"href":"https:\/\/agora.xtec.cat\/escolacanserra\/wp-json\/wp\/v2\/pages\/19554\/revisions\/29117"}],"wp:attachment":[{"href":"https:\/\/agora.xtec.cat\/escolacanserra\/wp-json\/wp\/v2\/media?parent=19554"}],"curies":[{"name":"wp","href":"https:\/\/api.w.org\/{rel}","templated":true}]}}