{"id":13849,"date":"2018-08-01T13:11:36","date_gmt":"2018-08-01T11:11:36","guid":{"rendered":"http:\/\/agora.xtec.cat\/escolacanserra\/?page_id=13849"},"modified":"2018-12-30T13:35:17","modified_gmt":"2018-12-30T12:35:17","slug":"recooperem","status":"publish","type":"page","link":"https:\/\/agora.xtec.cat\/escolacanserra\/projecte-educatiu\/recooperem\/","title":{"rendered":"Recooperem"},"content":{"rendered":"<p><a href=\"https:\/\/agora.xtec.cat\/escolacanserra\/wp-content\/uploads\/usu244\/2018\/12\/recooperem-jpg.jpg\"><img loading=\"lazy\" decoding=\"async\" class=\"alignnone size-medium wp-image-14863\" src=\"https:\/\/agora.xtec.cat\/escolacanserra\/wp-content\/uploads\/usu244\/2018\/12\/recooperem-jpg-248x300.jpg\" alt=\"\" width=\"248\" height=\"300\" srcset=\"https:\/\/agora.xtec.cat\/escolacanserra\/wp-content\/uploads\/usu244\/2018\/12\/recooperem-jpg-248x300.jpg 248w, https:\/\/agora.xtec.cat\/escolacanserra\/wp-content\/uploads\/usu244\/2018\/12\/recooperem-jpg.jpg 737w\" sizes=\"auto, (max-width: 248px) 100vw, 248px\" \/><\/a><img loading=\"lazy\" decoding=\"async\" class=\"alignright\" src=\"http:\/\/www.ccvoc.cat\/imatge\/4622\/logo%20recooperem%20amb%20menjar.jpg?amplada-maxima=800\" width=\"557\" height=\"215\" \/><\/p>\n<p><a href=\"http:\/\/www.ccvoc.cat\/consell-comarcal\/serveis\/area-de-benestar-social-i-educacio\/inclusio-social-i-atencio-a-la-poblacio-fragil-i-la-pobresa\/recooperem\">http:\/\/www.ccvoc.cat\/consell-comarcal\/serveis\/area-de-benestar-social-i-educacio\/inclusio-social-i-atencio-a-la-poblacio-fragil-i-la-pobresa\/recooperem<\/a><\/p>\n<p>La coordinadora del menjador, Sixta Pe\u00f1a, ens explica la implicaci\u00f3 de Can Serra al projecte Recooperem a <a href=\"https:\/\/www.ivoox.com\/98-1-noticies-27-06-2018-audios-mp3_rf_26756076_1.html\">Radio Barber\u00e0<\/a>\u00a0(minut 13).<br \/>\n<iframe loading=\"lazy\" id=\"audio_26756076\" style=\"border: 1px solid #EEE; box-sizing: border-box; width: 100%;\" src=\"https:\/\/www.ivoox.com\/player_ej_26756076_4_1.html?c1=ff6600\" width=\"300\" height=\"200\" frameborder=\"0\" scrolling=\"no\" allowfullscreen=\"allowfullscreen\"><\/iframe><\/p>\n<div class=\"ast-oembed-container \" style=\"height: 100%;\"><iframe loading=\"lazy\" title=\"Recooperem Telenoticies comarques tv3\" width=\"500\" height=\"281\" src=\"https:\/\/www.youtube.com\/embed\/UA0Fa9V6Ihw?feature=oembed\" frameborder=\"0\" allow=\"accelerometer; autoplay; clipboard-write; encrypted-media; gyroscope; picture-in-picture; web-share\" referrerpolicy=\"strict-origin-when-cross-origin\" allowfullscreen><\/iframe><\/div>\n<div class=\"ast-oembed-container \" style=\"height: 100%;\"><iframe loading=\"lazy\" title=\"Projecte Recooperem\" width=\"500\" height=\"281\" src=\"https:\/\/www.youtube.com\/embed\/mTddjBgs6ec?feature=oembed\" frameborder=\"0\" allow=\"accelerometer; autoplay; clipboard-write; encrypted-media; gyroscope; picture-in-picture; web-share\" referrerpolicy=\"strict-origin-when-cross-origin\" allowfullscreen><\/iframe><\/div>\n","protected":false},"excerpt":{"rendered":"<p>http:\/\/www.ccvoc.cat\/consell-comarcal\/serveis\/area-de-benestar-social-i-educacio\/inclusio-social-i-atencio-a-la-poblacio-fragil-i-la-pobresa\/recooperem La coordinadora del menjador, Sixta Pe\u00f1a, ens explica la implicaci\u00f3 de Can Serra al projecte Recooperem a Radio Barber\u00e0\u00a0(minut 13).<\/p>\n","protected":false},"author":1,"featured_media":0,"parent":12392,"menu_order":0,"comment_status":"closed","ping_status":"closed","template":"","meta":{"_bbp_topic_count":0,"_bbp_reply_count":0,"_bbp_total_topic_count":0,"_bbp_total_reply_count":0,"_bbp_voice_count":0,"_bbp_anonymous_reply_count":0,"_bbp_topic_count_hidden":0,"_bbp_reply_count_hidden":0,"_bbp_forum_subforum_count":0,"site-sidebar-layout":"default","site-content-layout":"","ast-site-content-layout":"","site-content-style":"default","site-sidebar-style":"default","ast-global-header-display":"","ast-banner-title-visibility":"","ast-main-header-display":"","ast-hfb-above-header-display":"","ast-hfb-below-header-display":"","ast-hfb-mobile-header-display":"","site-post-title":"","ast-breadcrumbs-content":"","ast-featured-img":"","footer-sml-layout":"","theme-transparent-header-meta":"","adv-header-id-meta":"","stick-header-meta":"","header-above-stick-meta":"","header-main-stick-meta":"","header-below-stick-meta":"","astra-migrate-meta-layouts":"default","ast-page-background-enabled":"default","ast-page-background-meta":{"desktop":{"background-color":"var(--ast-global-color-4)","background-image":"","background-repeat":"repeat","background-position":"center center","background-size":"auto","background-attachment":"scroll","background-type":"","background-media":"","overlay-type":"","overlay-color":"","overlay-opacity":"","overlay-gradient":""},"tablet":{"background-color":"","background-image":"","background-repeat":"repeat","background-position":"center center","background-size":"auto","background-attachment":"scroll","background-type":"","background-media":"","overlay-type":"","overlay-color":"","overlay-opacity":"","overlay-gradient":""},"mobile":{"background-color":"","background-image":"","background-repeat":"repeat","background-position":"center center","background-size":"auto","background-attachment":"scroll","background-type":"","background-media":"","overlay-type":"","overlay-color":"","overlay-opacity":"","overlay-gradient":""}},"ast-content-background-meta":{"desktop":{"background-color":"var(--ast-global-color-5)","background-image":"","background-repeat":"repeat","background-position":"center center","background-size":"auto","background-attachment":"scroll","background-type":"","background-media":"","overlay-type":"","overlay-color":"","overlay-opacity":"","overlay-gradient":""},"tablet":{"background-color":"var(--ast-global-color-5)","background-image":"","background-repeat":"repeat","background-position":"center center","background-size":"auto","background-attachment":"scroll","background-type":"","background-media":"","overlay-type":"","overlay-color":"","overlay-opacity":"","overlay-gradient":""},"mobile":{"background-color":"var(--ast-global-color-5)","background-image":"","background-repeat":"repeat","background-position":"center center","background-size":"auto","background-attachment":"scroll","background-type":"","background-media":"","overlay-type":"","overlay-color":"","overlay-opacity":"","overlay-gradient":""}},"footnotes":""},"class_list":["post-13849","page","type-page","status-publish","hentry"],"post_mailing_queue_ids":[],"_links":{"self":[{"href":"https:\/\/agora.xtec.cat\/escolacanserra\/wp-json\/wp\/v2\/pages\/13849","targetHints":{"allow":["GET"]}}],"collection":[{"href":"https:\/\/agora.xtec.cat\/escolacanserra\/wp-json\/wp\/v2\/pages"}],"about":[{"href":"https:\/\/agora.xtec.cat\/escolacanserra\/wp-json\/wp\/v2\/types\/page"}],"author":[{"embeddable":true,"href":"https:\/\/agora.xtec.cat\/escolacanserra\/wp-json\/wp\/v2\/users\/1"}],"replies":[{"embeddable":true,"href":"https:\/\/agora.xtec.cat\/escolacanserra\/wp-json\/wp\/v2\/comments?post=13849"}],"version-history":[{"count":3,"href":"https:\/\/agora.xtec.cat\/escolacanserra\/wp-json\/wp\/v2\/pages\/13849\/revisions"}],"predecessor-version":[{"id":14864,"href":"https:\/\/agora.xtec.cat\/escolacanserra\/wp-json\/wp\/v2\/pages\/13849\/revisions\/14864"}],"up":[{"embeddable":true,"href":"https:\/\/agora.xtec.cat\/escolacanserra\/wp-json\/wp\/v2\/pages\/12392"}],"wp:attachment":[{"href":"https:\/\/agora.xtec.cat\/escolacanserra\/wp-json\/wp\/v2\/media?parent=13849"}],"curies":[{"name":"wp","href":"https:\/\/api.w.org\/{rel}","templated":true}]}}