{"id":12537,"date":"2018-02-12T18:11:56","date_gmt":"2018-02-12T17:11:56","guid":{"rendered":"http:\/\/agora.xtec.cat\/escolacanserra\/?page_id=12537"},"modified":"2025-02-05T15:49:36","modified_gmt":"2025-02-05T14:49:36","slug":"consell-families-delegades","status":"publish","type":"page","link":"https:\/\/agora.xtec.cat\/escolacanserra\/projecte-educatiu\/consell-families-delegades\/","title":{"rendered":"Consell fam\u00edlies delegades"},"content":{"rendered":"<p>El Consell de Fam\u00edlies delegades es va crear al curs 2016-2017.<\/p>\n<p>Cada grup classe ha de tenir la figura d\u2019un delegat\/da de classe: \u00e9s la mare o pare que s\u2019ofereix de forma volunt\u00e0ria a exercir aquest paper per fer de vincle de comunicaci\u00f3 obert de manera permanent i directe entre les fam\u00edlies d\u2019una classe, l\u2019equip directiu i l\u2019AFA de l\u2019escola. L\u2019elecci\u00f3 de la mare o pare delegat\/da de classe es far\u00e0 cada comen\u00e7ament de curs dins les reunions que fan les tutores i tutors.<\/p>\n<p>Quan hi ha qualsevol inquietud, queixa, suggeriment, dubte, etc. que concerneixen a un grup-classe en concret, \u00e9s la mare delegada qui ho recull i ho fa arribar a l&#8217;\u00f2rgan corresponent (AFA o Equip directiu). Sovint tamb\u00e9 funciona de l&#8217;inrev\u00e9s: quan l&#8217;AFA o ED volen fer arribar informacions, aclariments, recordatoris, a les fam\u00edlies, s\u00f3n les mares delegades qui col\u00b7laboren i ho transmeten a les corresponents fam\u00edlies del grup classe.<\/p>\n<p>Totes les\u00a0fam\u00edlies delegades es reuneixen amb l&#8217;Equip directiu al 1r trimestre de cada curs per constituir el nou Consell (\u00e9s un c\u00e0rrec anual, prorrogable).<\/p>\n<p><a href=\"https:\/\/agora.xtec.cat\/escolacanserra\/wp-content\/uploads\/usu244\/2023\/11\/Funcions-families-delegades.pdf\">Funcions fam\u00edlies delegades<\/a><\/p>\n<p><a href=\"https:\/\/agora.xtec.cat\/escolacanserra\/wp-content\/uploads\/usu244\/2025\/02\/Acta-reunio-families-delgades-24-25-anonimitzada.pdf\">Acta reuni\u00f3 families delgades 24-25<\/a><\/p>\n","protected":false},"excerpt":{"rendered":"<p>El Consell de Fam\u00edlies delegades es va crear al curs 2016-2017. Cada grup classe ha de tenir la figura d\u2019un delegat\/da de classe: \u00e9s la mare o pare que s\u2019ofereix de forma volunt\u00e0ria a exercir aquest paper per fer de vincle de comunicaci\u00f3 obert de manera permanent i directe entre les fam\u00edlies d\u2019una classe, l\u2019equip [&hellip;]<\/p>\n","protected":false},"author":1,"featured_media":0,"parent":12392,"menu_order":0,"comment_status":"closed","ping_status":"closed","template":"page-templates\/side-menu.php","meta":{"_bbp_topic_count":0,"_bbp_reply_count":0,"_bbp_total_topic_count":0,"_bbp_total_reply_count":0,"_bbp_voice_count":0,"_bbp_anonymous_reply_count":0,"_bbp_topic_count_hidden":0,"_bbp_reply_count_hidden":0,"_bbp_forum_subforum_count":0,"site-sidebar-layout":"default","site-content-layout":"","ast-site-content-layout":"","site-content-style":"default","site-sidebar-style":"default","ast-global-header-display":"","ast-banner-title-visibility":"","ast-main-header-display":"","ast-hfb-above-header-display":"","ast-hfb-below-header-display":"","ast-hfb-mobile-header-display":"","site-post-title":"","ast-breadcrumbs-content":"","ast-featured-img":"","footer-sml-layout":"","theme-transparent-header-meta":"","adv-header-id-meta":"","stick-header-meta":"","header-above-stick-meta":"","header-main-stick-meta":"","header-below-stick-meta":"","astra-migrate-meta-layouts":"default","ast-page-background-enabled":"default","ast-page-background-meta":{"desktop":{"background-color":"var(--ast-global-color-4)","background-image":"","background-repeat":"repeat","background-position":"center center","background-size":"auto","background-attachment":"scroll","background-type":"","background-media":"","overlay-type":"","overlay-color":"","overlay-opacity":"","overlay-gradient":""},"tablet":{"background-color":"","background-image":"","background-repeat":"repeat","background-position":"center center","background-size":"auto","background-attachment":"scroll","background-type":"","background-media":"","overlay-type":"","overlay-color":"","overlay-opacity":"","overlay-gradient":""},"mobile":{"background-color":"","background-image":"","background-repeat":"repeat","background-position":"center center","background-size":"auto","background-attachment":"scroll","background-type":"","background-media":"","overlay-type":"","overlay-color":"","overlay-opacity":"","overlay-gradient":""}},"ast-content-background-meta":{"desktop":{"background-color":"var(--ast-global-color-5)","background-image":"","background-repeat":"repeat","background-position":"center center","background-size":"auto","background-attachment":"scroll","background-type":"","background-media":"","overlay-type":"","overlay-color":"","overlay-opacity":"","overlay-gradient":""},"tablet":{"background-color":"var(--ast-global-color-5)","background-image":"","background-repeat":"repeat","background-position":"center center","background-size":"auto","background-attachment":"scroll","background-type":"","background-media":"","overlay-type":"","overlay-color":"","overlay-opacity":"","overlay-gradient":""},"mobile":{"background-color":"var(--ast-global-color-5)","background-image":"","background-repeat":"repeat","background-position":"center center","background-size":"auto","background-attachment":"scroll","background-type":"","background-media":"","overlay-type":"","overlay-color":"","overlay-opacity":"","overlay-gradient":""}},"footnotes":""},"class_list":["post-12537","page","type-page","status-publish","hentry"],"post_mailing_queue_ids":[],"_links":{"self":[{"href":"https:\/\/agora.xtec.cat\/escolacanserra\/wp-json\/wp\/v2\/pages\/12537","targetHints":{"allow":["GET"]}}],"collection":[{"href":"https:\/\/agora.xtec.cat\/escolacanserra\/wp-json\/wp\/v2\/pages"}],"about":[{"href":"https:\/\/agora.xtec.cat\/escolacanserra\/wp-json\/wp\/v2\/types\/page"}],"author":[{"embeddable":true,"href":"https:\/\/agora.xtec.cat\/escolacanserra\/wp-json\/wp\/v2\/users\/1"}],"replies":[{"embeddable":true,"href":"https:\/\/agora.xtec.cat\/escolacanserra\/wp-json\/wp\/v2\/comments?post=12537"}],"version-history":[{"count":7,"href":"https:\/\/agora.xtec.cat\/escolacanserra\/wp-json\/wp\/v2\/pages\/12537\/revisions"}],"predecessor-version":[{"id":30788,"href":"https:\/\/agora.xtec.cat\/escolacanserra\/wp-json\/wp\/v2\/pages\/12537\/revisions\/30788"}],"up":[{"embeddable":true,"href":"https:\/\/agora.xtec.cat\/escolacanserra\/wp-json\/wp\/v2\/pages\/12392"}],"wp:attachment":[{"href":"https:\/\/agora.xtec.cat\/escolacanserra\/wp-json\/wp\/v2\/media?parent=12537"}],"curies":[{"name":"wp","href":"https:\/\/api.w.org\/{rel}","templated":true}]}}