{"id":563,"date":"2018-11-22T11:07:32","date_gmt":"2018-11-22T10:07:32","guid":{"rendered":"https:\/\/agora.xtec.cat\/escolacanparera\/?page_id=563"},"modified":"2025-05-07T14:01:30","modified_gmt":"2025-05-07T12:01:30","slug":"zones-desbarjo","status":"publish","type":"page","link":"https:\/\/agora.xtec.cat\/escolacanparera\/lescola\/instal%c2%b7lacions\/zones-desbarjo\/","title":{"rendered":"Zones d&#8217;esbarjo"},"content":{"rendered":"<p>\ud83c\udf3f <span style=\"color: #99cc00;\"><strong>El nou pati de Can Parera: un espai viu per cr\u00e9ixer jugant!<\/strong> <\/span>\ud83c\udf3f<\/p>\n<p>El Projecte Pati \u00e9s una iniciativa col\u00b7laborativa que ha transformat l\u2019espai d\u2019esbarjo de la nostra escola en un entorn educatiu, inclusiu i creatiu, amb la participaci\u00f3 activa de mestres, fam\u00edlies, infants i entitats del poble.<\/p>\n<p>Despr\u00e9s d\u2019un proc\u00e9s de diagnosi, reflexi\u00f3 i jornades d\u2019autoconstrucci\u00f3, avui el nostre pati compta amb:<\/p>\n<p>\ud83d\udfe2 <a href=\"https:\/\/agora.xtec.cat\/escolacanparera\/jocs-i-relaxacio\/\">Espais de joc i relaxaci\u00f3<\/a><\/p>\n<p>\ud83c\udfa8 <a href=\"https:\/\/agora.xtec.cat\/escolacanparera\/espais-de-creativitat-i-imaginacio\/\">Espais de creativitat i imaginaci\u00f3<\/a><\/p>\n<p>\u26bd <a href=\"https:\/\/agora.xtec.cat\/escolacanparera\/joc-actiu\/\">Espais per al joc actiu i el moviment<\/a><\/p>\n<p>\ud83c\udf08 Un pati educatiu i coeducatiu: amb normes consensuades per tothom, fomentem el respecte, la cooperaci\u00f3, la sostenibilitat i la igualtat d\u2019oportunitats.<\/p>\n<p>\ud83d\udcac Seguim millorant amb una segona fase en marxa i amb l\u2019objectiu d\u2019implicar tota la comunitat en la cura i evoluci\u00f3 dels espais.<\/p>\n<p>\ud83d\udc49 A Can Parera, el pati \u00e9s tamb\u00e9 un espai per aprendre, conviure i cr\u00e9ixer junts!<\/p>\n","protected":false},"excerpt":{"rendered":"<p>\ud83c\udf3f El nou pati de Can Parera: un espai viu per cr\u00e9ixer jugant! \ud83c\udf3f<br \/>\nEl Projecte Pati \u00e9s una iniciativa col\u00b7laborativa que ha transformat l\u2019espai d\u2019esbarjo de la nostra escola en un entorn educatiu, inclusiu i creatiu, amb la participaci\u00f3 activa de mestres, fam\u00edlies, infants i&hellip;  <a href=\"https:\/\/agora.xtec.cat\/escolacanparera\/lescola\/instal%c2%b7lacions\/zones-desbarjo\/\" title=\"Read Zones d&#8217;esbarjo\">Llegeix m\u00e9s\u00bb<\/a><\/p>\n","protected":false},"author":1,"featured_media":0,"parent":30,"menu_order":0,"comment_status":"closed","ping_status":"closed","template":"","meta":{"_bbp_topic_count":0,"_bbp_reply_count":0,"_bbp_total_topic_count":0,"_bbp_total_reply_count":0,"_bbp_voice_count":0,"_bbp_anonymous_reply_count":0,"_bbp_topic_count_hidden":0,"_bbp_reply_count_hidden":0,"_bbp_forum_subforum_count":0,"footnotes":""},"class_list":["post-563","page","type-page","status-publish","hentry"],"post_mailing_queue_ids":[],"_links":{"self":[{"href":"https:\/\/agora.xtec.cat\/escolacanparera\/wp-json\/wp\/v2\/pages\/563","targetHints":{"allow":["GET"]}}],"collection":[{"href":"https:\/\/agora.xtec.cat\/escolacanparera\/wp-json\/wp\/v2\/pages"}],"about":[{"href":"https:\/\/agora.xtec.cat\/escolacanparera\/wp-json\/wp\/v2\/types\/page"}],"author":[{"embeddable":true,"href":"https:\/\/agora.xtec.cat\/escolacanparera\/wp-json\/wp\/v2\/users\/1"}],"replies":[{"embeddable":true,"href":"https:\/\/agora.xtec.cat\/escolacanparera\/wp-json\/wp\/v2\/comments?post=563"}],"version-history":[{"count":7,"href":"https:\/\/agora.xtec.cat\/escolacanparera\/wp-json\/wp\/v2\/pages\/563\/revisions"}],"predecessor-version":[{"id":15205,"href":"https:\/\/agora.xtec.cat\/escolacanparera\/wp-json\/wp\/v2\/pages\/563\/revisions\/15205"}],"up":[{"embeddable":true,"href":"https:\/\/agora.xtec.cat\/escolacanparera\/wp-json\/wp\/v2\/pages\/30"}],"wp:attachment":[{"href":"https:\/\/agora.xtec.cat\/escolacanparera\/wp-json\/wp\/v2\/media?parent=563"}],"curies":[{"name":"wp","href":"https:\/\/api.w.org\/{rel}","templated":true}]}}