{"id":24,"date":"2014-09-18T12:23:15","date_gmt":"2014-09-18T11:23:15","guid":{"rendered":"http:\/\/agora.xtec.cat\/escolacanparera\/?page_id=24"},"modified":"2025-02-13T11:59:15","modified_gmt":"2025-02-13T10:59:15","slug":"on-som","status":"publish","type":"page","link":"https:\/\/agora.xtec.cat\/escolacanparera\/lescola\/on-som\/","title":{"rendered":"On som"},"content":{"rendered":"<p style=\"color: #666666;\"><span style=\"color: #ff0000;\"><strong>Escola Can Parera<\/strong><\/span><br \/>\nCarrer de Can Parera 140<br \/>\n08170 Montorn\u00e8s del Vall\u00e8s<\/p>\n<p style=\"color: #666666;\">Tel. 935682472<br \/>\na8038077@xtec.cat<\/p>\n<p><iframe loading=\"lazy\" style=\"border: 0;\" src=\"https:\/\/www.google.com\/maps\/embed?pb=!1m18!1m12!1m3!1d2986.071043847592!2d2.267582715430728!3d41.54605897924992!2m3!1f0!2f0!3f0!3m2!1i1024!2i768!4f13.1!3m3!1m2!1s0x12a4b85113b19b69%3A0xb3d7c2ac1b088e0f!2sCol%C2%B7legi+P%C3%BAblic+Can+Parera!5e0!3m2!1ses!2ses!4v1543307300055\" width=\"600\" height=\"450\" frameborder=\"0\" allowfullscreen=\"allowfullscreen\"><\/iframe><\/p>\n<p><span style=\"color: #99cc00;\"><strong>Com arribar-hi:<\/strong><\/span><\/p>\n<p><a href=\"http:\/\/www.renfe.com\/CA\/viajeros\/cercanias\/barcelona\/\" target=\"_blank\" rel=\"noopener\">RENFE<\/a>, l\u00ednia de rodalies Montmel\u00f3 R2 i R8<\/p>\n<p><a href=\"http:\/\/www.sagales.com\/linies-regulars\" target=\"_blank\" rel=\"noopener\">SAGAL\u00c9S<\/a><\/p>\n<ul>\n<li>370 Pol. Industrials (Est. Parets &#8211; Estaci\u00f3 de Motmel\u00f3 &#8211; Est. Parets)<\/li>\n<li>375 Pol. Industrials (Est. Montmel\u00f3 &#8211; Parets del Vall\u00e8s &#8211; Est. Montmel\u00f3)<\/li>\n<li>416 La Garriga &#8211; Granollers &#8211; Montmel\u00f3 &#8211; Montorn\u00e8s del Vall\u00e8s<\/li>\n<li>500 Barcelona &#8211; La Roca &#8211; Granollers (per carretera de La Roca)<\/li>\n<li>501 Barcelona &#8211; Montorn\u00e9s del Vall\u00e8s (per autopista)<\/li>\n<li>N72 BCN &#8211; La Garriga &#8211; Granollers &#8211; BCN (nocturn)<\/li>\n<\/ul>\n","protected":false},"excerpt":{"rendered":"<p>Escola Can Parera<br \/>\nCarrer de Can Parera 140<br \/>\n08170 Montorn\u00e8s del Vall\u00e8s<br \/>\nTel. 935682472<br \/>\na8038077@xtec.cat<\/p>\n<p>Com arribar-hi:<br \/>\n<a href=\"http:\/\/www.renfe.com\/CA\/viajeros\/cercanias\/barcelona\/\" target=\"_blank\" rel=\"noopener\">RENFE<\/a>, l\u00ednia de rodalies Montmel\u00f3 R2 i R8<br \/>\n<a href=\"http:\/\/www.sagales.com\/linies-regulars\" target=\"_blank\" rel=\"noopener\">SAGAL\u00c9S<\/a><\/p>\n<ul>\n<li>370 Pol. Industrials (Est. Parets &#8211; Estaci\u00f3 de Motmel\u00f3 &#8211; Est. Parets)<\/li>\n<li>375 Pol. Industrials (Est. Montmel\u00f3 &#8211; Parets del Vall\u00e8s &#8211;&hellip;  <a href=\"https:\/\/agora.xtec.cat\/escolacanparera\/lescola\/on-som\/\" title=\"Read On som\">Llegeix m\u00e9s\u00bb<\/a><br \/>\n","protected":false},"author":1,"featured_media":0,"parent":22,"menu_order":10,"comment_status":"closed","ping_status":"closed","template":"page-templates\/side-menu.php","meta":{"_bbp_topic_count":0,"_bbp_reply_count":0,"_bbp_total_topic_count":0,"_bbp_total_reply_count":0,"_bbp_voice_count":0,"_bbp_anonymous_reply_count":0,"_bbp_topic_count_hidden":0,"_bbp_reply_count_hidden":0,"_bbp_forum_subforum_count":0,"footnotes":""},"class_list":["post-24","page","type-page","status-publish","hentry"],"post_mailing_queue_ids":[],"_links":{"self":[{"href":"https:\/\/agora.xtec.cat\/escolacanparera\/wp-json\/wp\/v2\/pages\/24","targetHints":{"allow":["GET"]}}],"collection":[{"href":"https:\/\/agora.xtec.cat\/escolacanparera\/wp-json\/wp\/v2\/pages"}],"about":[{"href":"https:\/\/agora.xtec.cat\/escolacanparera\/wp-json\/wp\/v2\/types\/page"}],"author":[{"embeddable":true,"href":"https:\/\/agora.xtec.cat\/escolacanparera\/wp-json\/wp\/v2\/users\/1"}],"replies":[{"embeddable":true,"href":"https:\/\/agora.xtec.cat\/escolacanparera\/wp-json\/wp\/v2\/comments?post=24"}],"version-history":[{"count":3,"href":"https:\/\/agora.xtec.cat\/escolacanparera\/wp-json\/wp\/v2\/pages\/24\/revisions"}],"predecessor-version":[{"id":619,"href":"https:\/\/agora.xtec.cat\/escolacanparera\/wp-json\/wp\/v2\/pages\/24\/revisions\/619"}],"up":[{"embeddable":true,"href":"https:\/\/agora.xtec.cat\/escolacanparera\/wp-json\/wp\/v2\/pages\/22"}],"wp:attachment":[{"href":"https:\/\/agora.xtec.cat\/escolacanparera\/wp-json\/wp\/v2\/media?parent=24"}],"curies":[{"name":"wp","href":"https:\/\/api.w.org\/{rel}","templated":true}]}}