{"id":26,"date":"2014-09-18T12:24:32","date_gmt":"2014-09-18T11:24:32","guid":{"rendered":"http:\/\/agora.xtec.cat\/escolacanmassallera\/?page_id=26"},"modified":"2016-09-10T17:26:31","modified_gmt":"2016-09-10T16:26:31","slug":"historia","status":"publish","type":"page","link":"https:\/\/agora.xtec.cat\/escolacanmassallera\/lescola\/historia\/","title":{"rendered":"Hist\u00f2ria"},"content":{"rendered":"<div class=\"pages_page_body\">\n<p style=\"text-align: justify;\"><span style=\"font-family: Arial;\">L&#8217;escola Can Massallera, situada al municipi de <a href=\"http:\/\/www.stboi.es\/\">Sant Boi de Llobregat<\/a> (Barcelona), \u00e9s un centre d&#8217;Educaci\u00f3 Infantil i Prim\u00e0ria pertanyent a la xarxa p\u00fablica de la <a href=\"http:\/\/www.gencat.es\/\">Generalitat de Catalunya<\/a>.<\/span><\/p>\n<p style=\"text-align: justify;\"><span style=\"font-family: Arial;\">L&#8217;escola est\u00e0 situada al barri Vinyets-Mol\u00ed Vell, en un lloc for\u00e7a c\u00e8ntric prop de la pla\u00e7a Catalunya. Funciona des de l&#8217;any 1979.<\/span><\/p>\n<p style=\"text-align: justify;\"><span style=\"font-family: Arial;\">El curs 96\/97 l&#8217;edifici va ser remodelat i ampliat amb noves instal\u00b7lacions, disposem, doncs, d&#8217;un equipament complert.<\/span><\/p>\n<p style=\"text-align: justify;\"><span style=\"font-family: Arial;\">El nom prov\u00e9 de la fam\u00edlia propiet\u00e0ria d&#8217;una antiga f\u00e0brica t\u00e8xtil, constru\u00efda l&#8217;any 1921 i d&#8217;estil modernista, <\/span><span style=\"font-family: Arial;\"><span style=\"font-family: Arial;\">i dins del recinte de la qual es va edificar la nostra escola l&#8217;any 1978. Aquesta f\u00e0brica t\u00e8xtil <\/span>en la seva \u00e8poca va ser molt important pel desenvolupament econ\u00f2mic de la nostra poblaci\u00f3,\u00a0 i\u00a0 actualment, despr\u00e9s d&#8217;estar transformada, s&#8217;utilitza per equipaments.<\/span><\/p>\n<\/div>\n","protected":false},"excerpt":{"rendered":"<p>L&#8217;escola Can Massallera, situada al municipi de Sant Boi de Llobregat (Barcelona), \u00e9s un centre d&#8217;Educaci\u00f3 Infantil i Prim\u00e0ria pertanyent a la xarxa p\u00fablica de la Generalitat de Catalunya. L&#8217;escola est\u00e0 situada al barri Vinyets-Mol\u00ed Vell, en un lloc for\u00e7a c\u00e8ntric prop de la pla\u00e7a Catalunya. Funciona des de l&#8217;any 1979. El curs 96\/97 l&#8217;edifici [&hellip;]<\/p>\n","protected":false},"author":1,"featured_media":0,"parent":22,"menu_order":20,"comment_status":"closed","ping_status":"closed","template":"page-templates\/side-menu.php","meta":{"_bbp_topic_count":0,"_bbp_reply_count":0,"_bbp_total_topic_count":0,"_bbp_total_reply_count":0,"_bbp_voice_count":0,"_bbp_anonymous_reply_count":0,"_bbp_topic_count_hidden":0,"_bbp_reply_count_hidden":0,"_bbp_forum_subforum_count":0,"site-sidebar-layout":"default","site-content-layout":"","ast-site-content-layout":"","site-content-style":"default","site-sidebar-style":"default","ast-global-header-display":"","ast-banner-title-visibility":"","ast-main-header-display":"","ast-hfb-above-header-display":"","ast-hfb-below-header-display":"","ast-hfb-mobile-header-display":"","site-post-title":"","ast-breadcrumbs-content":"","ast-featured-img":"","footer-sml-layout":"","theme-transparent-header-meta":"","adv-header-id-meta":"","stick-header-meta":"","header-above-stick-meta":"","header-main-stick-meta":"","header-below-stick-meta":"","astra-migrate-meta-layouts":"default","ast-page-background-enabled":"default","ast-page-background-meta":{"desktop":{"background-color":"var(--ast-global-color-4)","background-image":"","background-repeat":"repeat","background-position":"center center","background-size":"auto","background-attachment":"scroll","background-type":"","background-media":"","overlay-type":"","overlay-color":"","overlay-opacity":"","overlay-gradient":""},"tablet":{"background-color":"","background-image":"","background-repeat":"repeat","background-position":"center center","background-size":"auto","background-attachment":"scroll","background-type":"","background-media":"","overlay-type":"","overlay-color":"","overlay-opacity":"","overlay-gradient":""},"mobile":{"background-color":"","background-image":"","background-repeat":"repeat","background-position":"center center","background-size":"auto","background-attachment":"scroll","background-type":"","background-media":"","overlay-type":"","overlay-color":"","overlay-opacity":"","overlay-gradient":""}},"ast-content-background-meta":{"desktop":{"background-color":"var(--ast-global-color-5)","background-image":"","background-repeat":"repeat","background-position":"center center","background-size":"auto","background-attachment":"scroll","background-type":"","background-media":"","overlay-type":"","overlay-color":"","overlay-opacity":"","overlay-gradient":""},"tablet":{"background-color":"var(--ast-global-color-5)","background-image":"","background-repeat":"repeat","background-position":"center center","background-size":"auto","background-attachment":"scroll","background-type":"","background-media":"","overlay-type":"","overlay-color":"","overlay-opacity":"","overlay-gradient":""},"mobile":{"background-color":"var(--ast-global-color-5)","background-image":"","background-repeat":"repeat","background-position":"center center","background-size":"auto","background-attachment":"scroll","background-type":"","background-media":"","overlay-type":"","overlay-color":"","overlay-opacity":"","overlay-gradient":""}},"footnotes":""},"class_list":["post-26","page","type-page","status-publish","hentry"],"post_mailing_queue_ids":[],"_links":{"self":[{"href":"https:\/\/agora.xtec.cat\/escolacanmassallera\/wp-json\/wp\/v2\/pages\/26","targetHints":{"allow":["GET"]}}],"collection":[{"href":"https:\/\/agora.xtec.cat\/escolacanmassallera\/wp-json\/wp\/v2\/pages"}],"about":[{"href":"https:\/\/agora.xtec.cat\/escolacanmassallera\/wp-json\/wp\/v2\/types\/page"}],"author":[{"embeddable":true,"href":"https:\/\/agora.xtec.cat\/escolacanmassallera\/wp-json\/wp\/v2\/users\/1"}],"replies":[{"embeddable":true,"href":"https:\/\/agora.xtec.cat\/escolacanmassallera\/wp-json\/wp\/v2\/comments?post=26"}],"version-history":[{"count":3,"href":"https:\/\/agora.xtec.cat\/escolacanmassallera\/wp-json\/wp\/v2\/pages\/26\/revisions"}],"predecessor-version":[{"id":482,"href":"https:\/\/agora.xtec.cat\/escolacanmassallera\/wp-json\/wp\/v2\/pages\/26\/revisions\/482"}],"up":[{"embeddable":true,"href":"https:\/\/agora.xtec.cat\/escolacanmassallera\/wp-json\/wp\/v2\/pages\/22"}],"wp:attachment":[{"href":"https:\/\/agora.xtec.cat\/escolacanmassallera\/wp-json\/wp\/v2\/media?parent=26"}],"curies":[{"name":"wp","href":"https:\/\/api.w.org\/{rel}","templated":true}]}}