{"id":1704,"date":"2017-02-10T11:03:36","date_gmt":"2017-02-10T10:03:36","guid":{"rendered":"http:\/\/agora.xtec.cat\/escolacanmassallera\/?page_id=1704"},"modified":"2026-02-09T15:59:56","modified_gmt":"2026-02-09T14:59:56","slug":"educacio-per-a-la-salut","status":"publish","type":"page","link":"https:\/\/agora.xtec.cat\/escolacanmassallera\/projectes-descola\/educacio-per-a-la-salut\/","title":{"rendered":"Educaci\u00f3 f\u00edsica"},"content":{"rendered":"<p data-path-to-node=\"4\">A l&#8217;Escola Can Massallera entenem l&#8217;<b data-path-to-node=\"4\" data-index-in-node=\"36\">Educaci\u00f3 F\u00edsica<\/b> com una eina transversal imprescindible per fomentar h\u00e0bits de vida saludables i valors de respecte cap al nostre entorn. Aquesta visi\u00f3 s&#8217;alinea directament amb el nostre <b data-path-to-node=\"4\" data-index-in-node=\"223\">Projecte d&#8217;Educaci\u00f3 Mediambiental<\/b> i la nostra participaci\u00f3 activa a l&#8217;<b data-path-to-node=\"4\" data-index-in-node=\"293\">Agenda 21 Escolar<\/b> de la xarxa de Sant Boi de Llobregat, connectant l&#8217;activitat motriu amb la consci\u00e8ncia ecol\u00f2gica.<\/p>\n<h4 data-path-to-node=\"5\">Pedalem pels ODS: La Bicicleta a Cicle Superior<\/h4>\n<p data-path-to-node=\"6\">Dins d&#8217;aquest comprom\u00eds amb la sostenibilitat, a partir de <b data-path-to-node=\"6\" data-index-in-node=\"59\">5\u00e8 de Prim\u00e0ria<\/b> donem el tret de sortida a un projecte clau: l&#8217;\u00fas de la <b data-path-to-node=\"6\" data-index-in-node=\"130\">bicicleta<\/b>. Entenem la bicicleta no nom\u00e9s com un element esportiu, sin\u00f3 com una eina transformadora per treballar els <b data-path-to-node=\"6\" data-index-in-node=\"247\">Objectius de Desenvolupament Sostenible (ODS)<\/b> de l&#8217;Agenda 2030, concretament:<\/p>\n<ul data-path-to-node=\"7\">\n<li>\n<p data-path-to-node=\"7,0,0\"><b data-path-to-node=\"7,0,0\" data-index-in-node=\"0\">ODS 3 (Salut i Benestar):<\/b> Fomentant un estil de vida actiu.<\/p>\n<\/li>\n<li>\n<p data-path-to-node=\"7,1,0\"><b data-path-to-node=\"7,1,0\" data-index-in-node=\"0\">ODS 11 (Ciutats i Comunitats Sostenibles):<\/b> Promovent una mobilitat sense emissions.<\/p>\n<\/li>\n<li>\n<p data-path-to-node=\"7,2,0\"><b data-path-to-node=\"7,2,0\" data-index-in-node=\"0\">ODS 13 (Acci\u00f3 pel Clima):<\/b> Conscienciant sobre la reducci\u00f3 de la petjada de carboni.<\/p>\n<\/li>\n<\/ul>\n<p data-path-to-node=\"8\">Per garantir que aquest aprenentatge sigui efectiu, executem diferents activitats dissenyades per assegurar un bon coneixement de la <b data-path-to-node=\"8\" data-index-in-node=\"134\">mobilitat sostenible i segura<\/b>. Aix\u00f2 inclou des del domini t\u00e8cnic de la bicicleta i tallers b\u00e0sics de mec\u00e0nica, fins a l&#8217;aprenentatge de les normes de circulaci\u00f3 vi\u00e0ria, dotant l&#8217;alumnat de l&#8217;autonomia i la responsabilitat necess\u00e0ries per circular amb seguretat pel seu entorn.<\/p>\n<p data-path-to-node=\"8\"><a href=\"https:\/\/agora.xtec.cat\/escolacanmassallera\/wp-content\/uploads\/usu39\/2025\/06\/IMG_3458.jpg\"><img loading=\"lazy\" decoding=\"async\" class=\"size-full wp-image-8746 aligncenter\" src=\"https:\/\/agora.xtec.cat\/escolacanmassallera\/wp-content\/uploads\/usu39\/2025\/06\/IMG_3458.jpg\" alt=\"\" width=\"1024\" height=\"768\" srcset=\"https:\/\/agora.xtec.cat\/escolacanmassallera\/wp-content\/uploads\/usu39\/2025\/06\/IMG_3458.jpg 1024w, https:\/\/agora.xtec.cat\/escolacanmassallera\/wp-content\/uploads\/usu39\/2025\/06\/IMG_3458-300x225.jpg 300w, https:\/\/agora.xtec.cat\/escolacanmassallera\/wp-content\/uploads\/usu39\/2025\/06\/IMG_3458-768x576.jpg 768w, https:\/\/agora.xtec.cat\/escolacanmassallera\/wp-content\/uploads\/usu39\/2025\/06\/IMG_3458-200x150.jpg 200w\" sizes=\"auto, (max-width: 1024px) 100vw, 1024px\" \/><\/a><\/p>\n<h4 data-path-to-node=\"9\">Xarxa i Territori: Col\u00b7laboraci\u00f3 amb l&#8217;Ajuntament<\/h4>\n<p data-path-to-node=\"10\">Per fer realitat aquests objectius, l&#8217;escola col\u00b7labora estretament amb l&#8217;<b data-path-to-node=\"10\" data-index-in-node=\"74\">Ajuntament de Sant Boi de Llobregat<\/b> en la promoci\u00f3 esportiva. Aquesta sinergia es materialitza a trav\u00e9s dels <b data-path-to-node=\"10\" data-index-in-node=\"183\">Plans de Promoci\u00f3<\/b>, que ens permeten accedir a recursos de qualitat i refor\u00e7ar el vincle entre l&#8217;escola i la ciutat.<\/p>\n<p data-path-to-node=\"11\">Aix\u00ed mateix, els nostres especialistes formen part activa del <b data-path-to-node=\"11\" data-index-in-node=\"62\">Grup de Treball d&#8217;Educaci\u00f3 F\u00edsica<\/b> de la ciutat, treballant conjuntament amb els docents de la resta d&#8217;escoles de Sant Boi. Aquest treball en xarxa ens permet oferir propostes engrescadores i de gran impacte social com:<\/p>\n<ul data-path-to-node=\"12\">\n<li>\n<p data-path-to-node=\"12,0,0\"><b data-path-to-node=\"12,0,0\" data-index-in-node=\"0\">El Cros Escolar:<\/b> Una festa de l&#8217;esport local.<\/p>\n<\/li>\n<li>\n<p data-path-to-node=\"12,1,0\"><b data-path-to-node=\"12,1,0\" data-index-in-node=\"0\">La Trobada &#8220;Juguem i Fem Amics&#8221;:<\/b> Una jornada de conviv\u00e8ncia i joc cooperatiu adre\u00e7ada als infants de <b data-path-to-node=\"12,1,0\" data-index-in-node=\"101\">Cicle Inicial<\/b>.<\/p>\n<\/li>\n<\/ul>\n<p><a href=\"https:\/\/agora.xtec.cat\/escolacanmassallera\/wp-content\/uploads\/usu39\/2024\/12\/IMG_2066-4.jpg\"><img loading=\"lazy\" decoding=\"async\" class=\"size-full wp-image-8424 aligncenter\" src=\"https:\/\/agora.xtec.cat\/escolacanmassallera\/wp-content\/uploads\/usu39\/2024\/12\/IMG_2066-4.jpg\" alt=\"\" width=\"1024\" height=\"768\" srcset=\"https:\/\/agora.xtec.cat\/escolacanmassallera\/wp-content\/uploads\/usu39\/2024\/12\/IMG_2066-4.jpg 1024w, https:\/\/agora.xtec.cat\/escolacanmassallera\/wp-content\/uploads\/usu39\/2024\/12\/IMG_2066-4-300x225.jpg 300w, https:\/\/agora.xtec.cat\/escolacanmassallera\/wp-content\/uploads\/usu39\/2024\/12\/IMG_2066-4-768x576.jpg 768w, https:\/\/agora.xtec.cat\/escolacanmassallera\/wp-content\/uploads\/usu39\/2024\/12\/IMG_2066-4-200x150.jpg 200w\" sizes=\"auto, (max-width: 1024px) 100vw, 1024px\" \/><\/a><\/p>\n<p data-path-to-node=\"13\">A Can Massallera, l&#8217;Educaci\u00f3 F\u00edsica educa per a la vida, formant persones sanes, cr\u00edtiques i compromeses amb una mobilitat m\u00e9s verda i respectuosa.<\/p>\n<p style=\"margin: 0cm; margin-bottom: .0001pt; text-align: justify; vertical-align: baseline;\">A l&#8217;escola s&#8217;ensenya a l&#8217;alumnat a adquirir les actituds necess\u00e0ries que els permetin uns h\u00e0bits correctes de salut, alimentaci\u00f3<span style=\"color: black;\"> i higiene.<\/span><\/p>\n<p>&nbsp;<\/p>\n<p>Duem a terme diferents projectes com son:<\/p>\n<p><a href=\"http:\/\/catalanurses.cat\/projectes\/infancia-i-dieta-mediterrania-infadimed\/\" target=\"_blank\" rel=\"noopener noreferrer\">INFADIMED<\/a><\/p>\n<p><a href=\"http:\/\/www.ampaamatitarga.org\/wordpress\/wp-content\/uploads\/2018\/05\/triptic-programa-consum-fruita-hortalisses-escoles-unio-europea.pdf\">PROGRAMA DE CONSUM DE FRUITA I HORTALISSES A LES ESCOLES DE LA UNI\u00d3 EUROPEA<\/a><\/p>\n<p>A m\u00e9s, seguint el pla de consum de fruita a l&#8217;escola, es distribueix fruita fresca als alumnes per potenciar accions que afavoreixin la salut dels infants, com ara augmentar el consum de fruites i verdures, fruita seca, llegums, aigua i joc actiu. I reduir el consum de llaminadures, begudes refrescants, brioxeria i videojocs sedentaris.<\/p>\n<p>Tot aix\u00f2 es fa amb l&#8217;objectiu de d&#8217;o<span style=\"font-family: inherit; font-size: 1em;\">ferir fruita en els esmorzars dins del centre escolar, i<\/span><span style=\"font-family: inherit; font-size: 1em;\">nformar sobre els beneficis d\u2019 incrementar el consum de fruites i verdures, i sobre la seva diversitat, caracter\u00edstiques, etc. i p<\/span><span style=\"font-family: inherit; font-size: 1em;\">roposar el consum de fruites com una alternativa excel\u00b7lent al consum d\u2019altres aliments amb menys qualitat nutricional.<\/span><\/p>\n<p>A tota l&#8217;escola hi ha establert EL DIA DE LA FRUITA, on grans i petits han d&#8217;esmorzar fruita. Aquest dia es el DIJOUS. A m\u00e9s a m\u00e9s, durant el curs escolar, un cop al mes, es distribuir\u00e0 fruita i\/o verdura, als alumnes de prim\u00e0ria, seleccionada en funci\u00f3 de l\u2019estaci\u00f3 de l\u2019any, la proximitat de producci\u00f3 i la qualitat, per tal que aquesta sigui consumida durant l&#8217;hora d&#8217;esmorzar.<\/p>\n<p style=\"text-align: center;\"><a href=\"https:\/\/agora.xtec.cat\/escolacanmassallera\/wp-content\/uploads\/usu39\/2020\/06\/frutas2.png\"><img loading=\"lazy\" decoding=\"async\" class=\"alignnone size-full wp-image-4779\" src=\"https:\/\/agora.xtec.cat\/escolacanmassallera\/wp-content\/uploads\/usu39\/2020\/06\/frutas2.png\" alt=\"\" width=\"400\" height=\"309\" srcset=\"https:\/\/agora.xtec.cat\/escolacanmassallera\/wp-content\/uploads\/usu39\/2020\/06\/frutas2.png 400w, https:\/\/agora.xtec.cat\/escolacanmassallera\/wp-content\/uploads\/usu39\/2020\/06\/frutas2-300x232.png 300w\" sizes=\"auto, (max-width: 400px) 100vw, 400px\" \/><\/a><\/p>\n<p>&nbsp;<\/p>\n","protected":false},"excerpt":{"rendered":"<p>A l&#8217;Escola Can Massallera entenem l&#8217;Educaci\u00f3 F\u00edsica com una eina transversal imprescindible per fomentar h\u00e0bits de vida saludables i valors de respecte cap al nostre entorn. Aquesta visi\u00f3 s&#8217;alinea directament amb el nostre Projecte d&#8217;Educaci\u00f3 Mediambiental i la nostra participaci\u00f3 activa a l&#8217;Agenda 21 Escolar de la xarxa de Sant Boi de Llobregat, connectant l&#8217;activitat [&hellip;]<\/p>\n","protected":false},"author":1,"featured_media":0,"parent":1755,"menu_order":0,"comment_status":"closed","ping_status":"closed","template":"","meta":{"_bbp_topic_count":0,"_bbp_reply_count":0,"_bbp_total_topic_count":0,"_bbp_total_reply_count":0,"_bbp_voice_count":0,"_bbp_anonymous_reply_count":0,"_bbp_topic_count_hidden":0,"_bbp_reply_count_hidden":0,"_bbp_forum_subforum_count":0,"site-sidebar-layout":"default","site-content-layout":"","ast-site-content-layout":"default","site-content-style":"default","site-sidebar-style":"default","ast-global-header-display":"","ast-banner-title-visibility":"","ast-main-header-display":"","ast-hfb-above-header-display":"","ast-hfb-below-header-display":"","ast-hfb-mobile-header-display":"","site-post-title":"","ast-breadcrumbs-content":"","ast-featured-img":"","footer-sml-layout":"","theme-transparent-header-meta":"default","adv-header-id-meta":"","stick-header-meta":"","header-above-stick-meta":"","header-main-stick-meta":"","header-below-stick-meta":"","astra-migrate-meta-layouts":"set","ast-page-background-enabled":"default","ast-page-background-meta":{"desktop":{"background-color":"var(--ast-global-color-4)","background-image":"","background-repeat":"repeat","background-position":"center center","background-size":"auto","background-attachment":"scroll","background-type":"","background-media":"","overlay-type":"","overlay-color":"","overlay-opacity":"","overlay-gradient":""},"tablet":{"background-color":"","background-image":"","background-repeat":"repeat","background-position":"center center","background-size":"auto","background-attachment":"scroll","background-type":"","background-media":"","overlay-type":"","overlay-color":"","overlay-opacity":"","overlay-gradient":""},"mobile":{"background-color":"","background-image":"","background-repeat":"repeat","background-position":"center center","background-size":"auto","background-attachment":"scroll","background-type":"","background-media":"","overlay-type":"","overlay-color":"","overlay-opacity":"","overlay-gradient":""}},"ast-content-background-meta":{"desktop":{"background-color":"var(--ast-global-color-5)","background-image":"","background-repeat":"repeat","background-position":"center center","background-size":"auto","background-attachment":"scroll","background-type":"","background-media":"","overlay-type":"","overlay-color":"","overlay-opacity":"","overlay-gradient":""},"tablet":{"background-color":"var(--ast-global-color-5)","background-image":"","background-repeat":"repeat","background-position":"center center","background-size":"auto","background-attachment":"scroll","background-type":"","background-media":"","overlay-type":"","overlay-color":"","overlay-opacity":"","overlay-gradient":""},"mobile":{"background-color":"var(--ast-global-color-5)","background-image":"","background-repeat":"repeat","background-position":"center center","background-size":"auto","background-attachment":"scroll","background-type":"","background-media":"","overlay-type":"","overlay-color":"","overlay-opacity":"","overlay-gradient":""}},"footnotes":""},"class_list":["post-1704","page","type-page","status-publish","hentry"],"post_mailing_queue_ids":[],"_links":{"self":[{"href":"https:\/\/agora.xtec.cat\/escolacanmassallera\/wp-json\/wp\/v2\/pages\/1704","targetHints":{"allow":["GET"]}}],"collection":[{"href":"https:\/\/agora.xtec.cat\/escolacanmassallera\/wp-json\/wp\/v2\/pages"}],"about":[{"href":"https:\/\/agora.xtec.cat\/escolacanmassallera\/wp-json\/wp\/v2\/types\/page"}],"author":[{"embeddable":true,"href":"https:\/\/agora.xtec.cat\/escolacanmassallera\/wp-json\/wp\/v2\/users\/1"}],"replies":[{"embeddable":true,"href":"https:\/\/agora.xtec.cat\/escolacanmassallera\/wp-json\/wp\/v2\/comments?post=1704"}],"version-history":[{"count":6,"href":"https:\/\/agora.xtec.cat\/escolacanmassallera\/wp-json\/wp\/v2\/pages\/1704\/revisions"}],"predecessor-version":[{"id":9139,"href":"https:\/\/agora.xtec.cat\/escolacanmassallera\/wp-json\/wp\/v2\/pages\/1704\/revisions\/9139"}],"up":[{"embeddable":true,"href":"https:\/\/agora.xtec.cat\/escolacanmassallera\/wp-json\/wp\/v2\/pages\/1755"}],"wp:attachment":[{"href":"https:\/\/agora.xtec.cat\/escolacanmassallera\/wp-json\/wp\/v2\/media?parent=1704"}],"curies":[{"name":"wp","href":"https:\/\/api.w.org\/{rel}","templated":true}]}}