{"id":73,"date":"2014-09-18T14:01:51","date_gmt":"2014-09-18T13:01:51","guid":{"rendered":"http:\/\/agora.xtec.cat\/escolacanfabra\/?page_id=73"},"modified":"2026-04-09T09:24:35","modified_gmt":"2026-04-09T07:24:35","slug":"menjador-escolar","status":"publish","type":"page","link":"https:\/\/agora.xtec.cat\/escolacanfabra\/serveis\/menjador-escolar\/","title":{"rendered":"Espai Migdia"},"content":{"rendered":"<p><a href=\"https:\/\/canfabra.afagest.com\/#\/\" target=\"_blank\" rel=\"noopener noreferrer\">Afagest<\/a> \u00e9s la plataforma d\u2019inscripci\u00f3 al servei d\u2019Espai Migdia. Des d\u2019aqu\u00ed podreu activar l\u2019alta o la baixa del vostre fill\/a, comprar tiquets espor\u00e0dics, informar de l\u2019abs\u00e8ncia per optar al reemborsament del men\u00fa, etc. Totes les gestions pengen directament de vosaltres, les fam\u00edlies.<\/p>\n<p>El formulari de <strong>&#8220;Comunicacions di\u00e0ries&#8221;<\/strong> \u00e9s l\u2019eina de comunicaci\u00f3 fam\u00edlies \u2013 escola \u2013 Espai Migdia \u2013 extraescolars. Per aquest canal heu d\u2019informar de qualsevol canvi en la rutina de l\u2019infant: abs\u00e8ncies, dieta astringent, hora de recollida, etc. El trobareu a l&#8217;apartat de <strong>SERVEIS<\/strong> de l&#8217;aplicaci\u00f3 <strong>COMMUNICAPP<\/strong>.<\/p>\n<p>&nbsp;<\/p>\n<h5 style=\"text-align: center;\"><span style=\"color: #000000;\"><span style=\"color: #000000;\">MEN\u00daS ABRIL 2026<\/span><\/span><\/h5>\n<table style=\"height: 345px; width: 99.8543%; border-collapse: collapse; border-style: groove; background-color: #ced9c5;\">\n<tbody>\n<tr style=\"height: 48px;\">\n<th style=\"width: 100%; height: 48px; text-align: center; vertical-align: middle;\" colspan=\"2\"><a href=\"https:\/\/drive.google.com\/file\/d\/1O6NsvAdkHC3HygdU442BPtr9n71r7PYi\/view?usp=drive_link\"><strong>Men\u00fa <\/strong><strong>basal<\/strong><\/a><\/th>\n<\/tr>\n<tr style=\"height: 48px;\">\n<td style=\"width: 50%; height: 48px; text-align: center; vertical-align: middle;\"><a href=\"https:\/\/drive.google.com\/file\/d\/1ZsIV2b4elUSqbB_wdUEKwFQEkKKyu41N\/view?usp=drive_link\">Men\u00fa Halal<\/a><\/td>\n<td style=\"width: 50%; text-align: center; height: 48px;\"><a href=\"https:\/\/drive.google.com\/file\/d\/1Cp68Df14SuZR6UpwgJj_f2zPmF0UJ_Mr\/view?usp=drive_link\">Men\u00fa Vegetari\u00e0<\/a><\/td>\n<\/tr>\n<tr style=\"height: 48px;\">\n<td style=\"width: 50%; height: 48px; text-align: center;\"><a href=\"https:\/\/drive.google.com\/file\/d\/1YbUCR5W_lU-1THKlCyTErnAN5h5lmLLa\/view?usp=drive_link\">Men\u00fa Sense porc<\/a><\/td>\n<td style=\"width: 50%; text-align: center; height: 48px;\"><a href=\"https:\/\/drive.google.com\/file\/d\/1xeut_2NuC7fnOcyBURwy_KLLlC0csjcQ\/view?usp=drive_link\">Sense peix<\/a><\/td>\n<\/tr>\n<tr style=\"height: 48px;\">\n<td style=\"width: 50%; height: 51px; text-align: center; vertical-align: middle;\">Men\u00fa sense carn<\/td>\n<td style=\"width: 50%; height: 51px; text-align: center;\">Men\u00fa Sense porc i lactosa<\/td>\n<\/tr>\n<tr style=\"height: 32px;\">\n<td style=\"width: 50%; height: 48px; text-align: center; vertical-align: middle;\"><a href=\"https:\/\/docs.google.com\/document\/d\/106IZSBXAGiBDHqfVvpyeC5H8TVxla9xo\/edit?usp=sharing&amp;ouid=109067031255748796716&amp;rtpof=true&amp;sd=true\">Men\u00fa Sense gluten<\/a><\/td>\n<td style=\"width: 50%; height: 48px; text-align: center; vertical-align: middle;\"><a href=\"https:\/\/drive.google.com\/file\/d\/1zBZL7CFy5JSLXP7wwJzxxgqWJVcFKYRA\/view?usp=drive_link\">Men\u00fa PLV<\/a><\/td>\n<\/tr>\n<tr style=\"height: 32px;\">\n<td style=\"width: 50%; height: 45px; text-align: center; vertical-align: middle;\"><a href=\"https:\/\/drive.google.com\/file\/d\/1pj51sxu9gTFL5xxYB5VuUWMfruaHpLu8\/view?usp=drive_link\">Men\u00fa Sense lactosa, soja i fruits secs<\/a><\/td>\n<td style=\"width: 50%; height: 45px; text-align: center; vertical-align: middle;\"><a href=\"https:\/\/drive.google.com\/file\/d\/1kazcihkqH31yhf-ZVBQqw32bABKJPtn2\/view?usp=drive_link\">Men\u00fa Sense gluten, PLV i lactosa<\/a><\/td>\n<\/tr>\n<tr style=\"height: 26px;\">\n<td style=\"height: 47px; text-align: center; vertical-align: middle; width: 50%;\"><a href=\"https:\/\/drive.google.com\/file\/d\/1NPOpNgHN9rdHKm1anD4DwNsjbP9IoxhT\/view?usp=drive_link\">Men\u00fa Sense gluten, PLV, kiwi i pr\u00e8ssec<\/a><\/td>\n<td style=\"text-align: center; vertical-align: middle; width: 50%; height: 47px;\">Men\u00fa Sense llegums<\/td>\n<\/tr>\n<\/tbody>\n<\/table>\n<p><!--more--><\/p>\n<p>L\u2019Espai Migdia ha de garantir tres funcions b\u00e0siques vinculades al fet social i d\u2019educaci\u00f3 per la salut:<br \/>\n1. Que els infants puguin menjar de manera equilibrada i que complementi els \u00e0pats que ja fan a casa.<br \/>\n2. Que pugui esdevenir una estona tranquil\u00b7la i de descans.<br \/>\n3. Que possibiliti l\u2019adquisici\u00f3 d\u2019h\u00e0bits personals i socials.<\/p>\n<p>Aquest espai educatiu es divideix, segons la no<span style=\"font-family: inherit; font-size: 1em;\">stra perspectiva<\/span><\/p>\n<p><span style=\"font-family: inherit; font-size: 1em;\">, en l\u2019estona de l\u2019\u00e0pat i l\u2019estona de lleure educatiu i esbarjo, en el cas dels infants de I3, l&#8217;estona de la migdiada. I ambdues complementen l\u2019horari lectiu de l\u2019escola<\/span><\/p>\n<h4><img loading=\"lazy\" decoding=\"async\" class=\"wp-image-34101 aligncenter\" style=\"font-size: 16px; font-weight: 400;\" src=\"https:\/\/agora.xtec.cat\/escolacanfabra\/wp-content\/uploads\/usu1954\/2025\/09\/promoure-una-alimentacio-saludable-724x1024.png\" alt=\"\" width=\"494\" height=\"699\" srcset=\"https:\/\/agora.xtec.cat\/escolacanfabra\/wp-content\/uploads\/usu1954\/2025\/09\/promoure-una-alimentacio-saludable-724x1024.png 724w, https:\/\/agora.xtec.cat\/escolacanfabra\/wp-content\/uploads\/usu1954\/2025\/09\/promoure-una-alimentacio-saludable-212x300.png 212w, https:\/\/agora.xtec.cat\/escolacanfabra\/wp-content\/uploads\/usu1954\/2025\/09\/promoure-una-alimentacio-saludable-768x1086.png 768w, https:\/\/agora.xtec.cat\/escolacanfabra\/wp-content\/uploads\/usu1954\/2025\/09\/promoure-una-alimentacio-saludable-1086x1536.png 1086w, https:\/\/agora.xtec.cat\/escolacanfabra\/wp-content\/uploads\/usu1954\/2025\/09\/promoure-una-alimentacio-saludable.png 1414w\" sizes=\"auto, (max-width: 494px) 100vw, 494px\" \/><\/h4>\n<p>&nbsp;<\/p>\n<p>&nbsp;<\/p>\n<p><span style=\"font-family: inherit; font-size: 1em;\">.<\/span><\/p>\n<p style=\"text-align: center;\"><!--more--><\/p>\n<p style=\"font-weight: 400;\">Per a qualsevol gesti\u00f3 referent a l\u2019Espai Migdia podeu contactar amb l\u2019Anna i us ajudar\u00e0 a resoldre\/ gestionar el<\/p>\n<p style=\"font-weight: 400;\">que us calgui.<\/p>\n<p style=\"font-weight: 400;\">L\u2019<strong>horari d\u2019atenci\u00f3<\/strong> a fam\u00edlies d\u2019Espai Migdia per a aquest curs 25-26:<\/p>\n<p style=\"font-weight: 400;\"><strong>Telef\u00f2nica:\u00a0<\/strong>de dilluns a divendres de 9:00h a 16:30 h<\/p>\n<p style=\"font-weight: 400;\"><strong>Presencial:\u00a0<\/strong>dimarts i dijous de 9:00 a 9:45 h<\/p>\n<p>Per a poder ser at\u00e8s fora d&#8217;aquest horari\/dies, contacteu amb l&#8217;Anna per gestionar la<\/p>\n<p>trobada.<\/p>\n<p style=\"font-weight: 400;\">El tel\u00e8fon d\u2019Espai Migdia estar\u00e0 operatiu en l\u2019horari establert <strong>656 515 816<\/strong> i el correu de contacte\u00a0\u00e9s:\u00a0<a href=\"mailto:espaimigdiacanfabra@cet10.com\">espaimigdiacanfabra<span class=\"\">@cet10.co<\/span>m<\/a><\/p>\n<p><em>**Respecteu al m\u00e0xim els horaris d\u2019atenci\u00f3.<\/em><\/p>\n<p style=\"font-weight: 400;\">Si cliqueu <a href=\"https:\/\/drive.google.com\/file\/d\/16hktfA7l19DGqDUTb6iWeJvqkWp7zkx3\/view?usp=drive_link\">AQU\u00cd<\/a> trobareu la\u00a0<strong><em>Carta de benvinguda a l\u2019Espai Migdia\u00a0<\/em><\/strong>amb informaci\u00f3 del vostre inter\u00e8s i\u00a0tamb\u00e9 hem preparat el document de\u00a0FAQS\u00a0per a donar resposta a preguntes recurrents i explicar m\u00e9s detalladament com funcionem i ens organitzem durant l&#8217;espai migdia.<\/p>\n<p style=\"font-weight: 400;\">Per saber com s\u2019organitza el servei d\u2019<strong><em>Espai Migdia a I3\u00a0<\/em><\/strong>podeu entrar\u00a0 <a href=\"https:\/\/drive.google.com\/file\/d\/1o6J7ddV65FLasxCbQA4hc7B6hW9I3XJU\/view?usp=drive_link\">AQU\u00cd.<\/a><\/p>\n<p>Afegim tamb\u00e9 una graella amb el preu mensual de l&#8217;espai migdia per a la modalitat de 5 dies, perqu\u00e8 pugueu fer-vos una idea m\u00e9s clara del cost:<\/p>\n<p><img loading=\"lazy\" decoding=\"async\" class=\"alignleft size-large wp-image-34109\" src=\"https:\/\/agora.xtec.cat\/escolacanfabra\/wp-content\/uploads\/usu1954\/2025\/09\/graella-preus-1-1024x123.png\" alt=\"\" width=\"1024\" height=\"123\" srcset=\"https:\/\/agora.xtec.cat\/escolacanfabra\/wp-content\/uploads\/usu1954\/2025\/09\/graella-preus-1-1024x123.png 1024w, https:\/\/agora.xtec.cat\/escolacanfabra\/wp-content\/uploads\/usu1954\/2025\/09\/graella-preus-1-300x36.png 300w, https:\/\/agora.xtec.cat\/escolacanfabra\/wp-content\/uploads\/usu1954\/2025\/09\/graella-preus-1-768x92.png 768w, https:\/\/agora.xtec.cat\/escolacanfabra\/wp-content\/uploads\/usu1954\/2025\/09\/graella-preus-1.png 1047w\" sizes=\"auto, (max-width: 1024px) 100vw, 1024px\" \/><\/p>\n<p>&nbsp;<\/p>\n<p>&nbsp;<\/p>\n<p style=\"text-align: center;\"><strong>R\u00daBRIQUES D&#8217;INFORME D&#8217;AVALUACI\u00d3 SEMESTRAL<\/strong><\/p>\n<ul>\n<li><a href=\"https:\/\/drive.google.com\/file\/d\/1CFhWg5hLF1N1XUDAZH7n0os7y0yKE9hv\/view?usp=drivesdk\">R\u00fabriques I3<\/a><\/li>\n<li><a href=\"https:\/\/drive.google.com\/file\/d\/1ksH0-z7EPItXaSZshZTOY24r4HutuCM3\/view?usp=drivesdk\">R\u00fabriques I4 i I5<\/a><\/li>\n<li><a href=\"https:\/\/drive.google.com\/file\/d\/1ABlEmpk5823APIe3WnjqP3zZzGC83AzF\/view?usp=drivesdk\">R\u00fabriques prim\u00e0ria<\/a><\/li>\n<\/ul>\n<p>&nbsp;<\/p>\n<p>&nbsp;<\/p>\n<p style=\"text-align: right;\"><em>Data d&#8217;actualitzaci\u00f3: 7 de Abril 2026<\/em><\/p>\n","protected":false},"excerpt":{"rendered":"<p>Afagest \u00e9s la plataforma d\u2019inscripci\u00f3 al servei d\u2019Espai Migdia. Des d\u2019aqu\u00ed podreu activar l\u2019alta o la baixa del vostre fill\/a, comprar tiquets espor\u00e0dics, informar de l\u2019abs\u00e8ncia per optar al reemborsament del men\u00fa, etc. Totes les gestions pengen directament de vosaltres, les fam\u00edlies. El formulari de &#8220;Comunicacions di\u00e0ries&#8221; \u00e9s l\u2019eina de comunicaci\u00f3 fam\u00edlies \u2013 escola \u2013 [&hellip;]<\/p>\n","protected":false},"author":1,"featured_media":0,"parent":66,"menu_order":30,"comment_status":"closed","ping_status":"closed","template":"page-templates\/side-menu.php","meta":{"_bbp_topic_count":0,"_bbp_reply_count":0,"_bbp_total_topic_count":0,"_bbp_total_reply_count":0,"_bbp_voice_count":0,"_bbp_anonymous_reply_count":0,"_bbp_topic_count_hidden":0,"_bbp_reply_count_hidden":0,"_bbp_forum_subforum_count":0,"site-sidebar-layout":"default","site-content-layout":"","ast-site-content-layout":"","site-content-style":"default","site-sidebar-style":"default","ast-global-header-display":"","ast-banner-title-visibility":"","ast-main-header-display":"","ast-hfb-above-header-display":"","ast-hfb-below-header-display":"","ast-hfb-mobile-header-display":"","site-post-title":"","ast-breadcrumbs-content":"","ast-featured-img":"","footer-sml-layout":"","theme-transparent-header-meta":"","adv-header-id-meta":"","stick-header-meta":"","header-above-stick-meta":"","header-main-stick-meta":"","header-below-stick-meta":"","astra-migrate-meta-layouts":"default","ast-page-background-enabled":"default","ast-page-background-meta":{"desktop":{"background-color":"var(--ast-global-color-5)","background-image":"","background-repeat":"repeat","background-position":"center center","background-size":"auto","background-attachment":"scroll","background-type":"","background-media":"","overlay-type":"","overlay-color":"","overlay-opacity":"","overlay-gradient":""},"tablet":{"background-color":"","background-image":"","background-repeat":"repeat","background-position":"center center","background-size":"auto","background-attachment":"scroll","background-type":"","background-media":"","overlay-type":"","overlay-color":"","overlay-opacity":"","overlay-gradient":""},"mobile":{"background-color":"","background-image":"","background-repeat":"repeat","background-position":"center center","background-size":"auto","background-attachment":"scroll","background-type":"","background-media":"","overlay-type":"","overlay-color":"","overlay-opacity":"","overlay-gradient":""}},"ast-content-background-meta":{"desktop":{"background-color":"var(--ast-global-color-4)","background-image":"","background-repeat":"repeat","background-position":"center center","background-size":"auto","background-attachment":"scroll","background-type":"","background-media":"","overlay-type":"","overlay-color":"","overlay-opacity":"","overlay-gradient":""},"tablet":{"background-color":"var(--ast-global-color-4)","background-image":"","background-repeat":"repeat","background-position":"center center","background-size":"auto","background-attachment":"scroll","background-type":"","background-media":"","overlay-type":"","overlay-color":"","overlay-opacity":"","overlay-gradient":""},"mobile":{"background-color":"var(--ast-global-color-4)","background-image":"","background-repeat":"repeat","background-position":"center center","background-size":"auto","background-attachment":"scroll","background-type":"","background-media":"","overlay-type":"","overlay-color":"","overlay-opacity":"","overlay-gradient":""}},"footnotes":""},"class_list":["post-73","page","type-page","status-publish","hentry"],"post_mailing_queue_ids":[],"_links":{"self":[{"href":"https:\/\/agora.xtec.cat\/escolacanfabra\/wp-json\/wp\/v2\/pages\/73","targetHints":{"allow":["GET"]}}],"collection":[{"href":"https:\/\/agora.xtec.cat\/escolacanfabra\/wp-json\/wp\/v2\/pages"}],"about":[{"href":"https:\/\/agora.xtec.cat\/escolacanfabra\/wp-json\/wp\/v2\/types\/page"}],"author":[{"embeddable":true,"href":"https:\/\/agora.xtec.cat\/escolacanfabra\/wp-json\/wp\/v2\/users\/1"}],"replies":[{"embeddable":true,"href":"https:\/\/agora.xtec.cat\/escolacanfabra\/wp-json\/wp\/v2\/comments?post=73"}],"version-history":[{"count":7,"href":"https:\/\/agora.xtec.cat\/escolacanfabra\/wp-json\/wp\/v2\/pages\/73\/revisions"}],"predecessor-version":[{"id":34933,"href":"https:\/\/agora.xtec.cat\/escolacanfabra\/wp-json\/wp\/v2\/pages\/73\/revisions\/34933"}],"up":[{"embeddable":true,"href":"https:\/\/agora.xtec.cat\/escolacanfabra\/wp-json\/wp\/v2\/pages\/66"}],"wp:attachment":[{"href":"https:\/\/agora.xtec.cat\/escolacanfabra\/wp-json\/wp\/v2\/media?parent=73"}],"curies":[{"name":"wp","href":"https:\/\/api.w.org\/{rel}","templated":true}]}}