{"id":519,"date":"2018-12-04T11:02:34","date_gmt":"2018-12-04T10:02:34","guid":{"rendered":"https:\/\/agora.xtec.cat\/escolacanfabra\/?page_id=519"},"modified":"2025-10-06T14:26:39","modified_gmt":"2025-10-06T12:26:39","slug":"espais-matematics","status":"publish","type":"page","link":"https:\/\/agora.xtec.cat\/escolacanfabra\/projecte-educatiu\/espais-matematics\/","title":{"rendered":"Treball matem\u00e0tic a infantil"},"content":{"rendered":"<p>Dins el nostre projecte educatiu una part molt important \u00e9s el treball matem\u00e0tic, considerant-lo en tota la seva globalitat. Creiem que no es tracta nom\u00e9s de la mera instrucci\u00f3 de t\u00e8cniques i procediments mec\u00e0nics que s\u2019han d\u2019aplicar, tot reduint-lo a l\u2019aprenentatge dels nombres i de les operacions; la matem\u00e0tica \u00e9s molt m\u00e9s que aix\u00f2 i cal considerar-la en la seva totalitat.<\/p>\n<p>Una bona educaci\u00f3 matem\u00e0tica contribuir\u00e0 tant al desenvolupament personal com a la socialitzaci\u00f3 del nostre alumnat, col\u00b7laborant en l\u2019adquisici\u00f3 d\u2019un conjunt de capacitats necess\u00e0ries per a actuar com a ciutadans i ciutadanes competents, actius, implicats i cr\u00edtics.<\/p>\n<p>Amb aquesta voluntat es plantegen els \u201cEspais matem\u00e0tics\u201d a l\u2019escola. Amb l\u2019ajuda i l\u2019assessorament de la Sra. M\u00aa Ant\u00f2nia Pujol i la Sra. N\u00faria Lorenzo (professores de la Universitat de Barcelona) es van definir els diferents aspectes que englobaven tota l\u2019\u00e0rea matem\u00e0tica, aix\u00ed com els continguts propis de cadascun d\u2019ells dividint la matem\u00e0tica en 5 espais: l\u00f2gica, mesura, estad\u00edstica, numeraci\u00f3 i geometria.<\/p>\n<p>El tipus d\u2019activitats parteix de la manipulaci\u00f3 de materials diversos, l\u2019experimentaci\u00f3, l\u2019observaci\u00f3 directa\u2026 per passar despr\u00e9s a la concreci\u00f3 en paper quan es consideri necessari. Aix\u00f2 demana una organitzaci\u00f3 concreta: treballar amb grups m\u00e9s redu\u00efts que el propi grup-classe, ocupar diferents espais f\u00edsics de l\u2019escola i comptar amb un major nombre d\u2019adults per dur a terme les activitats. Actualment es fan 3 grups del mateix nivell.<\/p>\n<p style=\"text-align: right;\"><em>Data: octubre 2025<\/em><\/p>\n","protected":false},"excerpt":{"rendered":"<p>Dins el nostre projecte educatiu una part molt important \u00e9s el treball matem\u00e0tic, considerant-lo en tota la seva globalitat. Creiem que no es tracta nom\u00e9s de la mera instrucci\u00f3 de t\u00e8cniques i procediments mec\u00e0nics que s\u2019han d\u2019aplicar, tot reduint-lo a l\u2019aprenentatge dels nombres i de les operacions; la matem\u00e0tica \u00e9s molt m\u00e9s que aix\u00f2 i [&hellip;]<\/p>\n","protected":false},"author":1,"featured_media":0,"parent":64,"menu_order":2,"comment_status":"closed","ping_status":"closed","template":"page-templates\/side-menu.php","meta":{"_bbp_topic_count":0,"_bbp_reply_count":0,"_bbp_total_topic_count":0,"_bbp_total_reply_count":0,"_bbp_voice_count":0,"_bbp_anonymous_reply_count":0,"_bbp_topic_count_hidden":0,"_bbp_reply_count_hidden":0,"_bbp_forum_subforum_count":0,"site-sidebar-layout":"default","site-content-layout":"","ast-site-content-layout":"","site-content-style":"default","site-sidebar-style":"default","ast-global-header-display":"","ast-banner-title-visibility":"","ast-main-header-display":"","ast-hfb-above-header-display":"","ast-hfb-below-header-display":"","ast-hfb-mobile-header-display":"","site-post-title":"","ast-breadcrumbs-content":"","ast-featured-img":"","footer-sml-layout":"","theme-transparent-header-meta":"","adv-header-id-meta":"","stick-header-meta":"","header-above-stick-meta":"","header-main-stick-meta":"","header-below-stick-meta":"","astra-migrate-meta-layouts":"default","ast-page-background-enabled":"default","ast-page-background-meta":{"desktop":{"background-color":"var(--ast-global-color-5)","background-image":"","background-repeat":"repeat","background-position":"center center","background-size":"auto","background-attachment":"scroll","background-type":"","background-media":"","overlay-type":"","overlay-color":"","overlay-opacity":"","overlay-gradient":""},"tablet":{"background-color":"","background-image":"","background-repeat":"repeat","background-position":"center center","background-size":"auto","background-attachment":"scroll","background-type":"","background-media":"","overlay-type":"","overlay-color":"","overlay-opacity":"","overlay-gradient":""},"mobile":{"background-color":"","background-image":"","background-repeat":"repeat","background-position":"center center","background-size":"auto","background-attachment":"scroll","background-type":"","background-media":"","overlay-type":"","overlay-color":"","overlay-opacity":"","overlay-gradient":""}},"ast-content-background-meta":{"desktop":{"background-color":"var(--ast-global-color-4)","background-image":"","background-repeat":"repeat","background-position":"center center","background-size":"auto","background-attachment":"scroll","background-type":"","background-media":"","overlay-type":"","overlay-color":"","overlay-opacity":"","overlay-gradient":""},"tablet":{"background-color":"var(--ast-global-color-4)","background-image":"","background-repeat":"repeat","background-position":"center center","background-size":"auto","background-attachment":"scroll","background-type":"","background-media":"","overlay-type":"","overlay-color":"","overlay-opacity":"","overlay-gradient":""},"mobile":{"background-color":"var(--ast-global-color-4)","background-image":"","background-repeat":"repeat","background-position":"center center","background-size":"auto","background-attachment":"scroll","background-type":"","background-media":"","overlay-type":"","overlay-color":"","overlay-opacity":"","overlay-gradient":""}},"footnotes":""},"class_list":["post-519","page","type-page","status-publish","hentry"],"post_mailing_queue_ids":[],"_links":{"self":[{"href":"https:\/\/agora.xtec.cat\/escolacanfabra\/wp-json\/wp\/v2\/pages\/519","targetHints":{"allow":["GET"]}}],"collection":[{"href":"https:\/\/agora.xtec.cat\/escolacanfabra\/wp-json\/wp\/v2\/pages"}],"about":[{"href":"https:\/\/agora.xtec.cat\/escolacanfabra\/wp-json\/wp\/v2\/types\/page"}],"author":[{"embeddable":true,"href":"https:\/\/agora.xtec.cat\/escolacanfabra\/wp-json\/wp\/v2\/users\/1"}],"replies":[{"embeddable":true,"href":"https:\/\/agora.xtec.cat\/escolacanfabra\/wp-json\/wp\/v2\/comments?post=519"}],"version-history":[{"count":3,"href":"https:\/\/agora.xtec.cat\/escolacanfabra\/wp-json\/wp\/v2\/pages\/519\/revisions"}],"predecessor-version":[{"id":34158,"href":"https:\/\/agora.xtec.cat\/escolacanfabra\/wp-json\/wp\/v2\/pages\/519\/revisions\/34158"}],"up":[{"embeddable":true,"href":"https:\/\/agora.xtec.cat\/escolacanfabra\/wp-json\/wp\/v2\/pages\/64"}],"wp:attachment":[{"href":"https:\/\/agora.xtec.cat\/escolacanfabra\/wp-json\/wp\/v2\/media?parent=519"}],"curies":[{"name":"wp","href":"https:\/\/api.w.org\/{rel}","templated":true}]}}

Treball matemàtic a infantil

<p>Dins el nostre projecte educatiu una part molt important és el treball matemàtic, considerant-lo en tota la seva globalitat. Creiem que no es tracta només de la mera instrucció de tècniques i procediments mecànics que s’han d’aplicar, tot reduint-lo a l’aprenentatge dels nombres i de les operacions; la matemàtica és molt més que això i cal considerar-la en la seva totalitat.</p>
<p>Una bona educació matemàtica contribuirà tant al desenvolupament personal com a la socialització del nostre alumnat, col·laborant en l’adquisició d’un conjunt de capacitats necessàries per a actuar com a ciutadans i ciutadanes competents, actius, implicats i crítics.</p>
<p>Amb aquesta voluntat es plantegen els “Espais matemàtics” a l’escola. Amb l’ajuda i l’assessorament de la Sra. Mª Antònia Pujol i la Sra. Núria Lorenzo (professores de la Universitat de Barcelona) es van definir els diferents aspectes que englobaven tota l’àrea matemàtica, així com els continguts propis de cadascun d’ells dividint la matemàtica en 5 espais: lògica, mesura, estadística, numeració i geometria.</p>
<p>El tipus d’activitats parteix de la manipulació de materials diversos, l’experimentació, l’observació directa… per passar després a la concreció en paper quan es consideri necessari. Això demana una organització concreta: treballar amb grups més reduïts que el propi grup-classe, ocupar diferents espais físics de l’escola i comptar amb un major nombre d’adults per dur a terme les activitats. Actualment es fan 3 grups del mateix nivell.</p>
<p style="text-align: right;"><em>Data: octubre 2025</em></p>

<p>Dins el nostre projecte educatiu una part molt important és el treball matemàtic, considerant-lo en tota la seva globalitat. Creiem que no es tracta només de la mera instrucció de tècniques i procediments mecànics que s’han d’aplicar, tot reduint-lo a l’aprenentatge dels nombres i de les operacions; la matemàtica és molt més que això i [&hellip;]</p>
