{"id":34159,"date":"2025-10-06T14:28:42","date_gmt":"2025-10-06T12:28:42","guid":{"rendered":"https:\/\/agora.xtec.cat\/escolacanfabra\/?page_id=34159"},"modified":"2025-10-06T14:54:31","modified_gmt":"2025-10-06T12:54:31","slug":"treball-matematic-a-primaria-innovamat","status":"publish","type":"page","link":"https:\/\/agora.xtec.cat\/escolacanfabra\/treball-matematic-a-primaria-innovamat\/","title":{"rendered":"Treball matem\u00e0tic a prim\u00e0ria: INNOVAMAT"},"content":{"rendered":"<p>Dins el nostre projecte educatiu, el treball matem\u00e0tic ocupa un lloc central, ent\u00e8s des d\u2019una perspectiva global i significativa. Entenem les matem\u00e0tiques no com una simple instrucci\u00f3 en t\u00e8cniques i procediments mec\u00e0nics, ni com un ensenyament redu\u00eft als nombres i a les operacions. La matem\u00e0tica \u00e9s molt m\u00e9s que aix\u00f2: \u00e9s una eina per comprendre el m\u00f3n, per raonar, per resoldre problemes i per desenvolupar el pensament cr\u00edtic.<\/p>\n<p>Una educaci\u00f3 matem\u00e0tica ben fonamentada contribueix tant al desenvolupament personal de l\u2019alumnat com a la seva socialitzaci\u00f3. Aix\u00ed, afavoreix l\u2019adquisici\u00f3 de capacitats que permeten actuar com a ciutadans i ciutadanes competents, actius, cr\u00edtics i compromesos amb l\u2019entorn.<\/p>\n<p>Donant continu\u00eftat al treball d\u2019espais matem\u00e0tics iniciat a l\u2019etapa d\u2019infantil, a prim\u00e0ria organitzem els aprenentatges en tres grups redu\u00efts per nivell, treballant amb la metodologia Innovamat. Aquests grups s\u00f3n estables i es mantenen durant tot un trimestre, fet que ens permet adaptar-nos millor a les necessitats individuals de cada infant i oferir una atenci\u00f3 m\u00e9s personalitzada. Aquest enfocament ens facilita detectar i acompanyar els processos d\u2019aprenentatge amb m\u00e9s precisi\u00f3, fomentant una experi\u00e8ncia matem\u00e0tica rica, vivencial i ajustada a cada etapa del desenvolupament.<\/p>\n<p>A continuaci\u00f3 us deixem uns v\u00eddeos on podreu veure com treballa les operacions b\u00e0siques Innovamat i resoldre dubtes si en teniu.<\/p>\n<p><strong>SUMEM SALTANT:<\/strong><\/p>\n<div class=\"ast-oembed-container \" style=\"height: 100%;\"><iframe loading=\"lazy\" title=\"Sumem fent salts a la l\u00ednia num\u00e8rica | Cicle Inicial (1r i 2n)\" width=\"500\" height=\"281\" src=\"https:\/\/www.youtube.com\/embed\/ycBawp8Fo5s?feature=oembed\" frameborder=\"0\" allow=\"accelerometer; autoplay; clipboard-write; encrypted-media; gyroscope; picture-in-picture; web-share\" referrerpolicy=\"strict-origin-when-cross-origin\" allowfullscreen><\/iframe><\/div>\n<p>&nbsp;<\/p>\n<p><strong>SUMEM DESCOMPOSANT:<\/strong><\/p>\n<div class=\"ast-oembed-container \" style=\"height: 100%;\"><iframe loading=\"lazy\" title=\"Sumem descomponent - Estrat\u00e8gies en 2 minuts | Prim\u00e0ria | Cicle Inicial (1r i 2n)\" width=\"500\" height=\"281\" src=\"https:\/\/www.youtube.com\/embed\/VlyZa--cIQo?feature=oembed\" frameborder=\"0\" allow=\"accelerometer; autoplay; clipboard-write; encrypted-media; gyroscope; picture-in-picture; web-share\" referrerpolicy=\"strict-origin-when-cross-origin\" allowfullscreen><\/iframe><\/div>\n<p><strong>RESTEM SALTANT: <\/strong><\/p>\n<div class=\"ast-oembed-container \" style=\"height: 100%;\"><iframe loading=\"lazy\" title=\"Restem saltant - Estrat\u00e8gies en 2 minuts | Prim\u00e0ria | Cicle Inicial (1r i 2n)\" width=\"500\" height=\"281\" src=\"https:\/\/www.youtube.com\/embed\/DZcjw_kVxDU?feature=oembed\" frameborder=\"0\" allow=\"accelerometer; autoplay; clipboard-write; encrypted-media; gyroscope; picture-in-picture; web-share\" referrerpolicy=\"strict-origin-when-cross-origin\" allowfullscreen><\/iframe><\/div>\n<p>&nbsp;<\/p>\n<p><strong>RESTEM DESCOMPOSANT:<\/strong><\/p>\n<div class=\"ast-oembed-container \" style=\"height: 100%;\"><iframe loading=\"lazy\" title=\"Restem descomponent - Estrat\u00e8gies en 2 minuts | Prim\u00e0ria | Cicle Inicial (1r i 2n)\" width=\"500\" height=\"281\" src=\"https:\/\/www.youtube.com\/embed\/iRdarU-y70Q?feature=oembed\" frameborder=\"0\" allow=\"accelerometer; autoplay; clipboard-write; encrypted-media; gyroscope; picture-in-picture; web-share\" referrerpolicy=\"strict-origin-when-cross-origin\" allowfullscreen><\/iframe><\/div>\n<p><strong>CONSTRU\u00cfM LES TAULES DE MULTIPLICAR:<\/strong><\/p>\n<div class=\"ast-oembed-container \" style=\"height: 100%;\"><iframe loading=\"lazy\" title=\"Constru\u00efm les taules de multiplicar - Estrat\u00e8gies en 2 minuts | Prim\u00e0ria | Cicle Mitj\u00e0 (3r i 4t)\" width=\"500\" height=\"281\" src=\"https:\/\/www.youtube.com\/embed\/fkN2m8MAAg4?feature=oembed\" frameborder=\"0\" allow=\"accelerometer; autoplay; clipboard-write; encrypted-media; gyroscope; picture-in-picture; web-share\" referrerpolicy=\"strict-origin-when-cross-origin\" allowfullscreen><\/iframe><\/div>\n<p><strong>MULTIPLIQUEM AMB EL MODEL RECTANGULAR:<\/strong><\/p>\n<div class=\"ast-oembed-container \" style=\"height: 100%;\"><iframe loading=\"lazy\" title=\"Multipliquem amb el model rectangular - Estrat\u00e8gies en 2 minuts | Prim\u00e0ria | Cicle Mitj\u00e0 (3r i 4t)\" width=\"500\" height=\"281\" src=\"https:\/\/www.youtube.com\/embed\/uNEHHKRFOQ0?feature=oembed\" frameborder=\"0\" allow=\"accelerometer; autoplay; clipboard-write; encrypted-media; gyroscope; picture-in-picture; web-share\" referrerpolicy=\"strict-origin-when-cross-origin\" allowfullscreen><\/iframe><\/div>\n<p><strong>DIVIDIM:<\/strong><\/p>\n<div class=\"ast-oembed-container \" style=\"height: 100%;\"><iframe loading=\"lazy\" title=\"Dividim - Estrat\u00e8gies en 2 minuts | Prim\u00e0ria | Cicle Mitj\u00e0 (3r i 4t)\" width=\"500\" height=\"281\" src=\"https:\/\/www.youtube.com\/embed\/XR7jinkgcy4?feature=oembed\" frameborder=\"0\" allow=\"accelerometer; autoplay; clipboard-write; encrypted-media; gyroscope; picture-in-picture; web-share\" referrerpolicy=\"strict-origin-when-cross-origin\" allowfullscreen><\/iframe><\/div>\n<p>Si encara teniu algun dubte, us deixem <a href=\"https:\/\/www.youtube.com\/watch?v=ycBawp8Fo5s&amp;list=PLTJatQ6w11aXhYWW2VWUa5wH9KYZbSy-a\">l&#8217;enlla\u00e7<\/a> a una llista de reproducci\u00f3 on podreu ampliar la informaci\u00f3 sobre els diferents procediments que fa servir el m\u00e8tode Innovamat.<\/p>\n","protected":false},"excerpt":{"rendered":"<p>Dins el nostre projecte educatiu, el treball matem\u00e0tic ocupa un lloc central, ent\u00e8s des d\u2019una perspectiva global i significativa. Entenem les matem\u00e0tiques no com una simple instrucci\u00f3 en t\u00e8cniques i procediments mec\u00e0nics, ni com un ensenyament redu\u00eft als nombres i a les operacions. La matem\u00e0tica \u00e9s molt m\u00e9s que aix\u00f2: \u00e9s una eina per comprendre [&hellip;]<\/p>\n","protected":false},"author":1,"featured_media":0,"parent":0,"menu_order":0,"comment_status":"closed","ping_status":"closed","template":"","meta":{"_bbp_topic_count":0,"_bbp_reply_count":0,"_bbp_total_topic_count":0,"_bbp_total_reply_count":0,"_bbp_voice_count":0,"_bbp_anonymous_reply_count":0,"_bbp_topic_count_hidden":0,"_bbp_reply_count_hidden":0,"_bbp_forum_subforum_count":0,"site-sidebar-layout":"default","site-content-layout":"","ast-site-content-layout":"","site-content-style":"default","site-sidebar-style":"default","ast-global-header-display":"","ast-banner-title-visibility":"","ast-main-header-display":"","ast-hfb-above-header-display":"","ast-hfb-below-header-display":"","ast-hfb-mobile-header-display":"","site-post-title":"","ast-breadcrumbs-content":"","ast-featured-img":"","footer-sml-layout":"","theme-transparent-header-meta":"","adv-header-id-meta":"","stick-header-meta":"","header-above-stick-meta":"","header-main-stick-meta":"","header-below-stick-meta":"","astra-migrate-meta-layouts":"default","ast-page-background-enabled":"default","ast-page-background-meta":{"desktop":{"background-color":"var(--ast-global-color-5)","background-image":"","background-repeat":"repeat","background-position":"center center","background-size":"auto","background-attachment":"scroll","background-type":"","background-media":"","overlay-type":"","overlay-color":"","overlay-opacity":"","overlay-gradient":""},"tablet":{"background-color":"","background-image":"","background-repeat":"repeat","background-position":"center center","background-size":"auto","background-attachment":"scroll","background-type":"","background-media":"","overlay-type":"","overlay-color":"","overlay-opacity":"","overlay-gradient":""},"mobile":{"background-color":"","background-image":"","background-repeat":"repeat","background-position":"center center","background-size":"auto","background-attachment":"scroll","background-type":"","background-media":"","overlay-type":"","overlay-color":"","overlay-opacity":"","overlay-gradient":""}},"ast-content-background-meta":{"desktop":{"background-color":"var(--ast-global-color-4)","background-image":"","background-repeat":"repeat","background-position":"center center","background-size":"auto","background-attachment":"scroll","background-type":"","background-media":"","overlay-type":"","overlay-color":"","overlay-opacity":"","overlay-gradient":""},"tablet":{"background-color":"var(--ast-global-color-4)","background-image":"","background-repeat":"repeat","background-position":"center center","background-size":"auto","background-attachment":"scroll","background-type":"","background-media":"","overlay-type":"","overlay-color":"","overlay-opacity":"","overlay-gradient":""},"mobile":{"background-color":"var(--ast-global-color-4)","background-image":"","background-repeat":"repeat","background-position":"center center","background-size":"auto","background-attachment":"scroll","background-type":"","background-media":"","overlay-type":"","overlay-color":"","overlay-opacity":"","overlay-gradient":""}},"footnotes":""},"class_list":["post-34159","page","type-page","status-publish","hentry"],"post_mailing_queue_ids":[],"_links":{"self":[{"href":"https:\/\/agora.xtec.cat\/escolacanfabra\/wp-json\/wp\/v2\/pages\/34159","targetHints":{"allow":["GET"]}}],"collection":[{"href":"https:\/\/agora.xtec.cat\/escolacanfabra\/wp-json\/wp\/v2\/pages"}],"about":[{"href":"https:\/\/agora.xtec.cat\/escolacanfabra\/wp-json\/wp\/v2\/types\/page"}],"author":[{"embeddable":true,"href":"https:\/\/agora.xtec.cat\/escolacanfabra\/wp-json\/wp\/v2\/users\/1"}],"replies":[{"embeddable":true,"href":"https:\/\/agora.xtec.cat\/escolacanfabra\/wp-json\/wp\/v2\/comments?post=34159"}],"version-history":[{"count":5,"href":"https:\/\/agora.xtec.cat\/escolacanfabra\/wp-json\/wp\/v2\/pages\/34159\/revisions"}],"predecessor-version":[{"id":34169,"href":"https:\/\/agora.xtec.cat\/escolacanfabra\/wp-json\/wp\/v2\/pages\/34159\/revisions\/34169"}],"wp:attachment":[{"href":"https:\/\/agora.xtec.cat\/escolacanfabra\/wp-json\/wp\/v2\/media?parent=34159"}],"curies":[{"name":"wp","href":"https:\/\/api.w.org\/{rel}","templated":true}]}}

Treball matemàtic a primària: INNOVAMAT

<p>Dins el nostre projecte educatiu, el treball matemàtic ocupa un lloc central, entès des d’una perspectiva global i significativa. Entenem les matemàtiques no com una simple instrucció en tècniques i procediments mecànics, ni com un ensenyament reduït als nombres i a les operacions. La matemàtica és molt més que això: és una eina per comprendre el món, per raonar, per resoldre problemes i per desenvolupar el pensament crític.</p>
<p>Una educació matemàtica ben fonamentada contribueix tant al desenvolupament personal de l’alumnat com a la seva socialització. Així, afavoreix l’adquisició de capacitats que permeten actuar com a ciutadans i ciutadanes competents, actius, crítics i compromesos amb l’entorn.</p>
<p>Donant continuïtat al treball d’espais matemàtics iniciat a l’etapa d’infantil, a primària organitzem els aprenentatges en tres grups reduïts per nivell, treballant amb la metodologia Innovamat. Aquests grups són estables i es mantenen durant tot un trimestre, fet que ens permet adaptar-nos millor a les necessitats individuals de cada infant i oferir una atenció més personalitzada. Aquest enfocament ens facilita detectar i acompanyar els processos d’aprenentatge amb més precisió, fomentant una experiència matemàtica rica, vivencial i ajustada a cada etapa del desenvolupament.</p>
<p>A continuació us deixem uns vídeos on podreu veure com treballa les operacions bàsiques Innovamat i resoldre dubtes si en teniu.</p>
<p><strong>SUMEM SALTANT:</strong></p>
<div class="ast-oembed-container " style="height: 100%;"><iframe loading="lazy" title="Sumem fent salts a la línia numèrica | Cicle Inicial (1r i 2n)" width="500" height="281" src="https://www.youtube.com/embed/ycBawp8Fo5s?feature=oembed" frameborder="0" allow="accelerometer; autoplay; clipboard-write; encrypted-media; gyroscope; picture-in-picture; web-share" referrerpolicy="strict-origin-when-cross-origin" allowfullscreen></iframe></div>
<p>&nbsp;</p>
<p><strong>SUMEM DESCOMPOSANT:</strong></p>
<div class="ast-oembed-container " style="height: 100%;"><iframe loading="lazy" title="Sumem descomponent - Estratègies en 2 minuts | Primària | Cicle Inicial (1r i 2n)" width="500" height="281" src="https://www.youtube.com/embed/VlyZa--cIQo?feature=oembed" frameborder="0" allow="accelerometer; autoplay; clipboard-write; encrypted-media; gyroscope; picture-in-picture; web-share" referrerpolicy="strict-origin-when-cross-origin" allowfullscreen></iframe></div>
<p><strong>RESTEM SALTANT: </strong></p>
<div class="ast-oembed-container " style="height: 100%;"><iframe loading="lazy" title="Restem saltant - Estratègies en 2 minuts | Primària | Cicle Inicial (1r i 2n)" width="500" height="281" src="https://www.youtube.com/embed/DZcjw_kVxDU?feature=oembed" frameborder="0" allow="accelerometer; autoplay; clipboard-write; encrypted-media; gyroscope; picture-in-picture; web-share" referrerpolicy="strict-origin-when-cross-origin" allowfullscreen></iframe></div>
<p>&nbsp;</p>
<p><strong>RESTEM DESCOMPOSANT:</strong></p>
<div class="ast-oembed-container " style="height: 100%;"><iframe loading="lazy" title="Restem descomponent - Estratègies en 2 minuts | Primària | Cicle Inicial (1r i 2n)" width="500" height="281" src="https://www.youtube.com/embed/iRdarU-y70Q?feature=oembed" frameborder="0" allow="accelerometer; autoplay; clipboard-write; encrypted-media; gyroscope; picture-in-picture; web-share" referrerpolicy="strict-origin-when-cross-origin" allowfullscreen></iframe></div>
<p><strong>CONSTRUÏM LES TAULES DE MULTIPLICAR:</strong></p>
<div class="ast-oembed-container " style="height: 100%;"><iframe loading="lazy" title="Construïm les taules de multiplicar - Estratègies en 2 minuts | Primària | Cicle Mitjà (3r i 4t)" width="500" height="281" src="https://www.youtube.com/embed/fkN2m8MAAg4?feature=oembed" frameborder="0" allow="accelerometer; autoplay; clipboard-write; encrypted-media; gyroscope; picture-in-picture; web-share" referrerpolicy="strict-origin-when-cross-origin" allowfullscreen></iframe></div>
<p><strong>MULTIPLIQUEM AMB EL MODEL RECTANGULAR:</strong></p>
<div class="ast-oembed-container " style="height: 100%;"><iframe loading="lazy" title="Multipliquem amb el model rectangular - Estratègies en 2 minuts | Primària | Cicle Mitjà (3r i 4t)" width="500" height="281" src="https://www.youtube.com/embed/uNEHHKRFOQ0?feature=oembed" frameborder="0" allow="accelerometer; autoplay; clipboard-write; encrypted-media; gyroscope; picture-in-picture; web-share" referrerpolicy="strict-origin-when-cross-origin" allowfullscreen></iframe></div>
<p><strong>DIVIDIM:</strong></p>
<div class="ast-oembed-container " style="height: 100%;"><iframe loading="lazy" title="Dividim - Estratègies en 2 minuts | Primària | Cicle Mitjà (3r i 4t)" width="500" height="281" src="https://www.youtube.com/embed/XR7jinkgcy4?feature=oembed" frameborder="0" allow="accelerometer; autoplay; clipboard-write; encrypted-media; gyroscope; picture-in-picture; web-share" referrerpolicy="strict-origin-when-cross-origin" allowfullscreen></iframe></div>
<p>Si encara teniu algun dubte, us deixem <a href="https://www.youtube.com/watch?v=ycBawp8Fo5s&amp;list=PLTJatQ6w11aXhYWW2VWUa5wH9KYZbSy-a">l&#8217;enllaç</a> a una llista de reproducció on podreu ampliar la informació sobre els diferents procediments que fa servir el mètode Innovamat.</p>

<p>Dins el nostre projecte educatiu, el treball matemàtic ocupa un lloc central, entès des d’una perspectiva global i significativa. Entenem les matemàtiques no com una simple instrucció en tècniques i procediments mecànics, ni com un ensenyament reduït als nombres i a les operacions. La matemàtica és molt més que això: és una eina per comprendre [&hellip;]</p>
