{"id":32,"date":"2014-09-18T12:31:33","date_gmt":"2014-09-18T11:31:33","guid":{"rendered":"http:\/\/agora.xtec.cat\/escolacanfabra\/?page_id=32"},"modified":"2026-04-17T08:34:46","modified_gmt":"2026-04-17T06:34:46","slug":"calendari-del-curs","status":"publish","type":"page","link":"https:\/\/agora.xtec.cat\/escolacanfabra\/lescola\/calendari-del-curs\/","title":{"rendered":"Calendari del curs"},"content":{"rendered":"<h4><img loading=\"lazy\" decoding=\"async\" class=\"alignleft  wp-image-34073\" src=\"https:\/\/agora.xtec.cat\/escolacanfabra\/wp-content\/uploads\/usu1954\/2025\/09\/calendari-25-26-1024x627.jpg\" alt=\"\" width=\"1342\" height=\"822\" srcset=\"https:\/\/agora.xtec.cat\/escolacanfabra\/wp-content\/uploads\/usu1954\/2025\/09\/calendari-25-26-1024x627.jpg 1024w, https:\/\/agora.xtec.cat\/escolacanfabra\/wp-content\/uploads\/usu1954\/2025\/09\/calendari-25-26-300x184.jpg 300w, https:\/\/agora.xtec.cat\/escolacanfabra\/wp-content\/uploads\/usu1954\/2025\/09\/calendari-25-26-768x470.jpg 768w, https:\/\/agora.xtec.cat\/escolacanfabra\/wp-content\/uploads\/usu1954\/2025\/09\/calendari-25-26.jpg 1204w\" sizes=\"auto, (max-width: 1342px) 100vw, 1342px\" \/><\/h4>\n<h4><\/h4>\n<h4><\/h4>\n<h4><\/h4>\n<h4><\/h4>\n<h4><\/h4>\n<h4><\/h4>\n<h4><\/h4>\n<h4><\/h4>\n<h4><\/h4>\n<h4><\/h4>\n<h4><\/h4>\n<h4><strong>Inici de curs<\/strong><\/h4>\n<p>8 de setembre de 2025<\/p>\n<h4><strong>Vacances<\/strong><\/h4>\n<p><strong>D&#8217;hivern<\/strong>: Del 19 de desembre de 2025 al 7 de gener de 2026 (ambd\u00f3s inclosos)<br \/>\n<strong>De primavera<\/strong>: Del 30 de mar\u00e7 al 6 d&#8217;abril de 2026 (ambd\u00f3s inclosos)<br \/>\n<strong>D&#8217;estiu<\/strong>: A partir del 19 de juny de 2026 (\u00faltim dia de curs)<\/p>\n<h4><strong>Dies festius de lliure disposici\u00f3<\/strong><\/h4>\n<p>10 d&#8217;octubre de 2025<br \/>\n3 de novembre de 2025<br \/>\n16 de febrer de 2026<br \/>\n22 de maig de 2026<\/p>\n<h4><strong>Jornada intensiva<\/strong><\/h4>\n<p>El 19 de desembre de 2025 i del 8 al 19 de juny de 2026 (ambd\u00f3s inclosos) l&#8217;horari ser\u00e0 de 9 a 13 hores (jornada intensiva).<\/p>\n<p>L\u2019<b>horari lectiu <\/b>habitual del centre \u00e9s de 9 a 14 hores.<\/p>\n<h4><strong>Adaptaci\u00f3 I3<\/strong><\/h4>\n<p>Per als alumnes que inicien l\u2019escolaritzaci\u00f3 a I3 s\u2019organitza un breu per\u00edode d\u2019adaptaci\u00f3 que suposa una certa modificaci\u00f3 dels horaris dels tres primers dies de classe, i que es fa saber a les fam\u00edlies en les reunions pr\u00e8vies corresponents.<\/p>\n","protected":false},"excerpt":{"rendered":"<p>Inici de curs 8 de setembre de 2025 Vacances D&#8217;hivern: Del 19 de desembre de 2025 al 7 de gener de 2026 (ambd\u00f3s inclosos) De primavera: Del 30 de mar\u00e7 al 6 d&#8217;abril de 2026 (ambd\u00f3s inclosos) D&#8217;estiu: A partir del 19 de juny de 2026 (\u00faltim dia de curs) Dies festius de lliure disposici\u00f3 [&hellip;]<\/p>\n","protected":false},"author":1,"featured_media":0,"parent":22,"menu_order":50,"comment_status":"closed","ping_status":"closed","template":"page-templates\/side-menu.php","meta":{"_bbp_topic_count":0,"_bbp_reply_count":0,"_bbp_total_topic_count":0,"_bbp_total_reply_count":0,"_bbp_voice_count":0,"_bbp_anonymous_reply_count":0,"_bbp_topic_count_hidden":0,"_bbp_reply_count_hidden":0,"_bbp_forum_subforum_count":0,"site-sidebar-layout":"default","site-content-layout":"","ast-site-content-layout":"default","site-content-style":"default","site-sidebar-style":"default","ast-global-header-display":"","ast-banner-title-visibility":"","ast-main-header-display":"","ast-hfb-above-header-display":"","ast-hfb-below-header-display":"","ast-hfb-mobile-header-display":"","site-post-title":"","ast-breadcrumbs-content":"","ast-featured-img":"","footer-sml-layout":"","theme-transparent-header-meta":"","adv-header-id-meta":"","stick-header-meta":"","header-above-stick-meta":"","header-main-stick-meta":"","header-below-stick-meta":"","astra-migrate-meta-layouts":"set","ast-page-background-enabled":"default","ast-page-background-meta":{"desktop":{"background-color":"var(--ast-global-color-5)","background-image":"","background-repeat":"repeat","background-position":"center center","background-size":"auto","background-attachment":"scroll","background-type":"","background-media":"","overlay-type":"","overlay-color":"","overlay-opacity":"","overlay-gradient":""},"tablet":{"background-color":"","background-image":"","background-repeat":"repeat","background-position":"center center","background-size":"auto","background-attachment":"scroll","background-type":"","background-media":"","overlay-type":"","overlay-color":"","overlay-opacity":"","overlay-gradient":""},"mobile":{"background-color":"","background-image":"","background-repeat":"repeat","background-position":"center center","background-size":"auto","background-attachment":"scroll","background-type":"","background-media":"","overlay-type":"","overlay-color":"","overlay-opacity":"","overlay-gradient":""}},"ast-content-background-meta":{"desktop":{"background-color":"var(--ast-global-color-4)","background-image":"","background-repeat":"repeat","background-position":"center center","background-size":"auto","background-attachment":"scroll","background-type":"","background-media":"","overlay-type":"","overlay-color":"","overlay-opacity":"","overlay-gradient":""},"tablet":{"background-color":"var(--ast-global-color-4)","background-image":"","background-repeat":"repeat","background-position":"center center","background-size":"auto","background-attachment":"scroll","background-type":"","background-media":"","overlay-type":"","overlay-color":"","overlay-opacity":"","overlay-gradient":""},"mobile":{"background-color":"var(--ast-global-color-4)","background-image":"","background-repeat":"repeat","background-position":"center center","background-size":"auto","background-attachment":"scroll","background-type":"","background-media":"","overlay-type":"","overlay-color":"","overlay-opacity":"","overlay-gradient":""}},"footnotes":""},"class_list":["post-32","page","type-page","status-publish","hentry"],"post_mailing_queue_ids":[],"_links":{"self":[{"href":"https:\/\/agora.xtec.cat\/escolacanfabra\/wp-json\/wp\/v2\/pages\/32","targetHints":{"allow":["GET"]}}],"collection":[{"href":"https:\/\/agora.xtec.cat\/escolacanfabra\/wp-json\/wp\/v2\/pages"}],"about":[{"href":"https:\/\/agora.xtec.cat\/escolacanfabra\/wp-json\/wp\/v2\/types\/page"}],"author":[{"embeddable":true,"href":"https:\/\/agora.xtec.cat\/escolacanfabra\/wp-json\/wp\/v2\/users\/1"}],"replies":[{"embeddable":true,"href":"https:\/\/agora.xtec.cat\/escolacanfabra\/wp-json\/wp\/v2\/comments?post=32"}],"version-history":[{"count":6,"href":"https:\/\/agora.xtec.cat\/escolacanfabra\/wp-json\/wp\/v2\/pages\/32\/revisions"}],"predecessor-version":[{"id":35027,"href":"https:\/\/agora.xtec.cat\/escolacanfabra\/wp-json\/wp\/v2\/pages\/32\/revisions\/35027"}],"up":[{"embeddable":true,"href":"https:\/\/agora.xtec.cat\/escolacanfabra\/wp-json\/wp\/v2\/pages\/22"}],"wp:attachment":[{"href":"https:\/\/agora.xtec.cat\/escolacanfabra\/wp-json\/wp\/v2\/media?parent=32"}],"curies":[{"name":"wp","href":"https:\/\/api.w.org\/{rel}","templated":true}]}}

<h4><img loading="lazy" decoding="async" class="alignleft  wp-image-34073" src="https://agora.xtec.cat/escolacanfabra/wp-content/uploads/usu1954/2025/09/calendari-25-26-1024x627.jpg" alt="" width="1342" height="822" srcset="https://agora.xtec.cat/escolacanfabra/wp-content/uploads/usu1954/2025/09/calendari-25-26-1024x627.jpg 1024w, https://agora.xtec.cat/escolacanfabra/wp-content/uploads/usu1954/2025/09/calendari-25-26-300x184.jpg 300w, https://agora.xtec.cat/escolacanfabra/wp-content/uploads/usu1954/2025/09/calendari-25-26-768x470.jpg 768w, https://agora.xtec.cat/escolacanfabra/wp-content/uploads/usu1954/2025/09/calendari-25-26.jpg 1204w" sizes="auto, (max-width: 1342px) 100vw, 1342px" /></h4>
<h4></h4>
<h4></h4>
<h4></h4>
<h4></h4>
<h4></h4>
<h4></h4>
<h4></h4>
<h4></h4>
<h4></h4>
<h4></h4>
<h4></h4>
<h4><strong>Inici de curs</strong></h4>
<p>8 de setembre de 2025</p>
<h4><strong>Vacances</strong></h4>
<p><strong>D&#8217;hivern</strong>: Del 19 de desembre de 2025 al 7 de gener de 2026 (ambdós inclosos)<br />
<strong>De primavera</strong>: Del 30 de març al 6 d&#8217;abril de 2026 (ambdós inclosos)<br />
<strong>D&#8217;estiu</strong>: A partir del 19 de juny de 2026 (últim dia de curs)</p>
<h4><strong>Dies festius de lliure disposició</strong></h4>
<p>10 d&#8217;octubre de 2025<br />
3 de novembre de 2025<br />
16 de febrer de 2026<br />
22 de maig de 2026</p>
<h4><strong>Jornada intensiva</strong></h4>
<p>El 19 de desembre de 2025 i del 8 al 19 de juny de 2026 (ambdós inclosos) l&#8217;horari serà de 9 a 13 hores (jornada intensiva).</p>
<p>L’<b>horari lectiu </b>habitual del centre és de 9 a 14 hores.</p>
<h4><strong>Adaptació I3</strong></h4>
<p>Per als alumnes que inicien l’escolarització a I3 s’organitza un breu període d’adaptació que suposa una certa modificació dels horaris dels tres primers dies de classe, i que es fa saber a les famílies en les reunions prèvies corresponents.</p>

<p>Inici de curs 8 de setembre de 2025 Vacances D&#8217;hivern: Del 19 de desembre de 2025 al 7 de gener de 2026 (ambdós inclosos) De primavera: Del 30 de març al 6 d&#8217;abril de 2026 (ambdós inclosos) D&#8217;estiu: A partir del 19 de juny de 2026 (últim dia de curs) Dies festius de lliure disposició [&hellip;]</p>
