{"id":30,"date":"2014-09-18T12:30:23","date_gmt":"2014-09-18T11:30:23","guid":{"rendered":"http:\/\/agora.xtec.cat\/escolacanfabra\/?page_id=30"},"modified":"2026-04-20T14:40:23","modified_gmt":"2026-04-20T12:40:23","slug":"instal%c2%b7lacions","status":"publish","type":"page","link":"https:\/\/agora.xtec.cat\/escolacanfabra\/lescola\/instal%c2%b7lacions\/","title":{"rendered":"L&#8217;equip"},"content":{"rendered":"<p><strong>Directora:\u00a0<\/strong>Txell Reg\u00e0s<br \/><strong>Cap d\u2019Estudis:<\/strong>\u00a0Maria Elizondo<br \/><strong>Secret\u00e0ria: <\/strong>Gema Aguilera<\/p>\n<p><strong>Tutores i tutors:<\/strong><\/p>\n<ul>\n<li><strong>I3 A<\/strong>: Gemma Ordi<\/li>\n<li><strong>I3 B<\/strong>: Ramona Garc\u00eda<\/li>\n<li><strong>TEI<\/strong>:\u00a0 Nona Roig<\/li>\n<li><strong>I4 A<\/strong> : Mireia Pararols<\/li>\n<li><strong>I4 B<\/strong>: Marta Ventura<\/li>\n<li><strong>I5 A: <\/strong>Laura L\u00f3pez<\/li>\n<li><strong>I5 B<\/strong>: Conchi Gallego<\/li>\n<li><strong>Refor\u00e7 Ed. Infantil<\/strong>: Marta Casta\u00f1o<\/li>\n<li><strong>1r A<\/strong>: Sandra Vidal<\/li>\n<li><strong>1r B<\/strong>: Irene \u00c1lvarez<\/li>\n<li><strong>2n A<\/strong>: Judit Mu\u00f1oz<\/li>\n<li><strong>2n B<\/strong>: Gemma Santaf\u00e9<\/li>\n<li><strong>3r A<\/strong>: Raquel Alf\u00e9rez<\/li>\n<li><strong>3r B<\/strong>: Berta Albi<\/li>\n<li><strong>4t A<\/strong>: Sara S\u00e1nchez<\/li>\n<li><strong>4t B<\/strong>: Cristina Cabrera<\/li>\n<li><strong>5\u00e8 A<\/strong>: Silvia Garc\u00eda<\/li>\n<li><strong>5\u00e8 B<\/strong>: Sergi Corcoy<\/li>\n<li><strong>6\u00e8 A<\/strong>: Laia Gabarr\u00f3<\/li>\n<li><strong>6\u00e8 B<\/strong>: Ang\u00e8lica Samper<\/li>\n<\/ul>\n<p><strong>Psicomotricitat<\/strong>: Marta Casta\u00f1o<\/p>\n<p><strong>Ed. F\u00edsica<\/strong>: Xavier Mat\u00edas i Cristina Cabrera<\/p>\n<p><strong>English<\/strong>: Ruth Gozalbo, Mon Mezcua, Txell Reg\u00e0s i Ang\u00e8lica Samper.<\/p>\n<p><strong>M\u00fasica<\/strong>: Mireia El\u00edas<\/p>\n<p><strong>Biblioteca<\/strong>: Marta Casta\u00f1o, N\u00faria Llis\u00f3, Sara S\u00e1nchez i Maria Elizondo<\/p>\n<p><strong>Ed. Especial EI<\/strong>: Nuria Llis\u00f3<\/p>\n<p><strong>Ed. Especial (CI-CS)<\/strong>: M\u00edriam Sarubbi<\/p>\n<p><strong>Ed. Especial (CM): <\/strong>Gema Aguilera<\/p>\n<p><strong>Refor\u00e7os i altres:<\/strong> Ruth Gozalbo, M\u00edriam Sarubbi i Helena Casas.<\/p>\n<p><strong>Aula d&#8217;Acollida<\/strong>:\u00a0 Rosa Elena Borr\u00e1s<\/p>\n<p><strong>Consergeria:<\/strong> V\u00edctor Gim\u00e9nez<\/p>\n<p><strong>Administraci\u00f3<\/strong>: Jes\u00fas Buitrago<\/p>\n<p><strong>Coordinadora menjador<\/strong>: Anna Safont<\/p>\n<p><strong>Alumnat de pr\u00e0ctiques: <\/strong>Oleksandr Kharchenko i Morgan Louvouezo<\/p>\n<p style=\"text-align: right;\"><em>Data de l&#8217;actualitzaci\u00f3:<\/em> Setembre de 2025<\/p>\n\n\n<p><\/p>\n","protected":false},"excerpt":{"rendered":"<p>Directora:\u00a0Txell Reg\u00e0sCap d\u2019Estudis:\u00a0Maria ElizondoSecret\u00e0ria: Gema Aguilera Tutores i tutors: I3 A: Gemma Ordi I3 B: Ramona Garc\u00eda TEI:\u00a0 Nona Roig I4 A : Mireia Pararols I4 B: Marta Ventura I5 A: Laura L\u00f3pez I5 B: Conchi Gallego Refor\u00e7 Ed. Infantil: Marta Casta\u00f1o 1r A: Sandra Vidal 1r B: Irene \u00c1lvarez 2n A: Judit Mu\u00f1oz 2n [&hellip;]<\/p>\n","protected":false},"author":1,"featured_media":0,"parent":22,"menu_order":40,"comment_status":"closed","ping_status":"closed","template":"page-templates\/side-menu.php","meta":{"_bbp_topic_count":0,"_bbp_reply_count":0,"_bbp_total_topic_count":0,"_bbp_total_reply_count":0,"_bbp_voice_count":0,"_bbp_anonymous_reply_count":0,"_bbp_topic_count_hidden":0,"_bbp_reply_count_hidden":0,"_bbp_forum_subforum_count":0,"site-sidebar-layout":"default","site-content-layout":"","ast-site-content-layout":"default","site-content-style":"default","site-sidebar-style":"default","ast-global-header-display":"","ast-banner-title-visibility":"","ast-main-header-display":"","ast-hfb-above-header-display":"","ast-hfb-below-header-display":"","ast-hfb-mobile-header-display":"","site-post-title":"","ast-breadcrumbs-content":"","ast-featured-img":"","footer-sml-layout":"","theme-transparent-header-meta":"","adv-header-id-meta":"","stick-header-meta":"","header-above-stick-meta":"","header-main-stick-meta":"","header-below-stick-meta":"","astra-migrate-meta-layouts":"set","ast-page-background-enabled":"default","ast-page-background-meta":{"desktop":{"background-color":"var(--ast-global-color-5)","background-image":"","background-repeat":"repeat","background-position":"center center","background-size":"auto","background-attachment":"scroll","background-type":"","background-media":"","overlay-type":"","overlay-color":"","overlay-opacity":"","overlay-gradient":""},"tablet":{"background-color":"","background-image":"","background-repeat":"repeat","background-position":"center center","background-size":"auto","background-attachment":"scroll","background-type":"","background-media":"","overlay-type":"","overlay-color":"","overlay-opacity":"","overlay-gradient":""},"mobile":{"background-color":"","background-image":"","background-repeat":"repeat","background-position":"center center","background-size":"auto","background-attachment":"scroll","background-type":"","background-media":"","overlay-type":"","overlay-color":"","overlay-opacity":"","overlay-gradient":""}},"ast-content-background-meta":{"desktop":{"background-color":"var(--ast-global-color-4)","background-image":"","background-repeat":"repeat","background-position":"center center","background-size":"auto","background-attachment":"scroll","background-type":"","background-media":"","overlay-type":"","overlay-color":"","overlay-opacity":"","overlay-gradient":""},"tablet":{"background-color":"var(--ast-global-color-4)","background-image":"","background-repeat":"repeat","background-position":"center center","background-size":"auto","background-attachment":"scroll","background-type":"","background-media":"","overlay-type":"","overlay-color":"","overlay-opacity":"","overlay-gradient":""},"mobile":{"background-color":"var(--ast-global-color-4)","background-image":"","background-repeat":"repeat","background-position":"center center","background-size":"auto","background-attachment":"scroll","background-type":"","background-media":"","overlay-type":"","overlay-color":"","overlay-opacity":"","overlay-gradient":""}},"footnotes":""},"class_list":["post-30","page","type-page","status-publish","hentry"],"post_mailing_queue_ids":[],"_links":{"self":[{"href":"https:\/\/agora.xtec.cat\/escolacanfabra\/wp-json\/wp\/v2\/pages\/30","targetHints":{"allow":["GET"]}}],"collection":[{"href":"https:\/\/agora.xtec.cat\/escolacanfabra\/wp-json\/wp\/v2\/pages"}],"about":[{"href":"https:\/\/agora.xtec.cat\/escolacanfabra\/wp-json\/wp\/v2\/types\/page"}],"author":[{"embeddable":true,"href":"https:\/\/agora.xtec.cat\/escolacanfabra\/wp-json\/wp\/v2\/users\/1"}],"replies":[{"embeddable":true,"href":"https:\/\/agora.xtec.cat\/escolacanfabra\/wp-json\/wp\/v2\/comments?post=30"}],"version-history":[{"count":7,"href":"https:\/\/agora.xtec.cat\/escolacanfabra\/wp-json\/wp\/v2\/pages\/30\/revisions"}],"predecessor-version":[{"id":35052,"href":"https:\/\/agora.xtec.cat\/escolacanfabra\/wp-json\/wp\/v2\/pages\/30\/revisions\/35052"}],"up":[{"embeddable":true,"href":"https:\/\/agora.xtec.cat\/escolacanfabra\/wp-json\/wp\/v2\/pages\/22"}],"wp:attachment":[{"href":"https:\/\/agora.xtec.cat\/escolacanfabra\/wp-json\/wp\/v2\/media?parent=30"}],"curies":[{"name":"wp","href":"https:\/\/api.w.org\/{rel}","templated":true}]}}

<p><strong>Directora: </strong>Txell Regàs<br /><strong>Cap d’Estudis:</strong> Maria Elizondo<br /><strong>Secretària: </strong>Gema Aguilera</p>
<p><strong>Tutores i tutors:</strong></p>
<ul>
<li><strong>I3 A</strong>: Gemma Ordi</li>
<li><strong>I3 B</strong>: Ramona García</li>
<li><strong>TEI</strong>:  Nona Roig</li>
<li><strong>I4 A</strong> : Mireia Pararols</li>
<li><strong>I4 B</strong>: Marta Ventura</li>
<li><strong>I5 A: </strong>Laura López</li>
<li><strong>I5 B</strong>: Conchi Gallego</li>
<li><strong>Reforç Ed. Infantil</strong>: Marta Castaño</li>
<li><strong>1r A</strong>: Sandra Vidal</li>
<li><strong>1r B</strong>: Irene Álvarez</li>
<li><strong>2n A</strong>: Judit Muñoz</li>
<li><strong>2n B</strong>: Gemma Santafé</li>
<li><strong>3r A</strong>: Raquel Alférez</li>
<li><strong>3r B</strong>: Berta Albi</li>
<li><strong>4t A</strong>: Sara Sánchez</li>
<li><strong>4t B</strong>: Cristina Cabrera</li>
<li><strong>5è A</strong>: Silvia García</li>
<li><strong>5è B</strong>: Sergi Corcoy</li>
<li><strong>6è A</strong>: Laia Gabarró</li>
<li><strong>6è B</strong>: Angèlica Samper</li>
</ul>
<p><strong>Psicomotricitat</strong>: Marta Castaño</p>
<p><strong>Ed. Física</strong>: Xavier Matías i Cristina Cabrera</p>
<p><strong>English</strong>: Ruth Gozalbo, Mon Mezcua, Txell Regàs i Angèlica Samper.</p>
<p><strong>Música</strong>: Mireia Elías</p>
<p><strong>Biblioteca</strong>: Marta Castaño, Núria Llisó, Sara Sánchez i Maria Elizondo</p>
<p><strong>Ed. Especial EI</strong>: Nuria Llisó</p>
<p><strong>Ed. Especial (CI-CS)</strong>: Míriam Sarubbi</p>
<p><strong>Ed. Especial (CM): </strong>Gema Aguilera</p>
<p><strong>Reforços i altres:</strong> Ruth Gozalbo, Míriam Sarubbi i Helena Casas.</p>
<p><strong>Aula d&#8217;Acollida</strong>:  Rosa Elena Borrás</p>
<p><strong>Consergeria:</strong> Víctor Giménez</p>
<p><strong>Administració</strong>: Jesús Buitrago</p>
<p><strong>Coordinadora menjador</strong>: Anna Safont</p>
<p><strong>Alumnat de pràctiques: </strong>Oleksandr Kharchenko i Morgan Louvouezo</p>
<p style="text-align: right;"><em>Data de l&#8217;actualització:</em> Setembre de 2025</p>


<p></p>

<p>Directora: Txell RegàsCap d’Estudis: Maria ElizondoSecretària: Gema Aguilera Tutores i tutors: I3 A: Gemma Ordi I3 B: Ramona García TEI:  Nona Roig I4 A : Mireia Pararols I4 B: Marta Ventura I5 A: Laura López I5 B: Conchi Gallego Reforç Ed. Infantil: Marta Castaño 1r A: Sandra Vidal 1r B: Irene Álvarez 2n A: Judit Muñoz 2n [&hellip;]</p>
