{"id":34,"date":"2014-09-18T12:32:18","date_gmt":"2014-09-18T11:32:18","guid":{"rendered":"http:\/\/agora.xtec.cat\/escolacancladellas\/?page_id=34"},"modified":"2018-09-27T12:46:06","modified_gmt":"2018-09-27T10:46:06","slug":"missio","status":"publish","type":"page","link":"https:\/\/agora.xtec.cat\/escolacancladellas\/lescola\/missio\/","title":{"rendered":"Missi\u00f3"},"content":{"rendered":"<p>A l&#8217;escola Can Cladellas entenem l&#8217;educaci\u00f3 com un fet integral que desenvolupa els diferents aspectes de la personalitat del nen amb esperit cr\u00edtic, capacitat de discussi\u00f3 i de decisi\u00f3. Volem, que els nostres alumnes esdevinguin persones responsables, solid\u00e0ries i respectuoses amb l&#8217;altre i amb l&#8217;entorn. L&#8217;educaci\u00f3 i la conviv\u00e8ncia es desenvolupen en un marc de toler\u00e0ncia i de respecte a la llibertat de cadasc\u00fa.<\/p>\n<p>Utilitzem el catal\u00e0 com a primera llengua i reforcem el seu aprenentatge mitjan\u00e7ant processos d&#8217;immersi\u00f3. L&#8217;escola assegura un tractament no discriminatori de les lleng\u00fces oficials (catal\u00e0 i castell\u00e0).<\/p>\n<p>L&#8217;angl\u00e8s \u00e9s la tercera llengua a l&#8217;escola. el seu aprenentatge de forma oral comen\u00e7a a P3.<\/p>\n<p>Som una escola oberta al municipi. En aquesta l\u00ednia hi ha una coordinaci\u00f3 directe amb les diferents entitats. La nostra escola est\u00e0 estretament lligada a les llars d&#8217;infants i als instituts dels poble, establint reunions peri\u00f2diques de coordinaci\u00f3 pedag\u00f2gica, amb seguiment i acompanyament dels alumnes.<\/p>\n<p>Dins de la nostra l\u00ednia metodol\u00f2gica afavorim el treball de recerca, les adquisicions de coneixements i la sistematitzaci\u00f3 cient\u00edfica, pensant en una utilitzaci\u00f3 pr\u00e0ctica per tal d&#8217;aconseguir els millors resultats en l&#8217;adquisici\u00f3 de compet\u00e8ncies b\u00e0siques.<\/p>\n<p>Fomentem l&#8217;activitat i la iniciativa. Tenim en compte el desenvolupament psicol\u00f2gic dels alumnes i els diferents ritmes d&#8217;aprenentatge.<\/p>\n<p>Incorporem les noves tecnologies com a eina de treball a l&#8217;aula.<\/p>\n<p style=\"text-align: center;\"><a href=\"http:\/\/agora.xtec.cat\/escolacancladellas\/wp-content\/uploads\/usu1872\/2018\/09\/treehorizontal.png\"><img loading=\"lazy\" decoding=\"async\" class=\"alignnone size-full wp-image-615\" src=\"http:\/\/agora.xtec.cat\/escolacancladellas\/wp-content\/uploads\/usu1872\/2018\/09\/treehorizontal.png\" alt=\"\" width=\"600\" height=\"400\" srcset=\"https:\/\/agora.xtec.cat\/escolacancladellas\/wp-content\/uploads\/usu1872\/2018\/09\/treehorizontal.png 600w, https:\/\/agora.xtec.cat\/escolacancladellas\/wp-content\/uploads\/usu1872\/2018\/09\/treehorizontal-300x200.png 300w\" sizes=\"auto, (max-width: 600px) 100vw, 600px\" \/><\/a><\/p>\n","protected":false},"excerpt":{"rendered":"<p>A l&#8217;escola Can Cladellas entenem l&#8217;educaci\u00f3 com un fet integral que desenvolupa els diferents aspectes de la personalitat del nen amb esperit cr\u00edtic, capacitat de discussi\u00f3 i de decisi\u00f3. Volem, que els nostres alumnes esdevinguin persones responsables, solid\u00e0ries i respectuoses amb l&#8217;altre i amb l&#8217;entorn. L&#8217;educaci\u00f3 i la conviv\u00e8ncia es desenvolupen en un marc de [&hellip;]<\/p>\n","protected":false},"author":1,"featured_media":0,"parent":22,"menu_order":60,"comment_status":"closed","ping_status":"closed","template":"page-templates\/side-menu.php","meta":{"_bbp_topic_count":0,"_bbp_reply_count":0,"_bbp_total_topic_count":0,"_bbp_total_reply_count":0,"_bbp_voice_count":0,"_bbp_anonymous_reply_count":0,"_bbp_topic_count_hidden":0,"_bbp_reply_count_hidden":0,"_bbp_forum_subforum_count":0,"site-sidebar-layout":"default","site-content-layout":"","ast-site-content-layout":"","site-content-style":"default","site-sidebar-style":"default","ast-global-header-display":"","ast-banner-title-visibility":"","ast-main-header-display":"","ast-hfb-above-header-display":"","ast-hfb-below-header-display":"","ast-hfb-mobile-header-display":"","site-post-title":"","ast-breadcrumbs-content":"","ast-featured-img":"","footer-sml-layout":"","theme-transparent-header-meta":"","adv-header-id-meta":"","stick-header-meta":"","header-above-stick-meta":"","header-main-stick-meta":"","header-below-stick-meta":"","astra-migrate-meta-layouts":"default","ast-page-background-enabled":"default","ast-page-background-meta":{"desktop":{"background-color":"var(--ast-global-color-4)","background-image":"","background-repeat":"repeat","background-position":"center center","background-size":"auto","background-attachment":"scroll","background-type":"","background-media":"","overlay-type":"","overlay-color":"","overlay-opacity":"","overlay-gradient":""},"tablet":{"background-color":"","background-image":"","background-repeat":"repeat","background-position":"center center","background-size":"auto","background-attachment":"scroll","background-type":"","background-media":"","overlay-type":"","overlay-color":"","overlay-opacity":"","overlay-gradient":""},"mobile":{"background-color":"","background-image":"","background-repeat":"repeat","background-position":"center center","background-size":"auto","background-attachment":"scroll","background-type":"","background-media":"","overlay-type":"","overlay-color":"","overlay-opacity":"","overlay-gradient":""}},"ast-content-background-meta":{"desktop":{"background-color":"var(--ast-global-color-5)","background-image":"","background-repeat":"repeat","background-position":"center center","background-size":"auto","background-attachment":"scroll","background-type":"","background-media":"","overlay-type":"","overlay-color":"","overlay-opacity":"","overlay-gradient":""},"tablet":{"background-color":"var(--ast-global-color-5)","background-image":"","background-repeat":"repeat","background-position":"center center","background-size":"auto","background-attachment":"scroll","background-type":"","background-media":"","overlay-type":"","overlay-color":"","overlay-opacity":"","overlay-gradient":""},"mobile":{"background-color":"var(--ast-global-color-5)","background-image":"","background-repeat":"repeat","background-position":"center center","background-size":"auto","background-attachment":"scroll","background-type":"","background-media":"","overlay-type":"","overlay-color":"","overlay-opacity":"","overlay-gradient":""}},"footnotes":""},"class_list":["post-34","page","type-page","status-publish","hentry"],"post_mailing_queue_ids":[],"_links":{"self":[{"href":"https:\/\/agora.xtec.cat\/escolacancladellas\/wp-json\/wp\/v2\/pages\/34","targetHints":{"allow":["GET"]}}],"collection":[{"href":"https:\/\/agora.xtec.cat\/escolacancladellas\/wp-json\/wp\/v2\/pages"}],"about":[{"href":"https:\/\/agora.xtec.cat\/escolacancladellas\/wp-json\/wp\/v2\/types\/page"}],"author":[{"embeddable":true,"href":"https:\/\/agora.xtec.cat\/escolacancladellas\/wp-json\/wp\/v2\/users\/1"}],"replies":[{"embeddable":true,"href":"https:\/\/agora.xtec.cat\/escolacancladellas\/wp-json\/wp\/v2\/comments?post=34"}],"version-history":[{"count":3,"href":"https:\/\/agora.xtec.cat\/escolacancladellas\/wp-json\/wp\/v2\/pages\/34\/revisions"}],"predecessor-version":[{"id":623,"href":"https:\/\/agora.xtec.cat\/escolacancladellas\/wp-json\/wp\/v2\/pages\/34\/revisions\/623"}],"up":[{"embeddable":true,"href":"https:\/\/agora.xtec.cat\/escolacancladellas\/wp-json\/wp\/v2\/pages\/22"}],"wp:attachment":[{"href":"https:\/\/agora.xtec.cat\/escolacancladellas\/wp-json\/wp\/v2\/media?parent=34"}],"curies":[{"name":"wp","href":"https:\/\/api.w.org\/{rel}","templated":true}]}}

Missió

<p>A l&#8217;escola Can Cladellas entenem l&#8217;educació com un fet integral que desenvolupa els diferents aspectes de la personalitat del nen amb esperit crític, capacitat de discussió i de decisió. Volem, que els nostres alumnes esdevinguin persones responsables, solidàries i respectuoses amb l&#8217;altre i amb l&#8217;entorn. L&#8217;educació i la convivència es desenvolupen en un marc de tolerància i de respecte a la llibertat de cadascú.</p>
<p>Utilitzem el català com a primera llengua i reforcem el seu aprenentatge mitjançant processos d&#8217;immersió. L&#8217;escola assegura un tractament no discriminatori de les llengües oficials (català i castellà).</p>
<p>L&#8217;anglès és la tercera llengua a l&#8217;escola. el seu aprenentatge de forma oral comença a P3.</p>
<p>Som una escola oberta al municipi. En aquesta línia hi ha una coordinació directe amb les diferents entitats. La nostra escola està estretament lligada a les llars d&#8217;infants i als instituts dels poble, establint reunions periòdiques de coordinació pedagògica, amb seguiment i acompanyament dels alumnes.</p>
<p>Dins de la nostra línia metodològica afavorim el treball de recerca, les adquisicions de coneixements i la sistematització científica, pensant en una utilització pràctica per tal d&#8217;aconseguir els millors resultats en l&#8217;adquisició de competències bàsiques.</p>
<p>Fomentem l&#8217;activitat i la iniciativa. Tenim en compte el desenvolupament psicològic dels alumnes i els diferents ritmes d&#8217;aprenentatge.</p>
<p>Incorporem les noves tecnologies com a eina de treball a l&#8217;aula.</p>
<p style="text-align: center;"><a href="http://agora.xtec.cat/escolacancladellas/wp-content/uploads/usu1872/2018/09/treehorizontal.png"><img loading="lazy" decoding="async" class="alignnone size-full wp-image-615" src="http://agora.xtec.cat/escolacancladellas/wp-content/uploads/usu1872/2018/09/treehorizontal.png" alt="" width="600" height="400" srcset="https://agora.xtec.cat/escolacancladellas/wp-content/uploads/usu1872/2018/09/treehorizontal.png 600w, https://agora.xtec.cat/escolacancladellas/wp-content/uploads/usu1872/2018/09/treehorizontal-300x200.png 300w" sizes="auto, (max-width: 600px) 100vw, 600px" /></a></p>

<p>A l&#8217;escola Can Cladellas entenem l&#8217;educació com un fet integral que desenvolupa els diferents aspectes de la personalitat del nen amb esperit crític, capacitat de discussió i de decisió. Volem, que els nostres alumnes esdevinguin persones responsables, solidàries i respectuoses amb l&#8217;altre i amb l&#8217;entorn. L&#8217;educació i la convivència es desenvolupen en un marc de [&hellip;]</p>
