{"id":1394,"date":"2023-01-26T13:20:21","date_gmt":"2023-01-26T12:20:21","guid":{"rendered":"https:\/\/agora.xtec.cat\/escolacancladellas\/?page_id=1394"},"modified":"2023-03-29T15:47:57","modified_gmt":"2023-03-29T13:47:57","slug":"competencia-digital-a-lescola","status":"publish","type":"page","link":"https:\/\/agora.xtec.cat\/escolacancladellas\/estrategia-digital-de-centre\/competencia-digital-a-lescola\/","title":{"rendered":"Compet\u00e8ncia digital a l&#8217;escola"},"content":{"rendered":"<p><span style=\"font-weight: 400;\">L&#8217;objectiu de la nostra escola en el marc de la compet\u00e8ncia digital ciutadana europea <strong>(DIGCOMP)<\/strong> \u00e9s preparar als alumnes per a ser <strong>ciutadans digitals<\/strong> informats i amb pensament cr\u00edtic. Per tal d&#8217;assolir aquesta fita, \u00e9s fonamental:<\/span><\/p>\n<ol>\n<li style=\"font-weight: 400;\" aria-level=\"1\"><span style=\"font-weight: 400;\">Adquirir <strong>habilitats digitals<\/strong> i estar al dia amb les tecnologies m\u00e9s recents per poder interactuar amb elles de forma efectiva<\/span><\/li>\n<li style=\"font-weight: 400;\" aria-level=\"1\"><span style=\"font-weight: 400;\">Desenvolupar habilitats digitals transversals com la<strong> comunicaci\u00f3, col\u00b7laboraci\u00f3, i la resoluci\u00f3 de problemes.<\/strong><\/span><\/li>\n<li style=\"font-weight: 400;\" aria-level=\"1\"><span style=\"font-weight: 400;\">Comprendre les <strong>implicacions \u00e8tiques i legals<\/strong> del m\u00f3n digital per tal de prendre decisions a partir d&#8217;un bon tractament de la informaci\u00f3.<\/span><\/li>\n<li style=\"font-weight: 400;\" aria-level=\"1\"><span style=\"font-weight: 400;\">Fomentar una <strong>consci\u00e8ncia cr\u00edtica<\/strong> en relaci\u00f3 amb la informaci\u00f3 que es consumeix a trav\u00e9s de mitjans digitals<\/span><\/li>\n<li style=\"font-weight: 400;\" aria-level=\"1\"><span style=\"font-weight: 400;\">Desenvolupar un <strong>pensament cr\u00edtic<\/strong> per ajudar als alumnes a utilitzar la informaci\u00f3 disponible, i ajudar-los a discernir entre la informaci\u00f3 de qualitat i la que no ho \u00e9s.<\/span><\/li>\n<\/ol>\n<p>Com treballem la compet\u00e8ncia digital a l&#8217;escola:<\/p>\n<ol>\n<li>Creaci\u00f3 de projectes en l\u00ednia: Utilitzar eines digitals per crear presentacions (CANVA, Genialy)<\/li>\n<li>Us de les xarxes socials: Ensenyar a l&#8217;alumnat com utilitzar de manera segura i efectiva les xarxes socials.<\/li>\n<li>Treballs col\u00b7laboratius en l\u00ednia: Utilitzar eines digitals per realitzar treballs en grup i millorar la col\u00b7laboraci\u00f3 entre l&#8217;alumnat (Drive)<\/li>\n<li>Cerca d&#8217;informaci\u00f3: Ensenyar a l&#8217;alumnat com cercar informaci\u00f3 de manera efectiva en l\u00ednia i avaluar la seva credibilitat.<\/li>\n<li>Creaci\u00f3 de blocs: Utilitzar eines digitals per crear blogs per ajudar l&#8217;alumnat a desenvolupar les seves habilitats d&#8217;escriptura i expressi\u00f3 en l\u00ednia.<\/li>\n<li>Us de les aplicacions ofim\u00e0tiques: Introduir l&#8217;alumnat en l&#8217;\u00fas de programes com Microsoft Office o Google Suite per ajudar-los a millorar les seves habilitats en l&#8217;\u00fas de les tecnologies de la informaci\u00f3.<\/li>\n<\/ol>\n<p>Com treballem la rob\u00f2tica a l&#8217;escola:<\/p>\n<div class=\"flex-1 overflow-hidden\">\n<div class=\"react-scroll-to-bottom--css-nesxy-79elbk h-full dark:bg-gray-800\">\n<div class=\"react-scroll-to-bottom--css-nesxy-1n7m0yu\">\n<div class=\"flex flex-col items-center text-sm h-full dark:bg-gray-800\">\n<div class=\"w-full border-b border-black\/10 dark:border-gray-900\/50 text-gray-800 dark:text-gray-100 group bg-gray-50 dark:bg-[#444654]\">\n<div class=\"text-base gap-4 md:gap-6 m-auto md:max-w-2xl lg:max-w-2xl xl:max-w-3xl p-4 md:py-6 flex lg:px-0\">\n<div class=\"relative flex w-[calc(100%-50px)] flex-col gap-1 md:gap-3 lg:w-[calc(100%-115px)]\">\n<div class=\"flex flex-grow flex-col gap-3\">\n<div class=\"min-h-[20px] flex flex-col items-start gap-4 whitespace-pre-wrap\">\n<div class=\"markdown prose w-full break-words dark:prose-invert light\">\n<ol>\n<li>Creaci\u00f3 de robots amb kits de rob\u00f2tica: Utilitzar kits de rob\u00f2tica per construir i programar robots<\/li>\n<li>Jocs i activitats amb robots: Realitzar activitats l\u00fadiques amb robots per ajudar l&#8217;alumnat a comprendre la rob\u00f2tica.<\/li>\n<li>Programaci\u00f3 de robots: Ensenyar a l&#8217;alumnat a programar robots per a que puguin controlar-ne el moviment i les funcions.<\/li>\n<li>Resoluci\u00f3 de problemes amb robots: Proporcionar reptes a l&#8217;alumnat perqu\u00e8 resolguin problemes amb l&#8217;ajuda de robots.<\/li>\n<li>Treballs col\u00b7laboratius amb robots: Fer treballs en grup on l&#8217;alumnat treballi en equip per construir i programar robots.<\/li>\n<li>Integraci\u00f3 de la rob\u00f2tica en altres \u00e0rees d&#8217;aprenentatge: Integrar la rob\u00f2tica en altres \u00e0rees d&#8217;aprenentatge.<\/li>\n<\/ol>\n<p>A l&#8217;escola utilitzem el tren de LEGO CODING (Infantil), robot KUBO (inicial), kits de LEGO WEDO (mitj\u00e0 i superior), i aplicacions de rob\u00f2tica com Scracht, Lightbot, Codemonkey, Run Marco, ..<\/p>\n<p><a href=\"https:\/\/agora.xtec.cat\/escolacancladellas\/wp-content\/uploads\/usu1872\/2023\/03\/1665865523088-1-scaled.jpg\"><img loading=\"lazy\" decoding=\"async\" class=\"wp-image-1425 aligncenter\" src=\"https:\/\/agora.xtec.cat\/escolacancladellas\/wp-content\/uploads\/usu1872\/2023\/03\/1665865523088-1-768x1024.jpg\" alt=\"\" width=\"255\" height=\"340\" srcset=\"https:\/\/agora.xtec.cat\/escolacancladellas\/wp-content\/uploads\/usu1872\/2023\/03\/1665865523088-1-768x1024.jpg 768w, https:\/\/agora.xtec.cat\/escolacancladellas\/wp-content\/uploads\/usu1872\/2023\/03\/1665865523088-1-225x300.jpg 225w, https:\/\/agora.xtec.cat\/escolacancladellas\/wp-content\/uploads\/usu1872\/2023\/03\/1665865523088-1-1152x1536.jpg 1152w, https:\/\/agora.xtec.cat\/escolacancladellas\/wp-content\/uploads\/usu1872\/2023\/03\/1665865523088-1-1536x2048.jpg 1536w, https:\/\/agora.xtec.cat\/escolacancladellas\/wp-content\/uploads\/usu1872\/2023\/03\/1665865523088-1-scaled.jpg 1920w\" sizes=\"auto, (max-width: 255px) 100vw, 255px\" \/><\/a> <a href=\"https:\/\/agora.xtec.cat\/escolacancladellas\/wp-content\/uploads\/usu1872\/2023\/03\/1665865523104-scaled.jpg\"><img loading=\"lazy\" decoding=\"async\" class=\"wp-image-1426 aligncenter\" src=\"https:\/\/agora.xtec.cat\/escolacancladellas\/wp-content\/uploads\/usu1872\/2023\/03\/1665865523104-768x1024.jpg\" alt=\"\" width=\"257\" height=\"342\" srcset=\"https:\/\/agora.xtec.cat\/escolacancladellas\/wp-content\/uploads\/usu1872\/2023\/03\/1665865523104-768x1024.jpg 768w, https:\/\/agora.xtec.cat\/escolacancladellas\/wp-content\/uploads\/usu1872\/2023\/03\/1665865523104-225x300.jpg 225w, https:\/\/agora.xtec.cat\/escolacancladellas\/wp-content\/uploads\/usu1872\/2023\/03\/1665865523104-1152x1536.jpg 1152w, https:\/\/agora.xtec.cat\/escolacancladellas\/wp-content\/uploads\/usu1872\/2023\/03\/1665865523104-1536x2048.jpg 1536w, https:\/\/agora.xtec.cat\/escolacancladellas\/wp-content\/uploads\/usu1872\/2023\/03\/1665865523104-scaled.jpg 1920w\" sizes=\"auto, (max-width: 257px) 100vw, 257px\" \/><\/a><\/p>\n<h3><\/h3>\n<\/div>\n<\/div>\n<\/div>\n<div class=\"flex justify-between\">\n<div class=\"text-gray-400 flex self-end lg:self-center justify-center mt-2 gap-3 md:gap-4 lg:gap-1 lg:absolute lg:top-0 lg:translate-x-full lg:right-0 lg:mt-0 lg:pl-2 visible\"><\/div>\n<\/div>\n<\/div>\n<\/div>\n<\/div>\n<div class=\"w-full h-32 md:h-48 flex-shrink-0\"><\/div>\n<\/div>\n<p>&nbsp;<\/p>\n<\/div>\n<\/div>\n<\/div>\n<div class=\"absolute bottom-0 left-0 w-full border-t md:border-t-0 dark:border-white\/20 md:border-transparent md:dark:border-transparent md:bg-vert-light-gradient bg-white dark:bg-gray-800 md:!bg-transparent dark:md:bg-vert-dark-gradient\">\n<form class=\"stretch mx-2 flex flex-row gap-3 pt-2 last:mb-2 md:last:mb-6 lg:mx-auto lg:max-w-3xl lg:pt-6\">\n<div class=\"relative flex h-full flex-1 md:flex-col\">\n<div class=\"flex ml-1 mt-1.5 md:w-full md:m-auto md:mb-2 gap-0 md:gap-2 justify-center\"><\/div>\n<\/div>\n<\/form>\n<\/div>\n<p><a href=\"https:\/\/agora.xtec.cat\/escolacancladellas\/wp-content\/uploads\/usu1872\/2023\/01\/competencia_digital.png\"><img loading=\"lazy\" decoding=\"async\" class=\"size-full wp-image-1399 aligncenter\" src=\"https:\/\/agora.xtec.cat\/escolacancladellas\/wp-content\/uploads\/usu1872\/2023\/01\/competencia_digital.png\" alt=\"\" width=\"148\" height=\"234\" \/><\/a><\/p>\n","protected":false},"excerpt":{"rendered":"<p>L&#8217;objectiu de la nostra escola en el marc de la compet\u00e8ncia digital ciutadana europea (DIGCOMP) \u00e9s preparar als alumnes per a ser ciutadans digitals informats i amb pensament cr\u00edtic. Per tal d&#8217;assolir aquesta fita, \u00e9s fonamental: Adquirir habilitats digitals i estar al dia amb les tecnologies m\u00e9s recents per poder interactuar amb elles de forma [&hellip;]<\/p>\n","protected":false},"author":1,"featured_media":0,"parent":1373,"menu_order":0,"comment_status":"closed","ping_status":"closed","template":"","meta":{"_bbp_topic_count":0,"_bbp_reply_count":0,"_bbp_total_topic_count":0,"_bbp_total_reply_count":0,"_bbp_voice_count":0,"_bbp_anonymous_reply_count":0,"_bbp_topic_count_hidden":0,"_bbp_reply_count_hidden":0,"_bbp_forum_subforum_count":0,"site-sidebar-layout":"default","site-content-layout":"","ast-site-content-layout":"","site-content-style":"default","site-sidebar-style":"default","ast-global-header-display":"","ast-banner-title-visibility":"","ast-main-header-display":"","ast-hfb-above-header-display":"","ast-hfb-below-header-display":"","ast-hfb-mobile-header-display":"","site-post-title":"","ast-breadcrumbs-content":"","ast-featured-img":"","footer-sml-layout":"","theme-transparent-header-meta":"","adv-header-id-meta":"","stick-header-meta":"","header-above-stick-meta":"","header-main-stick-meta":"","header-below-stick-meta":"","astra-migrate-meta-layouts":"default","ast-page-background-enabled":"default","ast-page-background-meta":{"desktop":{"background-color":"var(--ast-global-color-4)","background-image":"","background-repeat":"repeat","background-position":"center center","background-size":"auto","background-attachment":"scroll","background-type":"","background-media":"","overlay-type":"","overlay-color":"","overlay-opacity":"","overlay-gradient":""},"tablet":{"background-color":"","background-image":"","background-repeat":"repeat","background-position":"center center","background-size":"auto","background-attachment":"scroll","background-type":"","background-media":"","overlay-type":"","overlay-color":"","overlay-opacity":"","overlay-gradient":""},"mobile":{"background-color":"","background-image":"","background-repeat":"repeat","background-position":"center center","background-size":"auto","background-attachment":"scroll","background-type":"","background-media":"","overlay-type":"","overlay-color":"","overlay-opacity":"","overlay-gradient":""}},"ast-content-background-meta":{"desktop":{"background-color":"var(--ast-global-color-5)","background-image":"","background-repeat":"repeat","background-position":"center center","background-size":"auto","background-attachment":"scroll","background-type":"","background-media":"","overlay-type":"","overlay-color":"","overlay-opacity":"","overlay-gradient":""},"tablet":{"background-color":"var(--ast-global-color-5)","background-image":"","background-repeat":"repeat","background-position":"center center","background-size":"auto","background-attachment":"scroll","background-type":"","background-media":"","overlay-type":"","overlay-color":"","overlay-opacity":"","overlay-gradient":""},"mobile":{"background-color":"var(--ast-global-color-5)","background-image":"","background-repeat":"repeat","background-position":"center center","background-size":"auto","background-attachment":"scroll","background-type":"","background-media":"","overlay-type":"","overlay-color":"","overlay-opacity":"","overlay-gradient":""}},"footnotes":""},"class_list":["post-1394","page","type-page","status-publish","hentry"],"post_mailing_queue_ids":[],"_links":{"self":[{"href":"https:\/\/agora.xtec.cat\/escolacancladellas\/wp-json\/wp\/v2\/pages\/1394","targetHints":{"allow":["GET"]}}],"collection":[{"href":"https:\/\/agora.xtec.cat\/escolacancladellas\/wp-json\/wp\/v2\/pages"}],"about":[{"href":"https:\/\/agora.xtec.cat\/escolacancladellas\/wp-json\/wp\/v2\/types\/page"}],"author":[{"embeddable":true,"href":"https:\/\/agora.xtec.cat\/escolacancladellas\/wp-json\/wp\/v2\/users\/1"}],"replies":[{"embeddable":true,"href":"https:\/\/agora.xtec.cat\/escolacancladellas\/wp-json\/wp\/v2\/comments?post=1394"}],"version-history":[{"count":4,"href":"https:\/\/agora.xtec.cat\/escolacancladellas\/wp-json\/wp\/v2\/pages\/1394\/revisions"}],"predecessor-version":[{"id":1427,"href":"https:\/\/agora.xtec.cat\/escolacancladellas\/wp-json\/wp\/v2\/pages\/1394\/revisions\/1427"}],"up":[{"embeddable":true,"href":"https:\/\/agora.xtec.cat\/escolacancladellas\/wp-json\/wp\/v2\/pages\/1373"}],"wp:attachment":[{"href":"https:\/\/agora.xtec.cat\/escolacancladellas\/wp-json\/wp\/v2\/media?parent=1394"}],"curies":[{"name":"wp","href":"https:\/\/api.w.org\/{rel}","templated":true}]}}

Competència digital a l&#8217;escola

<p><span style="font-weight: 400;">L&#8217;objectiu de la nostra escola en el marc de la competència digital ciutadana europea <strong>(DIGCOMP)</strong> és preparar als alumnes per a ser <strong>ciutadans digitals</strong> informats i amb pensament crític. Per tal d&#8217;assolir aquesta fita, és fonamental:</span></p>
<ol>
<li style="font-weight: 400;" aria-level="1"><span style="font-weight: 400;">Adquirir <strong>habilitats digitals</strong> i estar al dia amb les tecnologies més recents per poder interactuar amb elles de forma efectiva</span></li>
<li style="font-weight: 400;" aria-level="1"><span style="font-weight: 400;">Desenvolupar habilitats digitals transversals com la<strong> comunicació, col·laboració, i la resolució de problemes.</strong></span></li>
<li style="font-weight: 400;" aria-level="1"><span style="font-weight: 400;">Comprendre les <strong>implicacions ètiques i legals</strong> del món digital per tal de prendre decisions a partir d&#8217;un bon tractament de la informació.</span></li>
<li style="font-weight: 400;" aria-level="1"><span style="font-weight: 400;">Fomentar una <strong>consciència crítica</strong> en relació amb la informació que es consumeix a través de mitjans digitals</span></li>
<li style="font-weight: 400;" aria-level="1"><span style="font-weight: 400;">Desenvolupar un <strong>pensament crític</strong> per ajudar als alumnes a utilitzar la informació disponible, i ajudar-los a discernir entre la informació de qualitat i la que no ho és.</span></li>
</ol>
<p>Com treballem la competència digital a l&#8217;escola:</p>
<ol>
<li>Creació de projectes en línia: Utilitzar eines digitals per crear presentacions (CANVA, Genialy)</li>
<li>Us de les xarxes socials: Ensenyar a l&#8217;alumnat com utilitzar de manera segura i efectiva les xarxes socials.</li>
<li>Treballs col·laboratius en línia: Utilitzar eines digitals per realitzar treballs en grup i millorar la col·laboració entre l&#8217;alumnat (Drive)</li>
<li>Cerca d&#8217;informació: Ensenyar a l&#8217;alumnat com cercar informació de manera efectiva en línia i avaluar la seva credibilitat.</li>
<li>Creació de blocs: Utilitzar eines digitals per crear blogs per ajudar l&#8217;alumnat a desenvolupar les seves habilitats d&#8217;escriptura i expressió en línia.</li>
<li>Us de les aplicacions ofimàtiques: Introduir l&#8217;alumnat en l&#8217;ús de programes com Microsoft Office o Google Suite per ajudar-los a millorar les seves habilitats en l&#8217;ús de les tecnologies de la informació.</li>
</ol>
<p>Com treballem la robòtica a l&#8217;escola:</p>
<div class="flex-1 overflow-hidden">
<div class="react-scroll-to-bottom--css-nesxy-79elbk h-full dark:bg-gray-800">
<div class="react-scroll-to-bottom--css-nesxy-1n7m0yu">
<div class="flex flex-col items-center text-sm h-full dark:bg-gray-800">
<div class="w-full border-b border-black/10 dark:border-gray-900/50 text-gray-800 dark:text-gray-100 group bg-gray-50 dark:bg-[#444654]">
<div class="text-base gap-4 md:gap-6 m-auto md:max-w-2xl lg:max-w-2xl xl:max-w-3xl p-4 md:py-6 flex lg:px-0">
<div class="relative flex w-[calc(100%-50px)] flex-col gap-1 md:gap-3 lg:w-[calc(100%-115px)]">
<div class="flex flex-grow flex-col gap-3">
<div class="min-h-[20px] flex flex-col items-start gap-4 whitespace-pre-wrap">
<div class="markdown prose w-full break-words dark:prose-invert light">
<ol>
<li>Creació de robots amb kits de robòtica: Utilitzar kits de robòtica per construir i programar robots</li>
<li>Jocs i activitats amb robots: Realitzar activitats lúdiques amb robots per ajudar l&#8217;alumnat a comprendre la robòtica.</li>
<li>Programació de robots: Ensenyar a l&#8217;alumnat a programar robots per a que puguin controlar-ne el moviment i les funcions.</li>
<li>Resolució de problemes amb robots: Proporcionar reptes a l&#8217;alumnat perquè resolguin problemes amb l&#8217;ajuda de robots.</li>
<li>Treballs col·laboratius amb robots: Fer treballs en grup on l&#8217;alumnat treballi en equip per construir i programar robots.</li>
<li>Integració de la robòtica en altres àrees d&#8217;aprenentatge: Integrar la robòtica en altres àrees d&#8217;aprenentatge.</li>
</ol>
<p>A l&#8217;escola utilitzem el tren de LEGO CODING (Infantil), robot KUBO (inicial), kits de LEGO WEDO (mitjà i superior), i aplicacions de robòtica com Scracht, Lightbot, Codemonkey, Run Marco, ..</p>
<p><a href="https://agora.xtec.cat/escolacancladellas/wp-content/uploads/usu1872/2023/03/1665865523088-1-scaled.jpg"><img loading="lazy" decoding="async" class="wp-image-1425 aligncenter" src="https://agora.xtec.cat/escolacancladellas/wp-content/uploads/usu1872/2023/03/1665865523088-1-768x1024.jpg" alt="" width="255" height="340" srcset="https://agora.xtec.cat/escolacancladellas/wp-content/uploads/usu1872/2023/03/1665865523088-1-768x1024.jpg 768w, https://agora.xtec.cat/escolacancladellas/wp-content/uploads/usu1872/2023/03/1665865523088-1-225x300.jpg 225w, https://agora.xtec.cat/escolacancladellas/wp-content/uploads/usu1872/2023/03/1665865523088-1-1152x1536.jpg 1152w, https://agora.xtec.cat/escolacancladellas/wp-content/uploads/usu1872/2023/03/1665865523088-1-1536x2048.jpg 1536w, https://agora.xtec.cat/escolacancladellas/wp-content/uploads/usu1872/2023/03/1665865523088-1-scaled.jpg 1920w" sizes="auto, (max-width: 255px) 100vw, 255px" /></a> <a href="https://agora.xtec.cat/escolacancladellas/wp-content/uploads/usu1872/2023/03/1665865523104-scaled.jpg"><img loading="lazy" decoding="async" class="wp-image-1426 aligncenter" src="https://agora.xtec.cat/escolacancladellas/wp-content/uploads/usu1872/2023/03/1665865523104-768x1024.jpg" alt="" width="257" height="342" srcset="https://agora.xtec.cat/escolacancladellas/wp-content/uploads/usu1872/2023/03/1665865523104-768x1024.jpg 768w, https://agora.xtec.cat/escolacancladellas/wp-content/uploads/usu1872/2023/03/1665865523104-225x300.jpg 225w, https://agora.xtec.cat/escolacancladellas/wp-content/uploads/usu1872/2023/03/1665865523104-1152x1536.jpg 1152w, https://agora.xtec.cat/escolacancladellas/wp-content/uploads/usu1872/2023/03/1665865523104-1536x2048.jpg 1536w, https://agora.xtec.cat/escolacancladellas/wp-content/uploads/usu1872/2023/03/1665865523104-scaled.jpg 1920w" sizes="auto, (max-width: 257px) 100vw, 257px" /></a></p>
<h3></h3>
</div>
</div>
</div>
<div class="flex justify-between">
<div class="text-gray-400 flex self-end lg:self-center justify-center mt-2 gap-3 md:gap-4 lg:gap-1 lg:absolute lg:top-0 lg:translate-x-full lg:right-0 lg:mt-0 lg:pl-2 visible"></div>
</div>
</div>
</div>
</div>
<div class="w-full h-32 md:h-48 flex-shrink-0"></div>
</div>
<p>&nbsp;</p>
</div>
</div>
</div>
<div class="absolute bottom-0 left-0 w-full border-t md:border-t-0 dark:border-white/20 md:border-transparent md:dark:border-transparent md:bg-vert-light-gradient bg-white dark:bg-gray-800 md:!bg-transparent dark:md:bg-vert-dark-gradient">
<form class="stretch mx-2 flex flex-row gap-3 pt-2 last:mb-2 md:last:mb-6 lg:mx-auto lg:max-w-3xl lg:pt-6">
<div class="relative flex h-full flex-1 md:flex-col">
<div class="flex ml-1 mt-1.5 md:w-full md:m-auto md:mb-2 gap-0 md:gap-2 justify-center"></div>
</div>
</form>
</div>
<p><a href="https://agora.xtec.cat/escolacancladellas/wp-content/uploads/usu1872/2023/01/competencia_digital.png"><img loading="lazy" decoding="async" class="size-full wp-image-1399 aligncenter" src="https://agora.xtec.cat/escolacancladellas/wp-content/uploads/usu1872/2023/01/competencia_digital.png" alt="" width="148" height="234" /></a></p>

<p>L&#8217;objectiu de la nostra escola en el marc de la competència digital ciutadana europea (DIGCOMP) és preparar als alumnes per a ser ciutadans digitals informats i amb pensament crític. Per tal d&#8217;assolir aquesta fita, és fonamental: Adquirir habilitats digitals i estar al dia amb les tecnologies més recents per poder interactuar amb elles de forma [&hellip;]</p>
