{"id":1950,"date":"2020-01-31T12:35:49","date_gmt":"2020-01-31T11:35:49","guid":{"rendered":"https:\/\/agora.xtec.cat\/escolacanalzamora\/?page_id=1950"},"modified":"2023-11-22T10:40:41","modified_gmt":"2023-11-22T09:40:41","slug":"projectes-dinnovacio","status":"publish","type":"page","link":"https:\/\/agora.xtec.cat\/escolacanalzamora\/projectes-dinnovacio\/","title":{"rendered":"Projectes d&#8217;innovaci\u00f3"},"content":{"rendered":"<p>La nostra escola participa en els seg\u00fcents projectes d&#8217;innovaci\u00f3:<\/p>\n<ul>\n<li><strong>ILEC (Impuls a la lectura)<\/strong>. L&#8217;ILEC t\u00e9 com a objectiu potenciar la lectura sistem\u00e0tica en totes les \u00e0rees i mat\u00e8ries del curr\u00edculum al llarg de tota l&#8217;escolaritat b\u00e0sica per augmentar la compet\u00e8ncia comunicativa i ling\u00fc\u00edstica i el desenvolupament de l&#8217;h\u00e0bit lector dels infants i joves. La compet\u00e8ncia lectora \u00e9s la base de molts aprenentatges i un requisit per participar amb \u00e8xit en bona part dels \u00e0mbits de la vida adulta.<\/li>\n<li><strong>AIL (Aprenentatge inicial de la lectura). <\/strong>A l&#8217;AIL es defineixen objectius per l&#8217;aprenentatge de la lectura i la comprensi\u00f3 lectora a EI i CI. Es planifica la metodologia i l&#8217;avaluaci\u00f3, incloent-hi les activitats i la intervenci\u00f3 docent a partir de l&#8217;avaluaci\u00f3 de l&#8217;alumnat.<\/li>\n<li><strong><strong>Apadrinem el nostre patrimoni (Els diables de la riera).<\/strong><\/strong>El Programa &#8220;Apadrinem el nostre patrimoni&#8221; es basa en la idea de l\u2019apadrinament d\u2019un element patrimonial per part del centre educatiu, la qual cosa comporta donar-li valor i aprofundir en el seu coneixement des del punt de vista cultural i, alhora, fer que aquest coneixement sigui socialment rellevant, \u00e9s a dir, que arribi a la pr\u00f2pia comunitat i a l\u2019entorn de l\u2019escola.<\/li>\n<li><strong>GEP (Grup experimental de pluriling\u00fcisme).\u00a0<\/strong>El programa d&#8217;innovaci\u00f3 pedag\u00f2gica GEP t\u00e9 com a finalitat millorar la compet\u00e8ncia en lleng\u00fces estrangeres de l&#8217;alumnat, afavorint el seu creixement acad\u00e8mic i capacitant-lo per interactuar amb el m\u00f3n en diverses lleng\u00fces i de manera cr\u00edtica.<\/li>\n<li style=\"font-weight: 400;\"><strong>Innovamat.<\/strong>\u00a0Projecte d\u2019aprenentatge on l\u2019infant viu i experimenta en primera persona. Transformem l\u2019aula de matem\u00e0tiques de forma competencial i manipulativa perqu\u00e8 l\u2019alumne\/a entengui qu\u00e8 fa i per qu\u00e8 ho fa.<\/li>\n<li style=\"font-weight: 400;\"><strong>Legiland.<\/strong>\u00a0Projecte d\u2019Innovaci\u00f3 amb l\u2019objectiu de fomentar la lectura entre els infants i, conseq\u00fcentment, millorar la seva comprensi\u00f3 lectora. Es tracta d\u2019una plataforma digital que cont\u00e9 llibres, articles i altres lectures en catal\u00e0, castell\u00e0 i angl\u00e8s.<\/li>\n<li style=\"font-weight: 400;\"><strong>araArt.<\/strong> Projecte d&#8217;innovaci\u00f3 que t\u00e9 com a finalitat fomentar i valorar projectes art\u00edstics que es porten a terme a la nostra escola, en col\u00b7laboraci\u00f3 amb l&#8217;escola art\u00edstica edRA de Rub\u00ed, per promoure l&#8217;equitat i la qualitat del sistema educatiu reflectida en la millora de les capacitats i compet\u00e8ncies de l&#8217;alumnat participant. El programa d\u2019innovaci\u00f3 &#8220;araArt&#8221; promou la transformaci\u00f3 dels centres educatius a partir de les arts.<\/li>\n<\/ul>\n","protected":false},"excerpt":{"rendered":"<p>La nostra escola participa en els seg\u00fcents projectes d&#8217;innovaci\u00f3:<\/p>\n<ul>\n<li>ILEC (Impuls a la lectura). L&#8217;ILEC t\u00e9 com a objectiu potenciar la lectura sistem\u00e0tica en totes les \u00e0rees i mat\u00e8ries del curr\u00edculum al llarg de tota l&#8217;escolaritat b\u00e0sica per augmentar la compet\u00e8ncia comunicativa i ling\u00fc\u00edstica i el&hellip;  <a href=\"https:\/\/agora.xtec.cat\/escolacanalzamora\/projectes-dinnovacio\/\" title=\"Read Projectes d&#8217;innovaci\u00f3\">Llegeix m\u00e9s\u00bb<\/a><br \/>\n","protected":false},"author":1,"featured_media":0,"parent":0,"menu_order":0,"comment_status":"closed","ping_status":"closed","template":"","meta":{"_bbp_topic_count":0,"_bbp_reply_count":0,"_bbp_total_topic_count":0,"_bbp_total_reply_count":0,"_bbp_voice_count":0,"_bbp_anonymous_reply_count":0,"_bbp_topic_count_hidden":0,"_bbp_reply_count_hidden":0,"_bbp_forum_subforum_count":0,"footnotes":""},"class_list":["post-1950","page","type-page","status-publish","hentry"],"post_mailing_queue_ids":[],"_links":{"self":[{"href":"https:\/\/agora.xtec.cat\/escolacanalzamora\/wp-json\/wp\/v2\/pages\/1950","targetHints":{"allow":["GET"]}}],"collection":[{"href":"https:\/\/agora.xtec.cat\/escolacanalzamora\/wp-json\/wp\/v2\/pages"}],"about":[{"href":"https:\/\/agora.xtec.cat\/escolacanalzamora\/wp-json\/wp\/v2\/types\/page"}],"author":[{"embeddable":true,"href":"https:\/\/agora.xtec.cat\/escolacanalzamora\/wp-json\/wp\/v2\/users\/1"}],"replies":[{"embeddable":true,"href":"https:\/\/agora.xtec.cat\/escolacanalzamora\/wp-json\/wp\/v2\/comments?post=1950"}],"version-history":[{"count":5,"href":"https:\/\/agora.xtec.cat\/escolacanalzamora\/wp-json\/wp\/v2\/pages\/1950\/revisions"}],"predecessor-version":[{"id":6905,"href":"https:\/\/agora.xtec.cat\/escolacanalzamora\/wp-json\/wp\/v2\/pages\/1950\/revisions\/6905"}],"wp:attachment":[{"href":"https:\/\/agora.xtec.cat\/escolacanalzamora\/wp-json\/wp\/v2\/media?parent=1950"}],"curies":[{"name":"wp","href":"https:\/\/api.w.org\/{rel}","templated":true}]}}