{"id":1943,"date":"2020-01-31T12:00:09","date_gmt":"2020-01-31T11:00:09","guid":{"rendered":"https:\/\/agora.xtec.cat\/escolacanalzamora\/?page_id=1943"},"modified":"2020-01-31T12:02:27","modified_gmt":"2020-01-31T11:02:27","slug":"platac","status":"publish","type":"page","link":"https:\/\/agora.xtec.cat\/escolacanalzamora\/platac\/","title":{"rendered":"Pla TAC"},"content":{"rendered":"<p>El Pla TAC \u00e9s un instrument que t\u00e9 per objectiu formalitzar la governan\u00e7a de la tecnologia en el marc de l&#8217;autonomia de centre i del Projecte Educatiu. En el Pla TAC es recullen les caracter\u00edstiques actuals del centre amb relaci\u00f3 a les TAC, es defineixen els objectius i es planifiquen les actuacions que es duran a terme pel que fa als aspectes organitzatius, didacticopedag\u00f2gics i curriculars.<\/p>\n<p>Podeu consultar el document:<\/p>\n<p><a href=\"https:\/\/agora.xtec.cat\/escolacanalzamora\/wp-content\/uploads\/usu1932\/2020\/01\/Pla-TAC-2019.pdf\"><img loading=\"lazy\" decoding=\"async\" class=\"aligncenter wp-image-1946 size-full\" src=\"https:\/\/agora.xtec.cat\/escolacanalzamora\/wp-content\/uploads\/usu1932\/2020\/01\/tac.jpg\" alt=\"\" width=\"266\" height=\"190\" \/><\/a><\/p>\n<p>&nbsp;<\/p>\n<p>&nbsp;<\/p>\n","protected":false},"excerpt":{"rendered":"<p>El Pla TAC \u00e9s un instrument que t\u00e9 per objectiu formalitzar la governan\u00e7a de la tecnologia en el marc de l&#8217;autonomia de centre i del Projecte Educatiu. En el Pla TAC es recullen les caracter\u00edstiques actuals del centre amb relaci\u00f3 a les TAC, es defineixen&hellip;  <a href=\"https:\/\/agora.xtec.cat\/escolacanalzamora\/platac\/\" title=\"Read Pla TAC\">Llegeix m\u00e9s\u00bb<\/a><\/p>\n","protected":false},"author":1,"featured_media":0,"parent":0,"menu_order":0,"comment_status":"closed","ping_status":"closed","template":"","meta":{"_bbp_topic_count":0,"_bbp_reply_count":0,"_bbp_total_topic_count":0,"_bbp_total_reply_count":0,"_bbp_voice_count":0,"_bbp_anonymous_reply_count":0,"_bbp_topic_count_hidden":0,"_bbp_reply_count_hidden":0,"_bbp_forum_subforum_count":0,"footnotes":""},"class_list":["post-1943","page","type-page","status-publish","hentry"],"post_mailing_queue_ids":[],"_links":{"self":[{"href":"https:\/\/agora.xtec.cat\/escolacanalzamora\/wp-json\/wp\/v2\/pages\/1943","targetHints":{"allow":["GET"]}}],"collection":[{"href":"https:\/\/agora.xtec.cat\/escolacanalzamora\/wp-json\/wp\/v2\/pages"}],"about":[{"href":"https:\/\/agora.xtec.cat\/escolacanalzamora\/wp-json\/wp\/v2\/types\/page"}],"author":[{"embeddable":true,"href":"https:\/\/agora.xtec.cat\/escolacanalzamora\/wp-json\/wp\/v2\/users\/1"}],"replies":[{"embeddable":true,"href":"https:\/\/agora.xtec.cat\/escolacanalzamora\/wp-json\/wp\/v2\/comments?post=1943"}],"version-history":[{"count":3,"href":"https:\/\/agora.xtec.cat\/escolacanalzamora\/wp-json\/wp\/v2\/pages\/1943\/revisions"}],"predecessor-version":[{"id":1948,"href":"https:\/\/agora.xtec.cat\/escolacanalzamora\/wp-json\/wp\/v2\/pages\/1943\/revisions\/1948"}],"wp:attachment":[{"href":"https:\/\/agora.xtec.cat\/escolacanalzamora\/wp-json\/wp\/v2\/media?parent=1943"}],"curies":[{"name":"wp","href":"https:\/\/api.w.org\/{rel}","templated":true}]}}