{"id":1676,"date":"2019-12-12T13:17:49","date_gmt":"2019-12-12T12:17:49","guid":{"rendered":"https:\/\/agora.xtec.cat\/escolacanalzamora\/?page_id=1676"},"modified":"2025-11-24T15:52:22","modified_gmt":"2025-11-24T14:52:22","slug":"estructura-organitzativa","status":"publish","type":"page","link":"https:\/\/agora.xtec.cat\/escolacanalzamora\/estructura-organitzativa\/","title":{"rendered":"Estructura organitzativa"},"content":{"rendered":"<h5>Estructura organitzativa i mails de contacte curs 2025-26:<\/h5>\n<p>&nbsp;<\/p>\n<p><strong>Equip Directiu:<\/strong><\/p>\n<p>Correu electr\u00f2nic general de contacte amb l\u2019Equip Directiu: a8061154@xtec.cat<\/p>\n<p><strong>Directora<\/strong>\u00a0 X\u00e8nia P\u00e9rez Forcada\u00a0\u00a0\u00a0 <a href=\"https:\/\/agora.xtec.cat\/escolacanalzamora\/wp-content\/uploads\/usu1932\/2021\/07\/perfil-i-trajectoria-professional_signed-1.pdf\">perfil professional<\/a>\u00a0 Correu-e: xperez6@xtec.cat<\/p>\n<p><strong>Cap d&#8217;estudis<\/strong>\u00a0\u00a0 Remei Borrull Mart\u00ednez\u00a0 <a href=\"https:\/\/agora.xtec.cat\/escolacanalzamora\/wp-content\/uploads\/usu1932\/2023\/09\/remei.pdf\">perfil professional<\/a> Correu-e: rborrull@xtec.cat<\/p>\n<p><strong>Secret\u00e0ria<\/strong>\u00a0\u00a0\u00a0 Elena Garrido Marco\u00a0\u00a0\u00a0 <a href=\"https:\/\/agora.xtec.cat\/escolacanalzamora\/wp-content\/uploads\/usu1932\/2019\/12\/curriculum-Elena.pdf\">perfil professional<\/a>\u00a0 Correu-e: egarrid4@xtec.cat<\/p>\n<p>&nbsp;<\/p>\n<p><strong>Equip de Cicle Infantil:<\/strong><\/p>\n<ul>\n<li>Carmen Blanco Pila: Tutora d\u2019I3 A. Correu-e: <a style=\"font-family: inherit; font-size: 1em;\" href=\"mailto:cblanc9@xtec.cat\">cblanc9@xtec.cat<\/a><\/li>\n<\/ul>\n<ul>\n<li>Andrea G\u00f3mez Cano: Tutora d\u2019I3 B. Correu-e: <a style=\"font-family: inherit; font-size: 1em;\" href=\"mailto:agome172@xtec.cat\">agome172@xtec.cat<\/a><\/li>\n<\/ul>\n<ul>\n<li>Sabrina Garazo Riveiro: Tutora d\u2019I4 A. Correu-e: <a href=\"mailto:sgarrazo@xtec.cat\">sgarrazo@xtec.cat<\/a><\/li>\n<li>Soledad de Purificaci\u00f3n Solan: Tutora d\u2019I4B. Correu-e: <a style=\"font-family: inherit; font-size: 1em;\" href=\"mailto:spurific@xtec.cat\">spurific@xtec.cat<\/a><\/li>\n<\/ul>\n<ul>\n<li>Fina Ruiz Bail\u00e9n: Tutora d\u2019I5 A. Correu-e: <a href=\"mailto:jruiz9@xtec.cat\">jruiz9@xtec.cat<\/a><\/li>\n<li>Fausti Blanco L\u00f3pez: Tutora d\u2019I5B. Correu-e: <a href=\"mailto:fblanco2@xtec.cat\">fblanco2@xtec.cat<\/a><\/li>\n<li>Sandra Saez Molina: Tutora d\u2019I5B. Correu-e: ssaez5@xtec.cat<\/li>\n<\/ul>\n<ul>\n<li>\u00a0 <span style=\"font-family: inherit; font-size: 1em;\">Cristina Roca S\u00e1nchez: Mestra de Pedagogia Terap\u00e8utica, coordinadora d\u2019atenci\u00f3 inclusiva i coordinadora de Riscos Laborals.\u00a0 \u00a0 \u00a0 \u00a0 \u00a0 \u00a0 \u00a0 \u00a0\u00a0<\/span><\/li>\n<\/ul>\n<p>Correu-e:\u00a0 <a href=\"mailto:croca26@xtec.cat\">croca26@xtec.cat<\/a><\/p>\n<ul>\n<li>Laura Guti\u00e9rrez Torra. Mestra especialista d\u2019angl\u00e8s. Correu-e: <a style=\"font-family: inherit; font-size: 1em;\" href=\"mailto:lgutie16@xtec.cat\">lgutie16@xtec.cat<\/a><\/li>\n<\/ul>\n<ul>\n<li>Mariv\u00ed San Jos\u00e9 Espelta: Mestra especialista d\u2019Educaci\u00f3 F\u00edsica, coordinadora d\u2019Educaci\u00f3 Infantil, i coordinadora de la Biblioteca escolar:<\/li>\n<\/ul>\n<p>Correu-e: <a href=\"mailto:msanjos4@xtec.cat\">msanjos4@xtec.cat<\/a><\/p>\n<ul>\n<li>Estela Vela Pareja: T\u00e8cnica d\u2019Educaci\u00f3 Infantil. Correu-e: <a href=\"mailto:evela7@xtec.cat\">evela7@xtec.cat<\/a><\/li>\n<\/ul>\n<p>&nbsp;<\/p>\n<p><strong>Equip de Cicle Inicial:<\/strong><\/p>\n<ul>\n<li>Ana Puertas Fern\u00e1ndez: Tutora de 1rA. Correu-e: <a style=\"font-family: inherit; font-size: 1em;\" href=\"mailto:apuerta2@xtec.cat\">apuerta2@xtec.cat<\/a><\/li>\n<\/ul>\n<ul>\n<li>Elena Guirao Garc\u00eda: Tutora de 1rB i coordinadora del CI. Correu-e:\u00a0 <a style=\"font-family: inherit; font-size: 1em;\" href=\"mailto:eguirao2@xtec.cat\">eguirao2@xtec.cat<\/a><\/li>\n<\/ul>\n<ul>\n<li>S\u00edlvia de Manuel Ram\u00edrez: Tutora de 2nA. Correu-e: <a href=\"mailto:smanuel@xtec.cat\">smanuel@xtec.cat<\/a><\/li>\n<li>Ver\u00f2nica Tamayo Argudo: Tutora de 2nB. Correu-e: <a href=\"mailto:vtamayo@xtec.cat\">vtamayo@xtec.cat<\/a><\/li>\n<li>Rachel Gerez Gal\u00e1n: Mestra especialista d\u2019angl\u00e8s. Correu-e: <a style=\"font-family: inherit; font-size: 1em;\" href=\"mailto:rgerez@xtec.cat\">rgerez@xtec.cat<\/a><\/li>\n<\/ul>\n<ul>\n<li>Neus Momp\u00f3 Blau: Mestra de Pedagogia Terap\u00e8utica i coordinadora digital.<\/li>\n<\/ul>\n<p>Correu_e: nmompo1@xtec.cat<\/p>\n<p><strong>\u00a0<\/strong><\/p>\n<p><strong>\u00a0<\/strong><strong>Equip de Cicle Mitj\u00e0:<\/strong><\/p>\n<ul>\n<li>Laura Blanch V\u00e1zquez: Tutora de 3rA i coordinadora COCOBE. Correu-e: <a style=\"font-family: inherit; font-size: 1em;\" href=\"mailto:lblanch6@xtec.cat\">lblanch6@xtec.cat<\/a><\/li>\n<\/ul>\n<ul>\n<li>Ana M\u00aa Bonet Torrendell: Tutora de 3rB. Correu-e: <a href=\"mailto:abonet5@xtec.cat\">abonet5@xtec.cat<\/a><\/li>\n<li>Anna Barber\u00e0 Cubero: Tutora de 4tA. Correu-e: <a style=\"font-family: inherit; font-size: 1em;\" href=\"mailto:abarber7@xtec.cat\">abarber7@xtec.cat<\/a><\/li>\n<\/ul>\n<ul>\n<li>Desire\u00e9 Ruiz Leiva \/ Encarna Campoy Ramon: Tutora de 4tB.<\/li>\n<\/ul>\n<p>Correu-e: <a href=\"mailto:druiz34@xtec.cat\">druiz34@xtec.cat<\/a> \/ <a href=\"mailto:ecampoy2@xtec.cat\">ecampoy2@xtec.cat<\/a><\/p>\n<ul>\n<li>Sara G\u00f3mez Segura: Especialista d\u2019Angl\u00e8s i <strong>coordinadora d\u2019angl\u00e8s. <\/strong>Correu-e: <a style=\"font-family: inherit; font-size: 1em;\" href=\"mailto:sgomez53@xtec.cat\">sgomez53@xtec.cat<\/a><\/li>\n<\/ul>\n<ul>\n<li>Maria Espinosa Salinas: Mestra de Pedagogia Terap\u00e8utica. Correu-e: <a style=\"font-family: inherit; font-size: 1em;\" href=\"mailto:mespin31@xtec.cat\">mespin31@xtec.cat<\/a><\/li>\n<\/ul>\n<ul>\n<li>Aleix Mercadal Mac\u00edas: Mestre especialista de M\u00fasica i <strong>coordinador de CM<\/strong>. Correu-e: <a href=\"mailto:amerca11@xtec.cat\">amerca11@xtec.cat<\/a><\/li>\n<\/ul>\n<p>&nbsp;<\/p>\n<p><strong>Equip de Cicle Superior:<\/strong><\/p>\n<ul>\n<li>Mar Abad Mercado: Tutora de 5\u00e8A i especialista de franc\u00e8s. Correu-e: <a href=\"mailto:mabad13@xtec.cat\">mabad13@xtec.cat<\/a><\/li>\n<li>Sandra Barreiro Castell\u00e0: Tutora de 5\u00e8B i especialista d&#8217;Educaci\u00f3 F\u00edsica. Correu-e: <a href=\"mailto:sbarrei1@xtec.cat\">sbarrei1@xtec.cat<\/a><\/li>\n<li>M\u00aa Cristina Rodr\u00edguez Majado: Tutora de 6\u00e8A. Correu-e: <a href=\"mailto:mrodr476@xtec.cat\">mrodr476@xtec.cat<\/a><\/li>\n<li>Amparo Arjona L\u00f3pez: Tutora de 5\u00e8 B. Correu-e: <a style=\"font-family: inherit; font-size: 1em;\" href=\"mailto:aarjona6@xtec.cat\">aarjona6@xtec.cat<\/a><\/li>\n<\/ul>\n<ul>\n<li>Lourdes Ventura Morales: Mestra de Pedagogia Terap\u00e8utica i <strong>coordinadora LIC.<\/strong><\/li>\n<\/ul>\n<p>Correu-e: <a href=\"mailto:lventur4@xtec.cat\">lventur4@xtec.cat<\/a><\/p>\n<ul>\n<li>Laia Soler Cundins: Mestra especialista d\u2019angl\u00e8s i <strong>coordinadora del CS<\/strong>. Correu-e: <a href=\"mailto:lsoler38@xtec.cat\">lsoler38@xtec.cat<\/a><\/li>\n<\/ul>\n<p><strong>Equip de SIEI (Suport intensiu a l\u2019educaci\u00f3 inclusiva):<\/strong><\/p>\n<ul>\n<li>Sara Valiente Lorite: Mestra de Pedagogia Terap\u00e8utica i tutora del SIEI Correu-e: <a href=\"mailto:svalien3@xtec.cat\">svalien3@xtec.cat<\/a><\/li>\n<li>Neus Momp\u00f3 blau: Mestra de Pedagogia Terap\u00e8utica.<\/li>\n<\/ul>\n<p>Correu-e:\u00a0 nmompo1@xtec.cat<\/p>\n<ul>\n<li>Mar\u00eda \u00c1ngeles Rodr\u00edguez Moreno: Educadora del SIEI. Correu-e:\u00a0 <a style=\"font-family: inherit; font-size: 1em;\" href=\"mailto:mrodr563@xtec.cat\">mrodr563@xtec.cat<\/a><\/li>\n<\/ul>\n<p>&nbsp;<\/p>\n<p><strong>\u00a0Psicopedagoga de l\u2019EAP:<\/strong><\/p>\n<ul>\n<li>Maria Gloria Lok\u00e1.<\/li>\n<\/ul>\n<p>Correu-e: <a href=\"mailto:a8900410@xtec.cat\">a8900410@xtec.cat<\/a><\/p>\n<p>&nbsp;<\/p>\n<p><strong>Personal no docent:<\/strong><\/p>\n<ul>\n<li>Montserrat Puigdevall Soldevila: Administrativa<\/li>\n<li>D\u00eddac Salido Torres: Conserge. Substituta: Inma Cervell<\/li>\n<\/ul>\n<p>&nbsp;<\/p>\n<p>&nbsp;<\/p>\n","protected":false},"excerpt":{"rendered":"<p>Estructura organitzativa i mails de contacte curs 2025-26:<br \/>\n&nbsp;<br \/>\nEquip Directiu:<br \/>\nCorreu electr\u00f2nic general de contacte amb l\u2019Equip Directiu: a8061154@xtec.cat<br \/>\nDirectora\u00a0 X\u00e8nia P\u00e9rez Forcada\u00a0\u00a0\u00a0 <a href=\"https:\/\/agora.xtec.cat\/escolacanalzamora\/wp-content\/uploads\/usu1932\/2021\/07\/perfil-i-trajectoria-professional_signed-1.pdf\">perfil professional<\/a>\u00a0 Correu-e: xperez6@xtec.cat<br \/>\nCap d&#8217;estudis\u00a0\u00a0 Remei Borrull Mart\u00ednez\u00a0 <a href=\"https:\/\/agora.xtec.cat\/escolacanalzamora\/wp-content\/uploads\/usu1932\/2023\/09\/remei.pdf\">perfil professional<\/a> Correu-e: rborrull@xtec.cat<br \/>\nSecret\u00e0ria\u00a0\u00a0\u00a0 Elena Garrido Marco\u00a0\u00a0\u00a0 <a href=\"https:\/\/agora.xtec.cat\/escolacanalzamora\/wp-content\/uploads\/usu1932\/2019\/12\/curriculum-Elena.pdf\">perfil professional<\/a>\u00a0 Correu-e: egarrid4@xtec.cat<br \/>\n&nbsp;<br \/>\nEquip de Cicle Infantil:<\/p>\n<ul>\n<li>Carmen&hellip;  <a href=\"https:\/\/agora.xtec.cat\/escolacanalzamora\/estructura-organitzativa\/\" title=\"Read Estructura organitzativa\">Llegeix m\u00e9s\u00bb<\/a><br \/>\n","protected":false},"author":1,"featured_media":0,"parent":0,"menu_order":0,"comment_status":"closed","ping_status":"closed","template":"","meta":{"_bbp_topic_count":0,"_bbp_reply_count":0,"_bbp_total_topic_count":0,"_bbp_total_reply_count":0,"_bbp_voice_count":0,"_bbp_anonymous_reply_count":0,"_bbp_topic_count_hidden":0,"_bbp_reply_count_hidden":0,"_bbp_forum_subforum_count":0,"footnotes":""},"class_list":["post-1676","page","type-page","status-publish","hentry"],"post_mailing_queue_ids":[],"_links":{"self":[{"href":"https:\/\/agora.xtec.cat\/escolacanalzamora\/wp-json\/wp\/v2\/pages\/1676","targetHints":{"allow":["GET"]}}],"collection":[{"href":"https:\/\/agora.xtec.cat\/escolacanalzamora\/wp-json\/wp\/v2\/pages"}],"about":[{"href":"https:\/\/agora.xtec.cat\/escolacanalzamora\/wp-json\/wp\/v2\/types\/page"}],"author":[{"embeddable":true,"href":"https:\/\/agora.xtec.cat\/escolacanalzamora\/wp-json\/wp\/v2\/users\/1"}],"replies":[{"embeddable":true,"href":"https:\/\/agora.xtec.cat\/escolacanalzamora\/wp-json\/wp\/v2\/comments?post=1676"}],"version-history":[{"count":6,"href":"https:\/\/agora.xtec.cat\/escolacanalzamora\/wp-json\/wp\/v2\/pages\/1676\/revisions"}],"predecessor-version":[{"id":8371,"href":"https:\/\/agora.xtec.cat\/escolacanalzamora\/wp-json\/wp\/v2\/pages\/1676\/revisions\/8371"}],"wp:attachment":[{"href":"https:\/\/agora.xtec.cat\/escolacanalzamora\/wp-json\/wp\/v2\/media?parent=1676"}],"curies":[{"name":"wp","href":"https:\/\/api.w.org\/{rel}","templated":true}]}}