{"id":662,"date":"2019-01-10T17:04:57","date_gmt":"2019-01-10T16:04:57","guid":{"rendered":"http:\/\/agora.xtec.cat\/escolacampderros\/?page_id=662"},"modified":"2019-01-11T23:10:53","modified_gmt":"2019-01-11T22:10:53","slug":"projecte-artistic","status":"publish","type":"page","link":"https:\/\/agora.xtec.cat\/escolacampderros\/projectes-de-centre\/projecte-artistic\/","title":{"rendered":"PROJECTE ART\u00cdSTIC"},"content":{"rendered":"<p><img loading=\"lazy\" decoding=\"async\" class=\"alignnone size-medium wp-image-729 alignleft\" style=\"background-color: transparent; box-sizing: border-box; color: #222222; display: inline-block; font-family: &amp;quot; helvetica neue&amp;quot;,&amp;quot;helvetica&amp;quot;,helvetica,arial,sans-serif; font-size: 16px; font-style: normal; font-variant: normal; font-weight: 400; height: 300px; letter-spacing: normal; max-width: 996px; orphans: 2; outline-color: #72777c; outline-style: solid; outline-width: 1px; text-align: left; text-decoration: none; text-indent: 0px; text-transform: none; -webkit-text-stroke-width: 0px; white-space: normal; word-spacing: 0px;\" src=\"https:\/\/agora.xtec.cat\/escolacampderros\/wp-content\/uploads\/usu1748\/2019\/01\/A52F7142-F283-4510-82C5-543C43CDC041-200x300.jpeg\" alt=\"\" width=\"200\" height=\"300\" srcset=\"https:\/\/agora.xtec.cat\/escolacampderros\/wp-content\/uploads\/usu1748\/2019\/01\/A52F7142-F283-4510-82C5-543C43CDC041-200x300.jpeg 200w, https:\/\/agora.xtec.cat\/escolacampderros\/wp-content\/uploads\/usu1748\/2019\/01\/A52F7142-F283-4510-82C5-543C43CDC041-768x1152.jpeg 768w, https:\/\/agora.xtec.cat\/escolacampderros\/wp-content\/uploads\/usu1748\/2019\/01\/A52F7142-F283-4510-82C5-543C43CDC041-683x1024.jpeg 683w, https:\/\/agora.xtec.cat\/escolacampderros\/wp-content\/uploads\/usu1748\/2019\/01\/A52F7142-F283-4510-82C5-543C43CDC041.jpeg 1200w\" sizes=\"auto, (max-width: 200px) 100vw, 200px\" \/><b><\/b><i><\/i><u><\/u><\/p>\n<p style=\"text-align: left;\">En el nostre projecte educatiu l&#8217;\u00e0rea art\u00edstica \u00e9s un pilar fonamental.<\/p>\n<p>L\u2019educaci\u00f3 art\u00edstica afavoreix l\u2019estructuraci\u00f3 del pensament de l\u2019alumnat en tant que analitza la realitat. Ajuda a:<br \/>\nComprendre i respondre<br \/>\nSentir i distingir<br \/>\nPensar i construir<br \/>\nL\u2019aprenentatge a trav\u00e9s de l\u2019art genera coneixement i transfer\u00e8ncia a altres situacions i contextos, tot desenvolupant un pensament cr\u00edtic, obert i flexible.<\/p>\n<p><strong>Pl\u00e0stica<\/strong><br \/>\nEl coneixement dels diferents codis art\u00edstics i l\u2019\u00fas de les t\u00e8cniques i recursos que s\u00f3n propis de l\u2019\u00e0rea ajuden l\u2019alumnat a iniciar-se en la percepci\u00f3 i comprensi\u00f3 del m\u00f3n que els envolta. Tamb\u00e9 li permeten ampliar les seves possibilitats d\u2019expressi\u00f3 i comunicaci\u00f3 amb els altres per mitj\u00e0 dels recursos que li proporcionen els llenguatges art\u00edstics, promovent la iniciativa personal, la imaginaci\u00f3 i la creativitat.<\/p>\n<p>Des de P3 els alumnes coneixen un artista i experimenten amb les seves obres:<\/p>\n<ul>\n<li>P3 Mir\u00f3<\/li>\n<li>P4 Kandisky<\/li>\n<li>P5 T\u00e0pies<\/li>\n<li>1r Gaud\u00ed<\/li>\n<li>2n Dal\u00ed<\/li>\n<li>3r Jaume Plensa<\/li>\n<li>4t Pilarin Bay\u00e9s<\/li>\n<li>5\u00e8 Art Grec i Rom\u00e0<\/li>\n<li>6\u00e8 Rom\u00e0nic i G\u00f2tic\n<p style=\"background-color: transparent; box-sizing: border-box; color: #222222; direction: ltr; font-family: &amp;quot; helvetica neue&amp;quot;,&amp;quot;helvetica&amp;quot;,helvetica,arial,sans-serif; font-size: 16px; font-style: normal; font-variant: normal; font-weight: 400; letter-spacing: normal; line-height: 25.6px; orphans: 2; text-align: left; text-decoration: none; text-indent: 0px; text-transform: none; -webkit-text-stroke-width: 0px; white-space: normal; word-spacing: 0px; padding: 0px; margin: 0px 0px 20px 0px;\">\n<p style=\"background-color: transparent; box-sizing: border-box; color: #222222; direction: ltr; font-family: &amp;quot; helvetica neue&amp;quot;,&amp;quot;helvetica&amp;quot;,helvetica,arial,sans-serif; font-size: 16px; font-style: normal; font-variant: normal; font-weight: 400; letter-spacing: normal; line-height: 25.6px; orphans: 2; text-align: left; text-decoration: none; text-indent: 0px; text-transform: none; -webkit-text-stroke-width: 0px; white-space: normal; word-spacing: 0px; padding: 0px; margin: 0px 0px 20px 0px;\"><strong style=\"box-sizing: border-box; font-weight: bold; line-height: 25.6px;\">M\u00fasica<\/strong><br style=\"box-sizing: border-box;\" \/> A l\u2019\u00e0rea de m\u00fasica es treballen aspectes molt importants de l\u2019educaci\u00f3 musical: l\u2019expressi\u00f3 (can\u00e7ons, danses, jocs, tocar instruments\u2026), la percepci\u00f3 musical (escoltar, recon\u00e8ixer, diferenciar, aparellar i classificar sons\u2026) i el coneixement del llenguatge musical.<\/p>\n<p style=\"background-color: transparent; box-sizing: border-box; color: #222222; direction: ltr; font-family: &amp;quot; helvetica neue&amp;quot;,&amp;quot;helvetica&amp;quot;,helvetica,arial,sans-serif; font-size: 16px; font-style: normal; font-variant: normal; font-weight: 400; letter-spacing: normal; line-height: 25.6px; orphans: 2; text-align: left; text-decoration: none; text-indent: 0px; text-transform: none; -webkit-text-stroke-width: 0px; white-space: normal; word-spacing: 0px; padding: 0px; margin: 0px 0px 20px 0px;\">Des de P3 es fa m\u00fasica a l&#8217;aula, a partir de 4t els alumnes aprenen a tocar la flauta. Potenciem activitats l\u00fadiques i vivencials.<\/p>\n<\/li>\n<\/ul>\n<p>&nbsp;<\/p>\n<p>&nbsp;<\/p>\n","protected":false},"excerpt":{"rendered":"<p>En el nostre projecte educatiu l&#8217;\u00e0rea art\u00edstica \u00e9s un pilar fonamental. L\u2019educaci\u00f3 art\u00edstica afavoreix l\u2019estructuraci\u00f3 del pensament de l\u2019alumnat en tant que analitza la realitat. Ajuda a: Comprendre i respondre Sentir i distingir Pensar i construir L\u2019aprenentatge a trav\u00e9s de l\u2019art genera coneixement i transfer\u00e8ncia a altres situacions i contextos, tot desenvolupant un pensament cr\u00edtic, [&hellip;]<\/p>\n","protected":false},"author":3,"featured_media":0,"parent":527,"menu_order":0,"comment_status":"closed","ping_status":"closed","template":"page-templates\/side-menu.php","meta":{"_bbp_topic_count":0,"_bbp_reply_count":0,"_bbp_total_topic_count":0,"_bbp_total_reply_count":0,"_bbp_voice_count":0,"_bbp_anonymous_reply_count":0,"_bbp_topic_count_hidden":0,"_bbp_reply_count_hidden":0,"_bbp_forum_subforum_count":0,"site-sidebar-layout":"default","site-content-layout":"","ast-site-content-layout":"","site-content-style":"default","site-sidebar-style":"default","ast-global-header-display":"","ast-banner-title-visibility":"","ast-main-header-display":"","ast-hfb-above-header-display":"","ast-hfb-below-header-display":"","ast-hfb-mobile-header-display":"","site-post-title":"","ast-breadcrumbs-content":"","ast-featured-img":"","footer-sml-layout":"","theme-transparent-header-meta":"","adv-header-id-meta":"","stick-header-meta":"","header-above-stick-meta":"","header-main-stick-meta":"","header-below-stick-meta":"","astra-migrate-meta-layouts":"default","ast-page-background-enabled":"default","ast-page-background-meta":{"desktop":{"background-color":"var(--ast-global-color-4)","background-image":"","background-repeat":"repeat","background-position":"center center","background-size":"auto","background-attachment":"scroll","background-type":"","background-media":"","overlay-type":"","overlay-color":"","overlay-opacity":"","overlay-gradient":""},"tablet":{"background-color":"","background-image":"","background-repeat":"repeat","background-position":"center center","background-size":"auto","background-attachment":"scroll","background-type":"","background-media":"","overlay-type":"","overlay-color":"","overlay-opacity":"","overlay-gradient":""},"mobile":{"background-color":"","background-image":"","background-repeat":"repeat","background-position":"center center","background-size":"auto","background-attachment":"scroll","background-type":"","background-media":"","overlay-type":"","overlay-color":"","overlay-opacity":"","overlay-gradient":""}},"ast-content-background-meta":{"desktop":{"background-color":"var(--ast-global-color-5)","background-image":"","background-repeat":"repeat","background-position":"center center","background-size":"auto","background-attachment":"scroll","background-type":"","background-media":"","overlay-type":"","overlay-color":"","overlay-opacity":"","overlay-gradient":""},"tablet":{"background-color":"var(--ast-global-color-5)","background-image":"","background-repeat":"repeat","background-position":"center center","background-size":"auto","background-attachment":"scroll","background-type":"","background-media":"","overlay-type":"","overlay-color":"","overlay-opacity":"","overlay-gradient":""},"mobile":{"background-color":"var(--ast-global-color-5)","background-image":"","background-repeat":"repeat","background-position":"center center","background-size":"auto","background-attachment":"scroll","background-type":"","background-media":"","overlay-type":"","overlay-color":"","overlay-opacity":"","overlay-gradient":""}},"footnotes":""},"class_list":["post-662","page","type-page","status-publish","hentry"],"post_mailing_queue_ids":[],"_links":{"self":[{"href":"https:\/\/agora.xtec.cat\/escolacampderros\/wp-json\/wp\/v2\/pages\/662","targetHints":{"allow":["GET"]}}],"collection":[{"href":"https:\/\/agora.xtec.cat\/escolacampderros\/wp-json\/wp\/v2\/pages"}],"about":[{"href":"https:\/\/agora.xtec.cat\/escolacampderros\/wp-json\/wp\/v2\/types\/page"}],"author":[{"embeddable":true,"href":"https:\/\/agora.xtec.cat\/escolacampderros\/wp-json\/wp\/v2\/users\/3"}],"replies":[{"embeddable":true,"href":"https:\/\/agora.xtec.cat\/escolacampderros\/wp-json\/wp\/v2\/comments?post=662"}],"version-history":[{"count":3,"href":"https:\/\/agora.xtec.cat\/escolacampderros\/wp-json\/wp\/v2\/pages\/662\/revisions"}],"predecessor-version":[{"id":747,"href":"https:\/\/agora.xtec.cat\/escolacampderros\/wp-json\/wp\/v2\/pages\/662\/revisions\/747"}],"up":[{"embeddable":true,"href":"https:\/\/agora.xtec.cat\/escolacampderros\/wp-json\/wp\/v2\/pages\/527"}],"wp:attachment":[{"href":"https:\/\/agora.xtec.cat\/escolacampderros\/wp-json\/wp\/v2\/media?parent=662"}],"curies":[{"name":"wp","href":"https:\/\/api.w.org\/{rel}","templated":true}]}}