{"id":26,"date":"2014-09-18T12:24:32","date_gmt":"2014-09-18T11:24:32","guid":{"rendered":"http:\/\/agora.xtec.cat\/escolacampderros\/?page_id=26"},"modified":"2024-01-09T20:13:12","modified_gmt":"2024-01-09T19:13:12","slug":"historia","status":"publish","type":"page","link":"https:\/\/agora.xtec.cat\/escolacampderros\/lescola\/historia\/","title":{"rendered":"Qui s\u00f3m"},"content":{"rendered":"<p>L\u00b4Escola Campderr\u00f3s va comen\u00e7ar a funcionar el curs 2008-2009. El vam iniciar amb grups d&#8217;educaci\u00f3 infantil: dos grups de P3 fins a P5. L&#8217;edifici del centre el vam fer servir completament en anys posteriors.<\/p>\n<p>Actualment, l&#8217;escola t\u00e9: 4 cursos d&#8217;educaci\u00f3 infantil i 9 de prim\u00e0ria, amb un total de 283 alumnes. Tenim:<\/p>\n<ul>\n<li>un grup de I3<\/li>\n<li>dos grups de I4<\/li>\n<li>dos grups de I5<\/li>\n<li>un de 1r<\/li>\n<li>un de 2n<\/li>\n<li>un de 3r<\/li>\n<li>un de 4t<\/li>\n<li>un de 5\u00e8<\/li>\n<li>dos grups de\u00a0 6\u00e8.<\/li>\n<\/ul>\n<p>La nostra inquietud m\u00e9s rellevant \u00e9s fer a l&#8217;alumne part\u00edcip del seu aprenentatge. Potenciem el treball en petit grup amb activitats molt seq\u00fcenciades i participatives. L&#8217;aprenentatge de la lectura\u00a0 i escriptura, la comprensi\u00f3\u00a0 lectora, \u00a0la resoluci\u00f3 de problemes i el treball de valors s\u00f3n els eixos fonamentals per assolir els objectius en cada nivell educatiu.<\/p>\n<p>Aqu\u00ed podeu veure un resum de com \u00e9s i qu\u00e8 fem a la nostra escola<\/p>\n<div class=\"ast-oembed-container \" style=\"height: 100%;\"><iframe loading=\"lazy\" title=\"campderros infantil\" width=\"500\" height=\"281\" src=\"https:\/\/www.youtube.com\/embed\/mjhqW0Yru5M?feature=oembed\" frameborder=\"0\" allow=\"accelerometer; autoplay; clipboard-write; encrypted-media; gyroscope; picture-in-picture; web-share\" referrerpolicy=\"strict-origin-when-cross-origin\" allowfullscreen><\/iframe><\/div>\n<div class=\"ast-oembed-container \" style=\"height: 100%;\"><iframe loading=\"lazy\" title=\"campderros primaria\" width=\"500\" height=\"281\" src=\"https:\/\/www.youtube.com\/embed\/uTJVvkXtdCU?feature=oembed\" frameborder=\"0\" allow=\"accelerometer; autoplay; clipboard-write; encrypted-media; gyroscope; picture-in-picture; web-share\" referrerpolicy=\"strict-origin-when-cross-origin\" allowfullscreen><\/iframe><\/div>\n","protected":false},"excerpt":{"rendered":"<p>L\u00b4Escola Campderr\u00f3s va comen\u00e7ar a funcionar el curs 2008-2009. El vam iniciar amb grups d&#8217;educaci\u00f3 infantil: dos grups de P3 fins a P5. L&#8217;edifici del centre el vam fer servir completament en anys posteriors. Actualment, l&#8217;escola t\u00e9: 4 cursos d&#8217;educaci\u00f3 infantil i 9 de prim\u00e0ria, amb un total de 283 alumnes. Tenim: un grup de [&hellip;]<\/p>\n","protected":false},"author":1,"featured_media":0,"parent":22,"menu_order":20,"comment_status":"closed","ping_status":"closed","template":"page-templates\/side-menu.php","meta":{"_bbp_topic_count":0,"_bbp_reply_count":0,"_bbp_total_topic_count":0,"_bbp_total_reply_count":0,"_bbp_voice_count":0,"_bbp_anonymous_reply_count":0,"_bbp_topic_count_hidden":0,"_bbp_reply_count_hidden":0,"_bbp_forum_subforum_count":0,"site-sidebar-layout":"default","site-content-layout":"","ast-site-content-layout":"","site-content-style":"default","site-sidebar-style":"default","ast-global-header-display":"","ast-banner-title-visibility":"","ast-main-header-display":"","ast-hfb-above-header-display":"","ast-hfb-below-header-display":"","ast-hfb-mobile-header-display":"","site-post-title":"","ast-breadcrumbs-content":"","ast-featured-img":"","footer-sml-layout":"","theme-transparent-header-meta":"","adv-header-id-meta":"","stick-header-meta":"","header-above-stick-meta":"","header-main-stick-meta":"","header-below-stick-meta":"","astra-migrate-meta-layouts":"default","ast-page-background-enabled":"default","ast-page-background-meta":{"desktop":{"background-color":"var(--ast-global-color-4)","background-image":"","background-repeat":"repeat","background-position":"center center","background-size":"auto","background-attachment":"scroll","background-type":"","background-media":"","overlay-type":"","overlay-color":"","overlay-opacity":"","overlay-gradient":""},"tablet":{"background-color":"","background-image":"","background-repeat":"repeat","background-position":"center center","background-size":"auto","background-attachment":"scroll","background-type":"","background-media":"","overlay-type":"","overlay-color":"","overlay-opacity":"","overlay-gradient":""},"mobile":{"background-color":"","background-image":"","background-repeat":"repeat","background-position":"center center","background-size":"auto","background-attachment":"scroll","background-type":"","background-media":"","overlay-type":"","overlay-color":"","overlay-opacity":"","overlay-gradient":""}},"ast-content-background-meta":{"desktop":{"background-color":"var(--ast-global-color-5)","background-image":"","background-repeat":"repeat","background-position":"center center","background-size":"auto","background-attachment":"scroll","background-type":"","background-media":"","overlay-type":"","overlay-color":"","overlay-opacity":"","overlay-gradient":""},"tablet":{"background-color":"var(--ast-global-color-5)","background-image":"","background-repeat":"repeat","background-position":"center center","background-size":"auto","background-attachment":"scroll","background-type":"","background-media":"","overlay-type":"","overlay-color":"","overlay-opacity":"","overlay-gradient":""},"mobile":{"background-color":"var(--ast-global-color-5)","background-image":"","background-repeat":"repeat","background-position":"center center","background-size":"auto","background-attachment":"scroll","background-type":"","background-media":"","overlay-type":"","overlay-color":"","overlay-opacity":"","overlay-gradient":""}},"footnotes":""},"class_list":["post-26","page","type-page","status-publish","hentry"],"post_mailing_queue_ids":[],"_links":{"self":[{"href":"https:\/\/agora.xtec.cat\/escolacampderros\/wp-json\/wp\/v2\/pages\/26","targetHints":{"allow":["GET"]}}],"collection":[{"href":"https:\/\/agora.xtec.cat\/escolacampderros\/wp-json\/wp\/v2\/pages"}],"about":[{"href":"https:\/\/agora.xtec.cat\/escolacampderros\/wp-json\/wp\/v2\/types\/page"}],"author":[{"embeddable":true,"href":"https:\/\/agora.xtec.cat\/escolacampderros\/wp-json\/wp\/v2\/users\/1"}],"replies":[{"embeddable":true,"href":"https:\/\/agora.xtec.cat\/escolacampderros\/wp-json\/wp\/v2\/comments?post=26"}],"version-history":[{"count":5,"href":"https:\/\/agora.xtec.cat\/escolacampderros\/wp-json\/wp\/v2\/pages\/26\/revisions"}],"predecessor-version":[{"id":2763,"href":"https:\/\/agora.xtec.cat\/escolacampderros\/wp-json\/wp\/v2\/pages\/26\/revisions\/2763"}],"up":[{"embeddable":true,"href":"https:\/\/agora.xtec.cat\/escolacampderros\/wp-json\/wp\/v2\/pages\/22"}],"wp:attachment":[{"href":"https:\/\/agora.xtec.cat\/escolacampderros\/wp-json\/wp\/v2\/media?parent=26"}],"curies":[{"name":"wp","href":"https:\/\/api.w.org\/{rel}","templated":true}]}}