{"id":64,"date":"2014-09-18T12:39:08","date_gmt":"2014-09-18T11:39:08","guid":{"rendered":"http:\/\/agora.xtec.cat\/escolacampclar\/?page_id=64"},"modified":"2026-01-27T15:56:48","modified_gmt":"2026-01-27T14:56:48","slug":"projecte-educatiu","status":"publish","type":"page","link":"https:\/\/agora.xtec.cat\/escolacampclar\/projecte-educatiu\/","title":{"rendered":"Projecte educatiu-Projecte ling\u00fc\u00edstic-Carta de Comprom\u00eds-NOFC"},"content":{"rendered":"<p>El projecte educatiu incorpora el car\u00e0cter propi del centre.<\/p>\n<p>En el seg\u00fcent enlla\u00e7 podr\u00e0s consultar el <a href=\"https:\/\/drive.google.com\/file\/d\/1BeNtzzhqRBilUZg_bh48gw1LapGLo_4c\/view?usp=sharing\">Projecte Educatiu de l&#8217;Escola Campclar<\/a><\/p>\n<p>Aqu\u00cd podr\u00e0s veure el nostre <a href=\"https:\/\/drive.google.com\/file\/d\/1sMg8uqMXxKHrd1uFHKUSGPQVjVv3fsWs\/view?usp=sharing\">Projecte Ling\u00fc\u00edstic<\/a> en revisi\u00f3<\/p>\n<p>En aquest enlla\u00e7 podeu veure la <a href=\"https:\/\/drive.google.com\/file\/d\/1yh8Q5asMKLxvjXb4HxS0Q-f-YojhfiOb\/view?usp=drive_link\"><em>Carta de Comprom\u00eds Educatiu<\/em><\/a>\u00a0de l&#8217;escola Campclar. En ella es detallen els drets i deures de les fam\u00edlies i de l&#8217;escola. Entre tots i totes aconseguim una escola millor.<\/p>\n<p>En el seg\u00fcent enlla\u00e7 podreu accedir a les <a href=\"https:\/\/drive.google.com\/file\/d\/1k8VEhVy0oXDdgvLpIEQmThRlOyxjW-57\/view?usp=drive_link\"><em>Normes d&#8217;organitzaci\u00f3 i funcionament del centre. <\/em><\/a><\/p>\n<p>&nbsp;<\/p>\n<p>&nbsp;<\/p>\n","protected":false},"excerpt":{"rendered":"<p>El projecte educatiu incorpora el car\u00e0cter propi del centre.<br \/>\nEn el seg\u00fcent enlla\u00e7 podr\u00e0s consultar el <a href=\"https:\/\/drive.google.com\/file\/d\/1BeNtzzhqRBilUZg_bh48gw1LapGLo_4c\/view?usp=sharing\">Projecte Educatiu de l&#8217;Escola Campclar<\/a><br \/>\nAqu\u00cd podr\u00e0s veure el nostre <a href=\"https:\/\/drive.google.com\/file\/d\/1sMg8uqMXxKHrd1uFHKUSGPQVjVv3fsWs\/view?usp=sharing\">Projecte Ling\u00fc\u00edstic<\/a> en revisi\u00f3<br \/>\nEn aquest enlla\u00e7 podeu veure la <a href=\"https:\/\/drive.google.com\/file\/d\/1yh8Q5asMKLxvjXb4HxS0Q-f-YojhfiOb\/view?usp=drive_link\">Carta de Comprom\u00eds Educatiu<\/a>\u00a0de l&#8217;escola Campclar. En ella es&hellip;  <a href=\"https:\/\/agora.xtec.cat\/escolacampclar\/projecte-educatiu\/\" title=\"Read Projecte educatiu-Projecte ling\u00fc\u00edstic-Carta de Comprom\u00eds-NOFC\">Llegeix m\u00e9s\u00bb<\/a><\/p>\n","protected":false},"author":1,"featured_media":0,"parent":0,"menu_order":0,"comment_status":"closed","ping_status":"closed","template":"","meta":{"_bbp_topic_count":0,"_bbp_reply_count":0,"_bbp_total_topic_count":0,"_bbp_total_reply_count":0,"_bbp_voice_count":0,"_bbp_anonymous_reply_count":0,"_bbp_topic_count_hidden":0,"_bbp_reply_count_hidden":0,"_bbp_forum_subforum_count":0,"footnotes":""},"class_list":["post-64","page","type-page","status-publish","hentry"],"post_mailing_queue_ids":[],"_links":{"self":[{"href":"https:\/\/agora.xtec.cat\/escolacampclar\/wp-json\/wp\/v2\/pages\/64","targetHints":{"allow":["GET"]}}],"collection":[{"href":"https:\/\/agora.xtec.cat\/escolacampclar\/wp-json\/wp\/v2\/pages"}],"about":[{"href":"https:\/\/agora.xtec.cat\/escolacampclar\/wp-json\/wp\/v2\/types\/page"}],"author":[{"embeddable":true,"href":"https:\/\/agora.xtec.cat\/escolacampclar\/wp-json\/wp\/v2\/users\/1"}],"replies":[{"embeddable":true,"href":"https:\/\/agora.xtec.cat\/escolacampclar\/wp-json\/wp\/v2\/comments?post=64"}],"version-history":[{"count":7,"href":"https:\/\/agora.xtec.cat\/escolacampclar\/wp-json\/wp\/v2\/pages\/64\/revisions"}],"predecessor-version":[{"id":4924,"href":"https:\/\/agora.xtec.cat\/escolacampclar\/wp-json\/wp\/v2\/pages\/64\/revisions\/4924"}],"wp:attachment":[{"href":"https:\/\/agora.xtec.cat\/escolacampclar\/wp-json\/wp\/v2\/media?parent=64"}],"curies":[{"name":"wp","href":"https:\/\/api.w.org\/{rel}","templated":true}]}}

Projecte educatiu-Projecte lingüístic-Carta de Compromís-NOFC

<p>El projecte educatiu incorpora el caràcter propi del centre.</p>
<p>En el següent enllaç podràs consultar el <a href="https://drive.google.com/file/d/1BeNtzzhqRBilUZg_bh48gw1LapGLo_4c/view?usp=sharing">Projecte Educatiu de l&#8217;Escola Campclar</a></p>
<p>AquÍ podràs veure el nostre <a href="https://drive.google.com/file/d/1sMg8uqMXxKHrd1uFHKUSGPQVjVv3fsWs/view?usp=sharing">Projecte Lingüístic</a> en revisió</p>
<p>En aquest enllaç podeu veure la <a href="https://drive.google.com/file/d/1yh8Q5asMKLxvjXb4HxS0Q-f-YojhfiOb/view?usp=drive_link"><em>Carta de Compromís Educatiu</em></a> de l&#8217;escola Campclar. En ella es detallen els drets i deures de les famílies i de l&#8217;escola. Entre tots i totes aconseguim una escola millor.</p>
<p>En el següent enllaç podreu accedir a les <a href="https://drive.google.com/file/d/1k8VEhVy0oXDdgvLpIEQmThRlOyxjW-57/view?usp=drive_link"><em>Normes d&#8217;organització i funcionament del centre. </em></a></p>
<p>&nbsp;</p>
<p>&nbsp;</p>

<p>El projecte educatiu incorpora el caràcter propi del centre.<br />
En el següent enllaç podràs consultar el <a href="https://drive.google.com/file/d/1BeNtzzhqRBilUZg_bh48gw1LapGLo_4c/view?usp=sharing">Projecte Educatiu de l&#8217;Escola Campclar</a><br />
AquÍ podràs veure el nostre <a href="https://drive.google.com/file/d/1sMg8uqMXxKHrd1uFHKUSGPQVjVv3fsWs/view?usp=sharing">Projecte Lingüístic</a> en revisió<br />
En aquest enllaç podeu veure la <a href="https://drive.google.com/file/d/1yh8Q5asMKLxvjXb4HxS0Q-f-YojhfiOb/view?usp=drive_link">Carta de Compromís Educatiu</a> de l&#8217;escola Campclar. En ella es&hellip;  <a href="https://agora.xtec.cat/escolacampclar/projecte-educatiu/" title="Read Projecte educatiu-Projecte lingüístic-Carta de Compromís-NOFC">Llegeix més»</a></p>
